{"id":4202,"date":"2025-04-22T11:18:26","date_gmt":"2025-04-22T11:18:26","guid":{"rendered":"https:\/\/breeam-nor.byggalliansen.no\/v6\/?post_type=additionalinfo&#038;p=4202"},"modified":"2025-04-25T06:13:40","modified_gmt":"2025-04-25T06:13:40","slug":"forkrav-transportkartlegging-og-mobilitetsplan","status":"publish","type":"additionalinfo","link":"http:\/\/breeam-nor.byggalliansen.no\/v6\/tilleggsopplysninger\/forkrav-transportkartlegging-og-mobilitetsplan\/","title":{"rendered":"Tra 01 Forkrav: Transportkartlegging og mobilitetsplan"},"content":{"rendered":"\n<h3 class=\"wp-block-heading\">T0 Forkrav: Transportkartlegging og mobilitetsplan<\/h3>\n\n\n\n<p>Dersom prosjektet kun skal gjennomf\u00f8re forkravet for Tra 02, og ikke ta poeng i Tra 01, \u00e5pnes det opp for at prosjekter som har gjennomf\u00f8rt transportkartleggingen p\u00e5 et senere tidspunkt enn steg 3. kan sende inn en teknisk avklaring. Dette er under forutsetning av at prosjektet kan dokumentere at kartleggingen fortsatt har gitt de planlagte resultatene. Det vil si at den sene vurderingen ikke p\u00e5 noen m\u00e5te har v\u00e6rt skadelig for resultatene, samt at den fortsatt har gitt klare fordeler for prosjektet.<\/p>\n","protected":false},"template":"","connection":[244],"class_list":["post-4202","additionalinfo","type-additionalinfo","status-publish","hentry","connection-4-2-1"],"acf":[],"yoast_head":"<!-- This site is optimized with the Yoast SEO plugin v25.4 - https:\/\/yoast.com\/wordpress\/plugins\/seo\/ -->\n<title>Tra 01 Forkrav: Transportkartlegging og mobilitetsplan - BREEAM-NOR<\/title>\n<meta name=\"robots\" content=\"index, follow, max-snippet:-1, max-image-preview:large, max-video-preview:-1\" \/>\n<link rel=\"canonical\" href=\"https:\/\/breeam-nor.byggalliansen.no\/v6\/tilleggsopplysninger\/forkrav-transportkartlegging-og-mobilitetsplan\/\" \/>\n<meta property=\"og:locale\" content=\"nb_NO\" \/>\n<meta property=\"og:type\" content=\"article\" \/>\n<meta property=\"og:title\" content=\"Tra 01 Forkrav: Transportkartlegging og mobilitetsplan - BREEAM-NOR\" \/>\n<meta property=\"og:description\" content=\"T0 Forkrav: Transportkartlegging og mobilitetsplan Dersom prosjektet kun skal gjennomf\u00f8re forkravet for Tra 02, og ikke ta poeng i Tra 01, \u00e5pnes det opp for at prosjekter som har gjennomf\u00f8rt transportkartleggingen p\u00e5 et senere tidspunkt enn steg 3. kan sende inn en teknisk avklaring. Dette er under forutsetning av at prosjektet kan dokumentere at kartleggingen [&hellip;]\" \/>\n<meta property=\"og:url\" content=\"https:\/\/breeam-nor.byggalliansen.no\/v6\/tilleggsopplysninger\/forkrav-transportkartlegging-og-mobilitetsplan\/\" \/>\n<meta property=\"og:site_name\" content=\"BREEAM-NOR\" \/>\n<meta property=\"article:modified_time\" content=\"2025-04-25T06:13:40+00:00\" \/>\n<meta name=\"twitter:card\" content=\"summary_large_image\" \/>\n<meta name=\"twitter:label1\" content=\"Ansl. lesetid\" \/>\n\t<meta name=\"twitter:data1\" content=\"1 minutt\" \/>\n<script type=\"application\/ld+json\" class=\"yoast-schema-graph\">{\"@context\":\"https:\/\/schema.org\",\"@graph\":[{\"@type\":\"WebPage\",\"@id\":\"https:\/\/breeam-nor.byggalliansen.no\/v6\/tilleggsopplysninger\/forkrav-transportkartlegging-og-mobilitetsplan\/\",\"url\":\"https:\/\/breeam-nor.byggalliansen.no\/v6\/tilleggsopplysninger\/forkrav-transportkartlegging-og-mobilitetsplan\/\",\"name\":\"Tra 01 Forkrav: Transportkartlegging og mobilitetsplan - BREEAM-NOR\",\"isPartOf\":{\"@id\":\"https:\/\/breeam-nor.byggalliansen.no\/v6\/#website\"},\"datePublished\":\"2025-04-22T11:18:26+00:00\",\"dateModified\":\"2025-04-25T06:13:40+00:00\",\"breadcrumb\":{\"@id\":\"https:\/\/breeam-nor.byggalliansen.no\/v6\/tilleggsopplysninger\/forkrav-transportkartlegging-og-mobilitetsplan\/#breadcrumb\"},\"inLanguage\":\"nb-NO\",\"potentialAction\":[{\"@type\":\"ReadAction\",\"target\":[\"https:\/\/breeam-nor.byggalliansen.no\/v6\/tilleggsopplysninger\/forkrav-transportkartlegging-og-mobilitetsplan\/\"]}]},{\"@type\":\"BreadcrumbList\",\"@id\":\"https:\/\/breeam-nor.byggalliansen.no\/v6\/tilleggsopplysninger\/forkrav-transportkartlegging-og-mobilitetsplan\/#breadcrumb\",\"itemListElement\":[{\"@type\":\"ListItem\",\"position\":1,\"name\":\"BREEAM-NOR\",\"item\":\"http:\/\/breeam-nor.byggalliansen.no\/v6\/\"},{\"@type\":\"ListItem\",\"position\":2,\"name\":\"Tilleggsopplysninger\",\"item\":\"https:\/\/breeam-nor.byggalliansen.no\/v6\/tilleggsopplysninger\/\"},{\"@type\":\"ListItem\",\"position\":3,\"name\":\"Tra 01 Forkrav: Transportkartlegging og mobilitetsplan\"}]},{\"@type\":\"WebSite\",\"@id\":\"https:\/\/breeam-nor.byggalliansen.no\/v6\/#website\",\"url\":\"https:\/\/breeam-nor.byggalliansen.no\/v6\/\",\"name\":\"BREEAM-NOR\",\"description\":\"Versjon 6.1.1, 2024\",\"potentialAction\":[{\"@type\":\"SearchAction\",\"target\":{\"@type\":\"EntryPoint\",\"urlTemplate\":\"https:\/\/breeam-nor.byggalliansen.no\/v6\/?s={search_term_string}\"},\"query-input\":{\"@type\":\"PropertyValueSpecification\",\"valueRequired\":true,\"valueName\":\"search_term_string\"}}],\"inLanguage\":\"nb-NO\"}]}<\/script>\n<!-- \/ Yoast SEO plugin. -->","yoast_head_json":{"title":"Tra 01 Forkrav: Transportkartlegging og mobilitetsplan - BREEAM-NOR","robots":{"index":"index","follow":"follow","max-snippet":"max-snippet:-1","max-image-preview":"max-image-preview:large","max-video-preview":"max-video-preview:-1"},"canonical":"https:\/\/breeam-nor.byggalliansen.no\/v6\/tilleggsopplysninger\/forkrav-transportkartlegging-og-mobilitetsplan\/","og_locale":"nb_NO","og_type":"article","og_title":"Tra 01 Forkrav: Transportkartlegging og mobilitetsplan - BREEAM-NOR","og_description":"T0 Forkrav: Transportkartlegging og mobilitetsplan Dersom prosjektet kun skal gjennomf\u00f8re forkravet for Tra 02, og ikke ta poeng i Tra 01, \u00e5pnes det opp for at prosjekter som har gjennomf\u00f8rt transportkartleggingen p\u00e5 et senere tidspunkt enn steg 3. kan sende inn en teknisk avklaring. Dette er under forutsetning av at prosjektet kan dokumentere at kartleggingen [&hellip;]","og_url":"https:\/\/breeam-nor.byggalliansen.no\/v6\/tilleggsopplysninger\/forkrav-transportkartlegging-og-mobilitetsplan\/","og_site_name":"BREEAM-NOR","article_modified_time":"2025-04-25T06:13:40+00:00","twitter_card":"summary_large_image","twitter_misc":{"Ansl. lesetid":"1 minutt"},"schema":{"@context":"https:\/\/schema.org","@graph":[{"@type":"WebPage","@id":"https:\/\/breeam-nor.byggalliansen.no\/v6\/tilleggsopplysninger\/forkrav-transportkartlegging-og-mobilitetsplan\/","url":"https:\/\/breeam-nor.byggalliansen.no\/v6\/tilleggsopplysninger\/forkrav-transportkartlegging-og-mobilitetsplan\/","name":"Tra 01 Forkrav: Transportkartlegging og mobilitetsplan - BREEAM-NOR","isPartOf":{"@id":"https:\/\/breeam-nor.byggalliansen.no\/v6\/#website"},"datePublished":"2025-04-22T11:18:26+00:00","dateModified":"2025-04-25T06:13:40+00:00","breadcrumb":{"@id":"https:\/\/breeam-nor.byggalliansen.no\/v6\/tilleggsopplysninger\/forkrav-transportkartlegging-og-mobilitetsplan\/#breadcrumb"},"inLanguage":"nb-NO","potentialAction":[{"@type":"ReadAction","target":["https:\/\/breeam-nor.byggalliansen.no\/v6\/tilleggsopplysninger\/forkrav-transportkartlegging-og-mobilitetsplan\/"]}]},{"@type":"BreadcrumbList","@id":"https:\/\/breeam-nor.byggalliansen.no\/v6\/tilleggsopplysninger\/forkrav-transportkartlegging-og-mobilitetsplan\/#breadcrumb","itemListElement":[{"@type":"ListItem","position":1,"name":"BREEAM-NOR","item":"http:\/\/breeam-nor.byggalliansen.no\/v6\/"},{"@type":"ListItem","position":2,"name":"Tilleggsopplysninger","item":"https:\/\/breeam-nor.byggalliansen.no\/v6\/tilleggsopplysninger\/"},{"@type":"ListItem","position":3,"name":"Tra 01 Forkrav: Transportkartlegging og mobilitetsplan"}]},{"@type":"WebSite","@id":"https:\/\/breeam-nor.byggalliansen.no\/v6\/#website","url":"https:\/\/breeam-nor.byggalliansen.no\/v6\/","name":"BREEAM-NOR","description":"Versjon 6.1.1, 2024","potentialAction":[{"@type":"SearchAction","target":{"@type":"EntryPoint","urlTemplate":"https:\/\/breeam-nor.byggalliansen.no\/v6\/?s={search_term_string}"},"query-input":{"@type":"PropertyValueSpecification","valueRequired":true,"valueName":"search_term_string"}}],"inLanguage":"nb-NO"}]}},"_links":{"self":[{"href":"http:\/\/breeam-nor.byggalliansen.no\/v6\/wp-json\/wp\/v2\/additionalinfo\/4202","targetHints":{"allow":["GET"]}}],"collection":[{"href":"http:\/\/breeam-nor.byggalliansen.no\/v6\/wp-json\/wp\/v2\/additionalinfo"}],"about":[{"href":"http:\/\/breeam-nor.byggalliansen.no\/v6\/wp-json\/wp\/v2\/types\/additionalinfo"}],"wp:attachment":[{"href":"http:\/\/breeam-nor.byggalliansen.no\/v6\/wp-json\/wp\/v2\/media?parent=4202"}],"wp:term":[{"taxonomy":"connection","embeddable":true,"href":"http:\/\/breeam-nor.byggalliansen.no\/v6\/wp-json\/wp\/v2\/connection?post=4202"}],"curies":[{"name":"wp","href":"https:\/\/api.w.org\/{rel}","templated":true}]}}

<h3 class="wp-block-heading">T0 Forkrav: Transportkartlegging og mobilitetsplan</h3>



<p>Dersom prosjektet kun skal gjennomføre forkravet for Tra 02, og ikke ta poeng i Tra 01, åpnes det opp for at prosjekter som har gjennomført transportkartleggingen på et senere tidspunkt enn steg 3. kan sende inn en teknisk avklaring. Dette er under forutsetning av at prosjektet kan dokumentere at kartleggingen fortsatt har gitt de planlagte resultatene. Det vil si at den sene vurderingen ikke på noen måte har vært skadelig for resultatene, samt at den fortsatt har gitt klare fordeler for prosjektet.</p>

<!-- This site is optimized with the Yoast SEO plugin v25.4 - https://yoast.com/wordpress/plugins/seo/ -->
<title>Tra 01 Forkrav: Transportkartlegging og mobilitetsplan - BREEAM-NOR</title>
<meta name="robots" content="index, follow, max-snippet:-1, max-image-preview:large, max-video-preview:-1" />
<link rel="canonical" href="https://breeam-nor.byggalliansen.no/v6/tilleggsopplysninger/forkrav-transportkartlegging-og-mobilitetsplan/" />
<meta property="og:locale" content="nb_NO" />
<meta property="og:type" content="article" />
<meta property="og:title" content="Tra 01 Forkrav: Transportkartlegging og mobilitetsplan - BREEAM-NOR" />
<meta property="og:description" content="T0 Forkrav: Transportkartlegging og mobilitetsplan Dersom prosjektet kun skal gjennomføre forkravet for Tra 02, og ikke ta poeng i Tra 01, åpnes det opp for at prosjekter som har gjennomført transportkartleggingen på et senere tidspunkt enn steg 3. kan sende inn en teknisk avklaring. Dette er under forutsetning av at prosjektet kan dokumentere at kartleggingen [&hellip;]" />
<meta property="og:url" content="https://breeam-nor.byggalliansen.no/v6/tilleggsopplysninger/forkrav-transportkartlegging-og-mobilitetsplan/" />
<meta property="og:site_name" content="BREEAM-NOR" />
<meta property="article:modified_time" content="2025-04-25T06:13:40+00:00" />
<meta name="twitter:card" content="summary_large_image" />
<meta name="twitter:label1" content="Ansl. lesetid" />
	<meta name="twitter:data1" content="1 minutt" />
<script type="application/ld+json" class="yoast-schema-graph">{"@context":"https://schema.org","@graph":[{"@type":"WebPage","@id":"https://breeam-nor.byggalliansen.no/v6/tilleggsopplysninger/forkrav-transportkartlegging-og-mobilitetsplan/","url":"https://breeam-nor.byggalliansen.no/v6/tilleggsopplysninger/forkrav-transportkartlegging-og-mobilitetsplan/","name":"Tra 01 Forkrav: Transportkartlegging og mobilitetsplan - BREEAM-NOR","isPartOf":{"@id":"https://breeam-nor.byggalliansen.no/v6/#website"},"datePublished":"2025-04-22T11:18:26+00:00","dateModified":"2025-04-25T06:13:40+00:00","breadcrumb":{"@id":"https://breeam-nor.byggalliansen.no/v6/tilleggsopplysninger/forkrav-transportkartlegging-og-mobilitetsplan/#breadcrumb"},"inLanguage":"nb-NO","potentialAction":[{"@type":"ReadAction","target":["https://breeam-nor.byggalliansen.no/v6/tilleggsopplysninger/forkrav-transportkartlegging-og-mobilitetsplan/"]}]},{"@type":"BreadcrumbList","@id":"https://breeam-nor.byggalliansen.no/v6/tilleggsopplysninger/forkrav-transportkartlegging-og-mobilitetsplan/#breadcrumb","itemListElement":[{"@type":"ListItem","position":1,"name":"BREEAM-NOR","item":"http://breeam-nor.byggalliansen.no/v6/"},{"@type":"ListItem","position":2,"name":"Tilleggsopplysninger","item":"https://breeam-nor.byggalliansen.no/v6/tilleggsopplysninger/"},{"@type":"ListItem","position":3,"name":"Tra 01 Forkrav: Transportkartlegging og mobilitetsplan"}]},{"@type":"WebSite","@id":"https://breeam-nor.byggalliansen.no/v6/#website","url":"https://breeam-nor.byggalliansen.no/v6/","name":"BREEAM-NOR","description":"Versjon 6.1.1, 2024","potentialAction":[{"@type":"SearchAction","target":{"@type":"EntryPoint","urlTemplate":"https://breeam-nor.byggalliansen.no/v6/?s={search_term_string}"},"query-input":{"@type":"PropertyValueSpecification","valueRequired":true,"valueName":"search_term_string"}}],"inLanguage":"nb-NO"}]}</script>
<!-- / Yoast SEO plugin. -->

T0 Forkrav: Transportkartlegging og mobilitetsplan Dersom prosjektet kun skal gjennomføre forkravet for Tra 02, og ikke ta poeng i Tra 01, åpnes det opp for at prosjekter som har gjennomført transportkartleggingen på et senere tidspunkt enn steg 3. kan sende inn en teknisk avklaring. Dette er under forutsetning av at prosjektet kan dokumentere at kartleggingen [&hellip;]
