{"id":4897,"date":"2025-05-01T12:39:23","date_gmt":"2025-05-01T12:39:52","guid":{"rendered":"https:\/\/breeam-nor.byggalliansen.no\/v6\/?page_id=4897"},"modified":"2025-07-03T08:55:00","modified_gmt":"2025-07-03T08:55:00","slug":"monstergyldig-niva-helhetlig-baerekraft-for-utbyggingsomradet","status":"publish","type":"page","link":"http:\/\/breeam-nor.byggalliansen.no\/v6\/kategorier-og-emner\/arealbruk-og-okologi\/le-02-okologisk-risiko-og-muligheter\/monstergyldig-niva-helhetlig-baerekraft-for-utbyggingsomradet\/","title":{"rendered":"M\u00f8nstergyldig niv\u00e5: helhetlig b\u00e6rekraft for utbyggingsomr\u00e5det \u2013 1 poeng"},"content":{"rendered":"\n<ol start=\"7\" class=\"wp-block-list\">\n<li>Kriterium 6 er oppfylt.<\/li>\n\n\n\n<li>Helhetlige, b\u00e6rekraftsrelaterte aktiviteter og mulige <dfn aria-describedby=\"desc-1751532881179-8m7suqh0r\" data-definition=\"\u00d8kosystemtjenester\">\u00f8kosystemtjenester<\/dfn> er vurdert n\u00e5r utbyggingsomr\u00e5dets optimale \u00f8kologiske muligheter fastsettes (kriterium\u202f6). Dette inkluderer temaene som er beskrevet under Metode.<\/li>\n\n\n\n<li>Oppn\u00e5 poeng for emnene nedenfor:\n<ol style=\"list-style-type:lower-alpha\" class=\"wp-block-list\">\n<li><span style=\"font-size: clamp(1rem, 0.9107rem + 0.2857vw, 1.125rem);, sans-serif\">LE 08 Lokal overvannsh\u00e5ndtering \u2013 1 poeng for tiltaksbasert overvannsh\u00e5ndtering&nbsp;<\/span><\/li>\n\n\n\n<li>Pol 05 St\u00f8ydemping<\/li>\n<\/ol>\n<\/li>\n<\/ol>\n\n\n\n<p><\/p>\n","protected":false},"excerpt":{"rendered":"","protected":false},"author":5,"featured_media":0,"parent":4755,"menu_order":3,"comment_status":"closed","ping_status":"closed","template":"","meta":{"_acf_changed":false,"footnotes":""},"categories":[1],"connection":[175],"class_list":["post-4897","page","type-page","status-publish","hentry","category-kriterier","connection-8-2-4"],"acf":[],"yoast_head":"<!-- This site is optimized with the Yoast SEO plugin v25.4 - https:\/\/yoast.com\/wordpress\/plugins\/seo\/ -->\n<title>M\u00f8nstergyldig niv\u00e5: helhetlig b\u00e6rekraft for utbyggingsomr\u00e5det \u2013 1 poeng - BREEAM-NOR<\/title>\n<meta name=\"robots\" content=\"index, follow, max-snippet:-1, max-image-preview:large, max-video-preview:-1\" \/>\n<link rel=\"canonical\" href=\"http:\/\/breeam-nor.byggalliansen.no\/v6\/kategorier-og-emner\/arealbruk-og-okologi\/le-02-okologisk-risiko-og-muligheter\/monstergyldig-niva-helhetlig-baerekraft-for-utbyggingsomradet\/\" \/>\n<meta property=\"og:locale\" content=\"nb_NO\" \/>\n<meta property=\"og:type\" content=\"article\" \/>\n<meta property=\"og:title\" content=\"M\u00f8nstergyldig niv\u00e5: helhetlig b\u00e6rekraft for utbyggingsomr\u00e5det \u2013 1 poeng - BREEAM-NOR\" \/>\n<meta property=\"og:url\" content=\"http:\/\/breeam-nor.byggalliansen.no\/v6\/kategorier-og-emner\/arealbruk-og-okologi\/le-02-okologisk-risiko-og-muligheter\/monstergyldig-niva-helhetlig-baerekraft-for-utbyggingsomradet\/\" \/>\n<meta property=\"og:site_name\" content=\"BREEAM-NOR\" \/>\n<meta property=\"article:modified_time\" content=\"2025-07-03T08:55:00+00:00\" \/>\n<meta name=\"twitter:card\" content=\"summary_large_image\" \/>\n<meta name=\"twitter:label1\" content=\"Ansl. lesetid\" \/>\n\t<meta name=\"twitter:data1\" content=\"1 minutt\" \/>\n<script type=\"application\/ld+json\" class=\"yoast-schema-graph\">{\"@context\":\"https:\/\/schema.org\",\"@graph\":[{\"@type\":\"WebPage\",\"@id\":\"http:\/\/breeam-nor.byggalliansen.no\/v6\/kategorier-og-emner\/arealbruk-og-okologi\/le-02-okologisk-risiko-og-muligheter\/monstergyldig-niva-helhetlig-baerekraft-for-utbyggingsomradet\/\",\"url\":\"http:\/\/breeam-nor.byggalliansen.no\/v6\/kategorier-og-emner\/arealbruk-og-okologi\/le-02-okologisk-risiko-og-muligheter\/monstergyldig-niva-helhetlig-baerekraft-for-utbyggingsomradet\/\",\"name\":\"M\u00f8nstergyldig niv\u00e5: helhetlig b\u00e6rekraft for utbyggingsomr\u00e5det \u2013 1 poeng - BREEAM-NOR\",\"isPartOf\":{\"@id\":\"https:\/\/breeam-nor.byggalliansen.no\/v6\/#website\"},\"datePublished\":\"2025-05-01T12:39:52+00:00\",\"dateModified\":\"2025-07-03T08:55:00+00:00\",\"breadcrumb\":{\"@id\":\"http:\/\/breeam-nor.byggalliansen.no\/v6\/kategorier-og-emner\/arealbruk-og-okologi\/le-02-okologisk-risiko-og-muligheter\/monstergyldig-niva-helhetlig-baerekraft-for-utbyggingsomradet\/#breadcrumb\"},\"inLanguage\":\"nb-NO\",\"potentialAction\":[{\"@type\":\"ReadAction\",\"target\":[\"http:\/\/breeam-nor.byggalliansen.no\/v6\/kategorier-og-emner\/arealbruk-og-okologi\/le-02-okologisk-risiko-og-muligheter\/monstergyldig-niva-helhetlig-baerekraft-for-utbyggingsomradet\/\"]}]},{\"@type\":\"BreadcrumbList\",\"@id\":\"http:\/\/breeam-nor.byggalliansen.no\/v6\/kategorier-og-emner\/arealbruk-og-okologi\/le-02-okologisk-risiko-og-muligheter\/monstergyldig-niva-helhetlig-baerekraft-for-utbyggingsomradet\/#breadcrumb\",\"itemListElement\":[{\"@type\":\"ListItem\",\"position\":1,\"name\":\"BREEAM-NOR\",\"item\":\"http:\/\/breeam-nor.byggalliansen.no\/v6\/\"},{\"@type\":\"ListItem\",\"position\":2,\"name\":\"Kategorier og emner\",\"item\":\"http:\/\/breeam-nor.byggalliansen.no\/v6\/kategorier-og-emner\/\"},{\"@type\":\"ListItem\",\"position\":3,\"name\":\"Arealbruk og \u00f8kologi\",\"item\":\"http:\/\/breeam-nor.byggalliansen.no\/v6\/kategorier-og-emner\/arealbruk-og-okologi\/\"},{\"@type\":\"ListItem\",\"position\":4,\"name\":\"LE 02 \u00d8kologisk risiko og muligheter\",\"item\":\"http:\/\/breeam-nor.byggalliansen.no\/v6\/kategorier-og-emner\/arealbruk-og-okologi\/le-02-okologisk-risiko-og-muligheter\/\"},{\"@type\":\"ListItem\",\"position\":5,\"name\":\"M\u00f8nstergyldig niv\u00e5: helhetlig b\u00e6rekraft for utbyggingsomr\u00e5det \u2013 1 poeng\"}]},{\"@type\":\"WebSite\",\"@id\":\"https:\/\/breeam-nor.byggalliansen.no\/v6\/#website\",\"url\":\"https:\/\/breeam-nor.byggalliansen.no\/v6\/\",\"name\":\"BREEAM-NOR\",\"description\":\"Versjon 6.1.1, 2024\",\"potentialAction\":[{\"@type\":\"SearchAction\",\"target\":{\"@type\":\"EntryPoint\",\"urlTemplate\":\"https:\/\/breeam-nor.byggalliansen.no\/v6\/?s={search_term_string}\"},\"query-input\":{\"@type\":\"PropertyValueSpecification\",\"valueRequired\":true,\"valueName\":\"search_term_string\"}}],\"inLanguage\":\"nb-NO\"}]}<\/script>\n<!-- \/ Yoast SEO plugin. -->","yoast_head_json":{"title":"M\u00f8nstergyldig niv\u00e5: helhetlig b\u00e6rekraft for utbyggingsomr\u00e5det \u2013 1 poeng - BREEAM-NOR","robots":{"index":"index","follow":"follow","max-snippet":"max-snippet:-1","max-image-preview":"max-image-preview:large","max-video-preview":"max-video-preview:-1"},"canonical":"http:\/\/breeam-nor.byggalliansen.no\/v6\/kategorier-og-emner\/arealbruk-og-okologi\/le-02-okologisk-risiko-og-muligheter\/monstergyldig-niva-helhetlig-baerekraft-for-utbyggingsomradet\/","og_locale":"nb_NO","og_type":"article","og_title":"M\u00f8nstergyldig niv\u00e5: helhetlig b\u00e6rekraft for utbyggingsomr\u00e5det \u2013 1 poeng - BREEAM-NOR","og_url":"http:\/\/breeam-nor.byggalliansen.no\/v6\/kategorier-og-emner\/arealbruk-og-okologi\/le-02-okologisk-risiko-og-muligheter\/monstergyldig-niva-helhetlig-baerekraft-for-utbyggingsomradet\/","og_site_name":"BREEAM-NOR","article_modified_time":"2025-07-03T08:55:00+00:00","twitter_card":"summary_large_image","twitter_misc":{"Ansl. lesetid":"1 minutt"},"schema":{"@context":"https:\/\/schema.org","@graph":[{"@type":"WebPage","@id":"http:\/\/breeam-nor.byggalliansen.no\/v6\/kategorier-og-emner\/arealbruk-og-okologi\/le-02-okologisk-risiko-og-muligheter\/monstergyldig-niva-helhetlig-baerekraft-for-utbyggingsomradet\/","url":"http:\/\/breeam-nor.byggalliansen.no\/v6\/kategorier-og-emner\/arealbruk-og-okologi\/le-02-okologisk-risiko-og-muligheter\/monstergyldig-niva-helhetlig-baerekraft-for-utbyggingsomradet\/","name":"M\u00f8nstergyldig niv\u00e5: helhetlig b\u00e6rekraft for utbyggingsomr\u00e5det \u2013 1 poeng - BREEAM-NOR","isPartOf":{"@id":"https:\/\/breeam-nor.byggalliansen.no\/v6\/#website"},"datePublished":"2025-05-01T12:39:52+00:00","dateModified":"2025-07-03T08:55:00+00:00","breadcrumb":{"@id":"http:\/\/breeam-nor.byggalliansen.no\/v6\/kategorier-og-emner\/arealbruk-og-okologi\/le-02-okologisk-risiko-og-muligheter\/monstergyldig-niva-helhetlig-baerekraft-for-utbyggingsomradet\/#breadcrumb"},"inLanguage":"nb-NO","potentialAction":[{"@type":"ReadAction","target":["http:\/\/breeam-nor.byggalliansen.no\/v6\/kategorier-og-emner\/arealbruk-og-okologi\/le-02-okologisk-risiko-og-muligheter\/monstergyldig-niva-helhetlig-baerekraft-for-utbyggingsomradet\/"]}]},{"@type":"BreadcrumbList","@id":"http:\/\/breeam-nor.byggalliansen.no\/v6\/kategorier-og-emner\/arealbruk-og-okologi\/le-02-okologisk-risiko-og-muligheter\/monstergyldig-niva-helhetlig-baerekraft-for-utbyggingsomradet\/#breadcrumb","itemListElement":[{"@type":"ListItem","position":1,"name":"BREEAM-NOR","item":"http:\/\/breeam-nor.byggalliansen.no\/v6\/"},{"@type":"ListItem","position":2,"name":"Kategorier og emner","item":"http:\/\/breeam-nor.byggalliansen.no\/v6\/kategorier-og-emner\/"},{"@type":"ListItem","position":3,"name":"Arealbruk og \u00f8kologi","item":"http:\/\/breeam-nor.byggalliansen.no\/v6\/kategorier-og-emner\/arealbruk-og-okologi\/"},{"@type":"ListItem","position":4,"name":"LE 02 \u00d8kologisk risiko og muligheter","item":"http:\/\/breeam-nor.byggalliansen.no\/v6\/kategorier-og-emner\/arealbruk-og-okologi\/le-02-okologisk-risiko-og-muligheter\/"},{"@type":"ListItem","position":5,"name":"M\u00f8nstergyldig niv\u00e5: helhetlig b\u00e6rekraft for utbyggingsomr\u00e5det \u2013 1 poeng"}]},{"@type":"WebSite","@id":"https:\/\/breeam-nor.byggalliansen.no\/v6\/#website","url":"https:\/\/breeam-nor.byggalliansen.no\/v6\/","name":"BREEAM-NOR","description":"Versjon 6.1.1, 2024","potentialAction":[{"@type":"SearchAction","target":{"@type":"EntryPoint","urlTemplate":"https:\/\/breeam-nor.byggalliansen.no\/v6\/?s={search_term_string}"},"query-input":{"@type":"PropertyValueSpecification","valueRequired":true,"valueName":"search_term_string"}}],"inLanguage":"nb-NO"}]}},"_links":{"self":[{"href":"http:\/\/breeam-nor.byggalliansen.no\/v6\/wp-json\/wp\/v2\/pages\/4897","targetHints":{"allow":["GET"]}}],"collection":[{"href":"http:\/\/breeam-nor.byggalliansen.no\/v6\/wp-json\/wp\/v2\/pages"}],"about":[{"href":"http:\/\/breeam-nor.byggalliansen.no\/v6\/wp-json\/wp\/v2\/types\/page"}],"author":[{"embeddable":true,"href":"http:\/\/breeam-nor.byggalliansen.no\/v6\/wp-json\/wp\/v2\/users\/5"}],"replies":[{"embeddable":true,"href":"http:\/\/breeam-nor.byggalliansen.no\/v6\/wp-json\/wp\/v2\/comments?post=4897"}],"version-history":[{"count":2,"href":"http:\/\/breeam-nor.byggalliansen.no\/v6\/wp-json\/wp\/v2\/pages\/4897\/revisions"}],"predecessor-version":[{"id":5880,"href":"http:\/\/breeam-nor.byggalliansen.no\/v6\/wp-json\/wp\/v2\/pages\/4897\/revisions\/5880"}],"up":[{"embeddable":true,"href":"http:\/\/breeam-nor.byggalliansen.no\/v6\/wp-json\/wp\/v2\/pages\/4755"}],"wp:attachment":[{"href":"http:\/\/breeam-nor.byggalliansen.no\/v6\/wp-json\/wp\/v2\/media?parent=4897"}],"wp:term":[{"taxonomy":"category","embeddable":true,"href":"http:\/\/breeam-nor.byggalliansen.no\/v6\/wp-json\/wp\/v2\/categories?post=4897"},{"taxonomy":"connection","embeddable":true,"href":"http:\/\/breeam-nor.byggalliansen.no\/v6\/wp-json\/wp\/v2\/connection?post=4897"}],"curies":[{"name":"wp","href":"https:\/\/api.w.org\/{rel}","templated":true}]}}