{"id":4980,"date":"2025-05-02T10:43:23","date_gmt":"2025-05-02T10:43:42","guid":{"rendered":"https:\/\/breeam-nor.byggalliansen.no\/v6\/?page_id=4980"},"modified":"2025-06-06T08:10:29","modified_gmt":"2025-06-06T08:10:29","slug":"forvaltning-og-vedlikehold-under-hele-prosjektet","status":"publish","type":"page","link":"http:\/\/breeam-nor.byggalliansen.no\/v6\/kategorier-og-emner\/arealbruk-og-okologi\/le-05-langsiktig-okologisk-forvaltning-og-vedlikehold\/forvaltning-og-vedlikehold-under-hele-prosjektet\/","title":{"rendered":"Forvaltning og vedlikehold under hele prosjektet"},"content":{"rendered":"\n<ol start=\"3\" class=\"wp-block-list\">\n<li>Tiltak har blitt implementert for \u00e5 forvalte og vedlikeholde \u00f8kologi under prosjektet. Tiltakene er basert p\u00e5 innspill fra prosjektgruppen i samarbeid med representative interessenter og data sammenstilt som en del av \u00abFastsette \u00f8kologiske muligheter\u00bb i LE 02 (se Metode). Her inng\u00e5r \u00e5 f\u00f8lge opp og evaluere hvor effektive og vellykkede tiltakene, som er iverksatt i LE 03 og LE 04, er. Prosjektgruppen m\u00e5 m\u00e5le og vurdere effektiviteten til tiltakene fra LE 03 og LE 04 for \u00e5 sikre at de blir implementert (se Metode).<\/li>\n\n\n\n<li>Et avsnitt om \u00f8kologi og biologisk mangfold er inkludert i FDV- og brukerdokumentasjonen til leietaker, bygningens eier og drifter\/forvalter. Avsnittet informerer om lokale \u00f8kologiske funksjoner, \u00f8kologiske kvaliteter og biologisk mangfold p\u00e5 eller n\u00e6r utbyggingsomr\u00e5det (se Metode). Dokumentasjonen inneholder detaljerte planer for forvaltning og vedlikehold for landskaps- og bygningsforvaltere i tillegg til relevante deler av overleveringsinformasjonen for brukerne. Informasjonen skal v\u00e6re skrevet p\u00e5 en m\u00e5te som gj\u00f8r at mottakeren forst\u00e5r, ser hensikten med og st\u00f8tter tiltakene.\u00a0<\/li>\n<\/ol>\n","protected":false},"excerpt":{"rendered":"","protected":false},"author":5,"featured_media":0,"parent":4758,"menu_order":1,"comment_status":"closed","ping_status":"closed","template":"","meta":{"_acf_changed":false,"footnotes":""},"categories":[1],"connection":[344],"class_list":["post-4980","page","type-page","status-publish","hentry","category-kriterier","connection-8-5-2"],"acf":[],"yoast_head":"<!-- This site is optimized with the Yoast SEO plugin v25.4 - https:\/\/yoast.com\/wordpress\/plugins\/seo\/ -->\n<title>Forvaltning og vedlikehold under hele prosjektet - BREEAM-NOR<\/title>\n<meta name=\"robots\" content=\"index, follow, max-snippet:-1, max-image-preview:large, max-video-preview:-1\" \/>\n<link rel=\"canonical\" href=\"http:\/\/breeam-nor.byggalliansen.no\/v6\/kategorier-og-emner\/arealbruk-og-okologi\/le-05-langsiktig-okologisk-forvaltning-og-vedlikehold\/forvaltning-og-vedlikehold-under-hele-prosjektet\/\" \/>\n<meta property=\"og:locale\" content=\"nb_NO\" \/>\n<meta property=\"og:type\" content=\"article\" \/>\n<meta property=\"og:title\" content=\"Forvaltning og vedlikehold under hele prosjektet - BREEAM-NOR\" \/>\n<meta property=\"og:url\" content=\"http:\/\/breeam-nor.byggalliansen.no\/v6\/kategorier-og-emner\/arealbruk-og-okologi\/le-05-langsiktig-okologisk-forvaltning-og-vedlikehold\/forvaltning-og-vedlikehold-under-hele-prosjektet\/\" \/>\n<meta property=\"og:site_name\" content=\"BREEAM-NOR\" \/>\n<meta property=\"article:modified_time\" content=\"2025-06-06T08:10:29+00:00\" \/>\n<meta name=\"twitter:card\" content=\"summary_large_image\" \/>\n<meta name=\"twitter:label1\" content=\"Ansl. lesetid\" \/>\n\t<meta name=\"twitter:data1\" content=\"1 minutt\" \/>\n<script type=\"application\/ld+json\" class=\"yoast-schema-graph\">{\"@context\":\"https:\/\/schema.org\",\"@graph\":[{\"@type\":\"WebPage\",\"@id\":\"http:\/\/breeam-nor.byggalliansen.no\/v6\/kategorier-og-emner\/arealbruk-og-okologi\/le-05-langsiktig-okologisk-forvaltning-og-vedlikehold\/forvaltning-og-vedlikehold-under-hele-prosjektet\/\",\"url\":\"http:\/\/breeam-nor.byggalliansen.no\/v6\/kategorier-og-emner\/arealbruk-og-okologi\/le-05-langsiktig-okologisk-forvaltning-og-vedlikehold\/forvaltning-og-vedlikehold-under-hele-prosjektet\/\",\"name\":\"Forvaltning og vedlikehold under hele prosjektet - BREEAM-NOR\",\"isPartOf\":{\"@id\":\"https:\/\/breeam-nor.byggalliansen.no\/v6\/#website\"},\"datePublished\":\"2025-05-02T10:43:42+00:00\",\"dateModified\":\"2025-06-06T08:10:29+00:00\",\"breadcrumb\":{\"@id\":\"http:\/\/breeam-nor.byggalliansen.no\/v6\/kategorier-og-emner\/arealbruk-og-okologi\/le-05-langsiktig-okologisk-forvaltning-og-vedlikehold\/forvaltning-og-vedlikehold-under-hele-prosjektet\/#breadcrumb\"},\"inLanguage\":\"nb-NO\",\"potentialAction\":[{\"@type\":\"ReadAction\",\"target\":[\"http:\/\/breeam-nor.byggalliansen.no\/v6\/kategorier-og-emner\/arealbruk-og-okologi\/le-05-langsiktig-okologisk-forvaltning-og-vedlikehold\/forvaltning-og-vedlikehold-under-hele-prosjektet\/\"]}]},{\"@type\":\"BreadcrumbList\",\"@id\":\"http:\/\/breeam-nor.byggalliansen.no\/v6\/kategorier-og-emner\/arealbruk-og-okologi\/le-05-langsiktig-okologisk-forvaltning-og-vedlikehold\/forvaltning-og-vedlikehold-under-hele-prosjektet\/#breadcrumb\",\"itemListElement\":[{\"@type\":\"ListItem\",\"position\":1,\"name\":\"BREEAM-NOR\",\"item\":\"http:\/\/breeam-nor.byggalliansen.no\/v6\/\"},{\"@type\":\"ListItem\",\"position\":2,\"name\":\"Kategorier og emner\",\"item\":\"http:\/\/breeam-nor.byggalliansen.no\/v6\/kategorier-og-emner\/\"},{\"@type\":\"ListItem\",\"position\":3,\"name\":\"Arealbruk og \u00f8kologi\",\"item\":\"http:\/\/breeam-nor.byggalliansen.no\/v6\/kategorier-og-emner\/arealbruk-og-okologi\/\"},{\"@type\":\"ListItem\",\"position\":4,\"name\":\"LE 05 Langsiktig \u00f8kologisk forvaltning og vedlikehold\u00a0\",\"item\":\"http:\/\/breeam-nor.byggalliansen.no\/v6\/kategorier-og-emner\/arealbruk-og-okologi\/le-05-langsiktig-okologisk-forvaltning-og-vedlikehold\/\"},{\"@type\":\"ListItem\",\"position\":5,\"name\":\"Forvaltning og vedlikehold under hele prosjektet\"}]},{\"@type\":\"WebSite\",\"@id\":\"https:\/\/breeam-nor.byggalliansen.no\/v6\/#website\",\"url\":\"https:\/\/breeam-nor.byggalliansen.no\/v6\/\",\"name\":\"BREEAM-NOR\",\"description\":\"Versjon 6.1.1, 2024\",\"potentialAction\":[{\"@type\":\"SearchAction\",\"target\":{\"@type\":\"EntryPoint\",\"urlTemplate\":\"https:\/\/breeam-nor.byggalliansen.no\/v6\/?s={search_term_string}\"},\"query-input\":{\"@type\":\"PropertyValueSpecification\",\"valueRequired\":true,\"valueName\":\"search_term_string\"}}],\"inLanguage\":\"nb-NO\"}]}<\/script>\n<!-- \/ Yoast SEO plugin. -->","yoast_head_json":{"title":"Forvaltning og vedlikehold under hele prosjektet - BREEAM-NOR","robots":{"index":"index","follow":"follow","max-snippet":"max-snippet:-1","max-image-preview":"max-image-preview:large","max-video-preview":"max-video-preview:-1"},"canonical":"http:\/\/breeam-nor.byggalliansen.no\/v6\/kategorier-og-emner\/arealbruk-og-okologi\/le-05-langsiktig-okologisk-forvaltning-og-vedlikehold\/forvaltning-og-vedlikehold-under-hele-prosjektet\/","og_locale":"nb_NO","og_type":"article","og_title":"Forvaltning og vedlikehold under hele prosjektet - BREEAM-NOR","og_url":"http:\/\/breeam-nor.byggalliansen.no\/v6\/kategorier-og-emner\/arealbruk-og-okologi\/le-05-langsiktig-okologisk-forvaltning-og-vedlikehold\/forvaltning-og-vedlikehold-under-hele-prosjektet\/","og_site_name":"BREEAM-NOR","article_modified_time":"2025-06-06T08:10:29+00:00","twitter_card":"summary_large_image","twitter_misc":{"Ansl. lesetid":"1 minutt"},"schema":{"@context":"https:\/\/schema.org","@graph":[{"@type":"WebPage","@id":"http:\/\/breeam-nor.byggalliansen.no\/v6\/kategorier-og-emner\/arealbruk-og-okologi\/le-05-langsiktig-okologisk-forvaltning-og-vedlikehold\/forvaltning-og-vedlikehold-under-hele-prosjektet\/","url":"http:\/\/breeam-nor.byggalliansen.no\/v6\/kategorier-og-emner\/arealbruk-og-okologi\/le-05-langsiktig-okologisk-forvaltning-og-vedlikehold\/forvaltning-og-vedlikehold-under-hele-prosjektet\/","name":"Forvaltning og vedlikehold under hele prosjektet - BREEAM-NOR","isPartOf":{"@id":"https:\/\/breeam-nor.byggalliansen.no\/v6\/#website"},"datePublished":"2025-05-02T10:43:42+00:00","dateModified":"2025-06-06T08:10:29+00:00","breadcrumb":{"@id":"http:\/\/breeam-nor.byggalliansen.no\/v6\/kategorier-og-emner\/arealbruk-og-okologi\/le-05-langsiktig-okologisk-forvaltning-og-vedlikehold\/forvaltning-og-vedlikehold-under-hele-prosjektet\/#breadcrumb"},"inLanguage":"nb-NO","potentialAction":[{"@type":"ReadAction","target":["http:\/\/breeam-nor.byggalliansen.no\/v6\/kategorier-og-emner\/arealbruk-og-okologi\/le-05-langsiktig-okologisk-forvaltning-og-vedlikehold\/forvaltning-og-vedlikehold-under-hele-prosjektet\/"]}]},{"@type":"BreadcrumbList","@id":"http:\/\/breeam-nor.byggalliansen.no\/v6\/kategorier-og-emner\/arealbruk-og-okologi\/le-05-langsiktig-okologisk-forvaltning-og-vedlikehold\/forvaltning-og-vedlikehold-under-hele-prosjektet\/#breadcrumb","itemListElement":[{"@type":"ListItem","position":1,"name":"BREEAM-NOR","item":"http:\/\/breeam-nor.byggalliansen.no\/v6\/"},{"@type":"ListItem","position":2,"name":"Kategorier og emner","item":"http:\/\/breeam-nor.byggalliansen.no\/v6\/kategorier-og-emner\/"},{"@type":"ListItem","position":3,"name":"Arealbruk og \u00f8kologi","item":"http:\/\/breeam-nor.byggalliansen.no\/v6\/kategorier-og-emner\/arealbruk-og-okologi\/"},{"@type":"ListItem","position":4,"name":"LE 05 Langsiktig \u00f8kologisk forvaltning og vedlikehold\u00a0","item":"http:\/\/breeam-nor.byggalliansen.no\/v6\/kategorier-og-emner\/arealbruk-og-okologi\/le-05-langsiktig-okologisk-forvaltning-og-vedlikehold\/"},{"@type":"ListItem","position":5,"name":"Forvaltning og vedlikehold under hele prosjektet"}]},{"@type":"WebSite","@id":"https:\/\/breeam-nor.byggalliansen.no\/v6\/#website","url":"https:\/\/breeam-nor.byggalliansen.no\/v6\/","name":"BREEAM-NOR","description":"Versjon 6.1.1, 2024","potentialAction":[{"@type":"SearchAction","target":{"@type":"EntryPoint","urlTemplate":"https:\/\/breeam-nor.byggalliansen.no\/v6\/?s={search_term_string}"},"query-input":{"@type":"PropertyValueSpecification","valueRequired":true,"valueName":"search_term_string"}}],"inLanguage":"nb-NO"}]}},"_links":{"self":[{"href":"http:\/\/breeam-nor.byggalliansen.no\/v6\/wp-json\/wp\/v2\/pages\/4980","targetHints":{"allow":["GET"]}}],"collection":[{"href":"http:\/\/breeam-nor.byggalliansen.no\/v6\/wp-json\/wp\/v2\/pages"}],"about":[{"href":"http:\/\/breeam-nor.byggalliansen.no\/v6\/wp-json\/wp\/v2\/types\/page"}],"author":[{"embeddable":true,"href":"http:\/\/breeam-nor.byggalliansen.no\/v6\/wp-json\/wp\/v2\/users\/5"}],"replies":[{"embeddable":true,"href":"http:\/\/breeam-nor.byggalliansen.no\/v6\/wp-json\/wp\/v2\/comments?post=4980"}],"version-history":[{"count":2,"href":"http:\/\/breeam-nor.byggalliansen.no\/v6\/wp-json\/wp\/v2\/pages\/4980\/revisions"}],"predecessor-version":[{"id":4985,"href":"http:\/\/breeam-nor.byggalliansen.no\/v6\/wp-json\/wp\/v2\/pages\/4980\/revisions\/4985"}],"up":[{"embeddable":true,"href":"http:\/\/breeam-nor.byggalliansen.no\/v6\/wp-json\/wp\/v2\/pages\/4758"}],"wp:attachment":[{"href":"http:\/\/breeam-nor.byggalliansen.no\/v6\/wp-json\/wp\/v2\/media?parent=4980"}],"wp:term":[{"taxonomy":"category","embeddable":true,"href":"http:\/\/breeam-nor.byggalliansen.no\/v6\/wp-json\/wp\/v2\/categories?post=4980"},{"taxonomy":"connection","embeddable":true,"href":"http:\/\/breeam-nor.byggalliansen.no\/v6\/wp-json\/wp\/v2\/connection?post=4980"}],"curies":[{"name":"wp","href":"https:\/\/api.w.org\/{rel}","templated":true}]}}