{"id":5036,"date":"2025-05-02T12:32:54","date_gmt":"2025-05-02T12:32:54","guid":{"rendered":"https:\/\/breeam-nor.byggalliansen.no\/v6\/?page_id=5036"},"modified":"2025-09-03T10:15:42","modified_gmt":"2025-09-03T10:15:42","slug":"forkrav-tidligfase-klimagassberegning","status":"publish","type":"page","link":"http:\/\/breeam-nor.byggalliansen.no\/v6\/kategorier-og-emner\/materialer\/mat-01-baerekraftige-materialvalg-lca-og-klimagassberegninger\/forkrav-tidligfase-klimagassberegning\/","title":{"rendered":"Forkrav: tidligfase klimagassberegning"},"content":{"rendered":"\n<ol start=\"1\" class=\"wp-block-list\">\n<li>Prosjektet gj\u00f8r en tidligfaseberegning (i l\u00f8pet av steg 3) av klimagassutslippet fra materialer som prosjektet tilf\u00f8rer bygget iht. NS 3720:2018. Se Metode for valg av verkt\u00f8y og omfang.&nbsp;<\/li>\n\n\n\n<li>Tidligfase-beregningen skal inneholde alternativsvurderinger og brukes som grunnlag for \u00e5 velge fundamentering, design, l\u00f8sninger og materialer med m\u00e5l om \u00e5 oppn\u00e5 lav klimap\u00e5virkning. Dersom en alternativ l\u00f8sning med lavere klimap\u00e5virkning ikke er valgt, skal dette begrunnes<\/li>\n<\/ol>\n\n\n\n<p><\/p>\n","protected":false},"excerpt":{"rendered":"","protected":false},"author":6,"featured_media":0,"parent":4698,"menu_order":0,"comment_status":"closed","ping_status":"closed","template":"","meta":{"_acf_changed":false,"footnotes":""},"categories":[],"connection":[183],"class_list":["post-5036","page","type-page","status-publish","hentry","connection-6-1-1"],"acf":[],"yoast_head":"<!-- This site is optimized with the Yoast SEO plugin v25.4 - https:\/\/yoast.com\/wordpress\/plugins\/seo\/ -->\n<title>Forkrav: tidligfase klimagassberegning - BREEAM-NOR<\/title>\n<meta name=\"robots\" content=\"index, follow, max-snippet:-1, max-image-preview:large, max-video-preview:-1\" \/>\n<link rel=\"canonical\" href=\"https:\/\/breeam-nor.byggalliansen.no\/v6\/kategorier-og-emner\/materialer\/mat-01-baerekraftige-materialvalg-lca-og-klimagassberegninger\/forkrav-tidligfase-klimagassberegning\/\" \/>\n<meta property=\"og:locale\" content=\"nb_NO\" \/>\n<meta property=\"og:type\" content=\"article\" \/>\n<meta property=\"og:title\" content=\"Forkrav: tidligfase klimagassberegning - BREEAM-NOR\" \/>\n<meta property=\"og:url\" content=\"https:\/\/breeam-nor.byggalliansen.no\/v6\/kategorier-og-emner\/materialer\/mat-01-baerekraftige-materialvalg-lca-og-klimagassberegninger\/forkrav-tidligfase-klimagassberegning\/\" \/>\n<meta property=\"og:site_name\" content=\"BREEAM-NOR\" \/>\n<meta property=\"article:modified_time\" content=\"2025-09-03T10:15:42+00:00\" \/>\n<meta name=\"twitter:card\" content=\"summary_large_image\" \/>\n<meta name=\"twitter:label1\" content=\"Ansl. lesetid\" \/>\n\t<meta name=\"twitter:data1\" content=\"1 minutt\" \/>\n<script type=\"application\/ld+json\" class=\"yoast-schema-graph\">{\"@context\":\"https:\/\/schema.org\",\"@graph\":[{\"@type\":\"WebPage\",\"@id\":\"https:\/\/breeam-nor.byggalliansen.no\/v6\/kategorier-og-emner\/materialer\/mat-01-baerekraftige-materialvalg-lca-og-klimagassberegninger\/forkrav-tidligfase-klimagassberegning\/\",\"url\":\"https:\/\/breeam-nor.byggalliansen.no\/v6\/kategorier-og-emner\/materialer\/mat-01-baerekraftige-materialvalg-lca-og-klimagassberegninger\/forkrav-tidligfase-klimagassberegning\/\",\"name\":\"Forkrav: tidligfase klimagassberegning - BREEAM-NOR\",\"isPartOf\":{\"@id\":\"https:\/\/breeam-nor.byggalliansen.no\/v6\/#website\"},\"datePublished\":\"2025-05-02T12:32:54+00:00\",\"dateModified\":\"2025-09-03T10:15:42+00:00\",\"breadcrumb\":{\"@id\":\"https:\/\/breeam-nor.byggalliansen.no\/v6\/kategorier-og-emner\/materialer\/mat-01-baerekraftige-materialvalg-lca-og-klimagassberegninger\/forkrav-tidligfase-klimagassberegning\/#breadcrumb\"},\"inLanguage\":\"nb-NO\",\"potentialAction\":[{\"@type\":\"ReadAction\",\"target\":[\"https:\/\/breeam-nor.byggalliansen.no\/v6\/kategorier-og-emner\/materialer\/mat-01-baerekraftige-materialvalg-lca-og-klimagassberegninger\/forkrav-tidligfase-klimagassberegning\/\"]}]},{\"@type\":\"BreadcrumbList\",\"@id\":\"https:\/\/breeam-nor.byggalliansen.no\/v6\/kategorier-og-emner\/materialer\/mat-01-baerekraftige-materialvalg-lca-og-klimagassberegninger\/forkrav-tidligfase-klimagassberegning\/#breadcrumb\",\"itemListElement\":[{\"@type\":\"ListItem\",\"position\":1,\"name\":\"BREEAM-NOR\",\"item\":\"http:\/\/breeam-nor.byggalliansen.no\/v6\/\"},{\"@type\":\"ListItem\",\"position\":2,\"name\":\"Kategorier og emner\",\"item\":\"http:\/\/breeam-nor.byggalliansen.no\/v6\/kategorier-og-emner\/\"},{\"@type\":\"ListItem\",\"position\":3,\"name\":\"Materialer\",\"item\":\"http:\/\/breeam-nor.byggalliansen.no\/v6\/kategorier-og-emner\/materialer\/\"},{\"@type\":\"ListItem\",\"position\":4,\"name\":\"Mat 01 B\u00e6rekraftige materialvalg \u2013 LCA og klimagassberegninger\u00a0\",\"item\":\"https:\/\/breeam-nor.byggalliansen.no\/v6\/kategorier-og-emner\/materialer\/mat-01-baerekraftige-materialvalg-lca-og-klimagassberegninger\/\"},{\"@type\":\"ListItem\",\"position\":5,\"name\":\"Forkrav: tidligfase klimagassberegning\"}]},{\"@type\":\"WebSite\",\"@id\":\"https:\/\/breeam-nor.byggalliansen.no\/v6\/#website\",\"url\":\"https:\/\/breeam-nor.byggalliansen.no\/v6\/\",\"name\":\"BREEAM-NOR\",\"description\":\"Versjon 6.1.1, 2024\",\"potentialAction\":[{\"@type\":\"SearchAction\",\"target\":{\"@type\":\"EntryPoint\",\"urlTemplate\":\"https:\/\/breeam-nor.byggalliansen.no\/v6\/?s={search_term_string}\"},\"query-input\":{\"@type\":\"PropertyValueSpecification\",\"valueRequired\":true,\"valueName\":\"search_term_string\"}}],\"inLanguage\":\"nb-NO\"}]}<\/script>\n<!-- \/ Yoast SEO plugin. -->","yoast_head_json":{"title":"Forkrav: tidligfase klimagassberegning - BREEAM-NOR","robots":{"index":"index","follow":"follow","max-snippet":"max-snippet:-1","max-image-preview":"max-image-preview:large","max-video-preview":"max-video-preview:-1"},"canonical":"https:\/\/breeam-nor.byggalliansen.no\/v6\/kategorier-og-emner\/materialer\/mat-01-baerekraftige-materialvalg-lca-og-klimagassberegninger\/forkrav-tidligfase-klimagassberegning\/","og_locale":"nb_NO","og_type":"article","og_title":"Forkrav: tidligfase klimagassberegning - BREEAM-NOR","og_url":"https:\/\/breeam-nor.byggalliansen.no\/v6\/kategorier-og-emner\/materialer\/mat-01-baerekraftige-materialvalg-lca-og-klimagassberegninger\/forkrav-tidligfase-klimagassberegning\/","og_site_name":"BREEAM-NOR","article_modified_time":"2025-09-03T10:15:42+00:00","twitter_card":"summary_large_image","twitter_misc":{"Ansl. lesetid":"1 minutt"},"schema":{"@context":"https:\/\/schema.org","@graph":[{"@type":"WebPage","@id":"https:\/\/breeam-nor.byggalliansen.no\/v6\/kategorier-og-emner\/materialer\/mat-01-baerekraftige-materialvalg-lca-og-klimagassberegninger\/forkrav-tidligfase-klimagassberegning\/","url":"https:\/\/breeam-nor.byggalliansen.no\/v6\/kategorier-og-emner\/materialer\/mat-01-baerekraftige-materialvalg-lca-og-klimagassberegninger\/forkrav-tidligfase-klimagassberegning\/","name":"Forkrav: tidligfase klimagassberegning - BREEAM-NOR","isPartOf":{"@id":"https:\/\/breeam-nor.byggalliansen.no\/v6\/#website"},"datePublished":"2025-05-02T12:32:54+00:00","dateModified":"2025-09-03T10:15:42+00:00","breadcrumb":{"@id":"https:\/\/breeam-nor.byggalliansen.no\/v6\/kategorier-og-emner\/materialer\/mat-01-baerekraftige-materialvalg-lca-og-klimagassberegninger\/forkrav-tidligfase-klimagassberegning\/#breadcrumb"},"inLanguage":"nb-NO","potentialAction":[{"@type":"ReadAction","target":["https:\/\/breeam-nor.byggalliansen.no\/v6\/kategorier-og-emner\/materialer\/mat-01-baerekraftige-materialvalg-lca-og-klimagassberegninger\/forkrav-tidligfase-klimagassberegning\/"]}]},{"@type":"BreadcrumbList","@id":"https:\/\/breeam-nor.byggalliansen.no\/v6\/kategorier-og-emner\/materialer\/mat-01-baerekraftige-materialvalg-lca-og-klimagassberegninger\/forkrav-tidligfase-klimagassberegning\/#breadcrumb","itemListElement":[{"@type":"ListItem","position":1,"name":"BREEAM-NOR","item":"http:\/\/breeam-nor.byggalliansen.no\/v6\/"},{"@type":"ListItem","position":2,"name":"Kategorier og emner","item":"http:\/\/breeam-nor.byggalliansen.no\/v6\/kategorier-og-emner\/"},{"@type":"ListItem","position":3,"name":"Materialer","item":"http:\/\/breeam-nor.byggalliansen.no\/v6\/kategorier-og-emner\/materialer\/"},{"@type":"ListItem","position":4,"name":"Mat 01 B\u00e6rekraftige materialvalg \u2013 LCA og klimagassberegninger\u00a0","item":"https:\/\/breeam-nor.byggalliansen.no\/v6\/kategorier-og-emner\/materialer\/mat-01-baerekraftige-materialvalg-lca-og-klimagassberegninger\/"},{"@type":"ListItem","position":5,"name":"Forkrav: tidligfase klimagassberegning"}]},{"@type":"WebSite","@id":"https:\/\/breeam-nor.byggalliansen.no\/v6\/#website","url":"https:\/\/breeam-nor.byggalliansen.no\/v6\/","name":"BREEAM-NOR","description":"Versjon 6.1.1, 2024","potentialAction":[{"@type":"SearchAction","target":{"@type":"EntryPoint","urlTemplate":"https:\/\/breeam-nor.byggalliansen.no\/v6\/?s={search_term_string}"},"query-input":{"@type":"PropertyValueSpecification","valueRequired":true,"valueName":"search_term_string"}}],"inLanguage":"nb-NO"}]}},"_links":{"self":[{"href":"http:\/\/breeam-nor.byggalliansen.no\/v6\/wp-json\/wp\/v2\/pages\/5036","targetHints":{"allow":["GET"]}}],"collection":[{"href":"http:\/\/breeam-nor.byggalliansen.no\/v6\/wp-json\/wp\/v2\/pages"}],"about":[{"href":"http:\/\/breeam-nor.byggalliansen.no\/v6\/wp-json\/wp\/v2\/types\/page"}],"author":[{"embeddable":true,"href":"http:\/\/breeam-nor.byggalliansen.no\/v6\/wp-json\/wp\/v2\/users\/6"}],"replies":[{"embeddable":true,"href":"http:\/\/breeam-nor.byggalliansen.no\/v6\/wp-json\/wp\/v2\/comments?post=5036"}],"version-history":[{"count":3,"href":"http:\/\/breeam-nor.byggalliansen.no\/v6\/wp-json\/wp\/v2\/pages\/5036\/revisions"}],"predecessor-version":[{"id":6090,"href":"http:\/\/breeam-nor.byggalliansen.no\/v6\/wp-json\/wp\/v2\/pages\/5036\/revisions\/6090"}],"up":[{"embeddable":true,"href":"http:\/\/breeam-nor.byggalliansen.no\/v6\/wp-json\/wp\/v2\/pages\/4698"}],"wp:attachment":[{"href":"http:\/\/breeam-nor.byggalliansen.no\/v6\/wp-json\/wp\/v2\/media?parent=5036"}],"wp:term":[{"taxonomy":"category","embeddable":true,"href":"http:\/\/breeam-nor.byggalliansen.no\/v6\/wp-json\/wp\/v2\/categories?post=5036"},{"taxonomy":"connection","embeddable":true,"href":"http:\/\/breeam-nor.byggalliansen.no\/v6\/wp-json\/wp\/v2\/connection?post=5036"}],"curies":[{"name":"wp","href":"https:\/\/api.w.org\/{rel}","templated":true}]}}

<ol start="1" class="wp-block-list">
<li>Prosjektet gjør en tidligfaseberegning (i løpet av steg 3) av klimagassutslippet fra materialer som prosjektet tilfører bygget iht. NS 3720:2018. Se Metode for valg av verktøy og omfang.&nbsp;</li>



<li>Tidligfase-beregningen skal inneholde alternativsvurderinger og brukes som grunnlag for å velge fundamentering, design, løsninger og materialer med mål om å oppnå lav klimapåvirkning. Dersom en alternativ løsning med lavere klimapåvirkning ikke er valgt, skal dette begrunnes</li>
</ol>



<p></p>

<!-- This site is optimized with the Yoast SEO plugin v25.4 - https://yoast.com/wordpress/plugins/seo/ -->
<title>Forkrav: tidligfase klimagassberegning - BREEAM-NOR</title>
<meta name="robots" content="index, follow, max-snippet:-1, max-image-preview:large, max-video-preview:-1" />
<link rel="canonical" href="https://breeam-nor.byggalliansen.no/v6/kategorier-og-emner/materialer/mat-01-baerekraftige-materialvalg-lca-og-klimagassberegninger/forkrav-tidligfase-klimagassberegning/" />
<meta property="og:locale" content="nb_NO" />
<meta property="og:type" content="article" />
<meta property="og:title" content="Forkrav: tidligfase klimagassberegning - BREEAM-NOR" />
<meta property="og:url" content="https://breeam-nor.byggalliansen.no/v6/kategorier-og-emner/materialer/mat-01-baerekraftige-materialvalg-lca-og-klimagassberegninger/forkrav-tidligfase-klimagassberegning/" />
<meta property="og:site_name" content="BREEAM-NOR" />
<meta property="article:modified_time" content="2025-09-03T10:15:42+00:00" />
<meta name="twitter:card" content="summary_large_image" />
<meta name="twitter:label1" content="Ansl. lesetid" />
	<meta name="twitter:data1" content="1 minutt" />
<script type="application/ld+json" class="yoast-schema-graph">{"@context":"https://schema.org","@graph":[{"@type":"WebPage","@id":"https://breeam-nor.byggalliansen.no/v6/kategorier-og-emner/materialer/mat-01-baerekraftige-materialvalg-lca-og-klimagassberegninger/forkrav-tidligfase-klimagassberegning/","url":"https://breeam-nor.byggalliansen.no/v6/kategorier-og-emner/materialer/mat-01-baerekraftige-materialvalg-lca-og-klimagassberegninger/forkrav-tidligfase-klimagassberegning/","name":"Forkrav: tidligfase klimagassberegning - BREEAM-NOR","isPartOf":{"@id":"https://breeam-nor.byggalliansen.no/v6/#website"},"datePublished":"2025-05-02T12:32:54+00:00","dateModified":"2025-09-03T10:15:42+00:00","breadcrumb":{"@id":"https://breeam-nor.byggalliansen.no/v6/kategorier-og-emner/materialer/mat-01-baerekraftige-materialvalg-lca-og-klimagassberegninger/forkrav-tidligfase-klimagassberegning/#breadcrumb"},"inLanguage":"nb-NO","potentialAction":[{"@type":"ReadAction","target":["https://breeam-nor.byggalliansen.no/v6/kategorier-og-emner/materialer/mat-01-baerekraftige-materialvalg-lca-og-klimagassberegninger/forkrav-tidligfase-klimagassberegning/"]}]},{"@type":"BreadcrumbList","@id":"https://breeam-nor.byggalliansen.no/v6/kategorier-og-emner/materialer/mat-01-baerekraftige-materialvalg-lca-og-klimagassberegninger/forkrav-tidligfase-klimagassberegning/#breadcrumb","itemListElement":[{"@type":"ListItem","position":1,"name":"BREEAM-NOR","item":"http://breeam-nor.byggalliansen.no/v6/"},{"@type":"ListItem","position":2,"name":"Kategorier og emner","item":"http://breeam-nor.byggalliansen.no/v6/kategorier-og-emner/"},{"@type":"ListItem","position":3,"name":"Materialer","item":"http://breeam-nor.byggalliansen.no/v6/kategorier-og-emner/materialer/"},{"@type":"ListItem","position":4,"name":"Mat 01 Bærekraftige materialvalg – LCA og klimagassberegninger ","item":"https://breeam-nor.byggalliansen.no/v6/kategorier-og-emner/materialer/mat-01-baerekraftige-materialvalg-lca-og-klimagassberegninger/"},{"@type":"ListItem","position":5,"name":"Forkrav: tidligfase klimagassberegning"}]},{"@type":"WebSite","@id":"https://breeam-nor.byggalliansen.no/v6/#website","url":"https://breeam-nor.byggalliansen.no/v6/","name":"BREEAM-NOR","description":"Versjon 6.1.1, 2024","potentialAction":[{"@type":"SearchAction","target":{"@type":"EntryPoint","urlTemplate":"https://breeam-nor.byggalliansen.no/v6/?s={search_term_string}"},"query-input":{"@type":"PropertyValueSpecification","valueRequired":true,"valueName":"search_term_string"}}],"inLanguage":"nb-NO"}]}</script>
<!-- / Yoast SEO plugin. -->

Mat 01 Bærekraftige materialvalg – LCA og klimagassberegninger
