{"id":5228,"date":"2025-05-06T13:43:36","date_gmt":"2025-05-06T13:43:36","guid":{"rendered":"https:\/\/breeam-nor.byggalliansen.no\/v6\/?page_id=5228"},"modified":"2025-06-06T08:01:37","modified_gmt":"2025-06-06T08:01:37","slug":"reduksjon-av-bygningens-betydelige-uregulerte-energiforbruk","status":"publish","type":"page","link":"http:\/\/breeam-nor.byggalliansen.no\/v6\/kategorier-og-emner\/energi\/ene-08-energieffektivt-utstyr\/reduksjon-av-bygningens-betydelige-uregulerte-energiforbruk\/","title":{"rendered":"Reduksjon av bygningens betydelige uregulerte energiforbruk"},"content":{"rendered":"\n<ol class=\"wp-block-list\">\n<li>Identifiser bygningens <dfn aria-describedby=\"desc-1746538313769-5fez0m937\" data-definition=\"Uregulerte energilaster\">uregulerte energilaster<\/dfn>. Estimer hvor mye disse lastene bidrar til bygningens totale \u00e5rlige uregulerte energiforbruk under forutsetning av at det benyttes typiske\/standard produkter (se Metode).<\/li>\n\n\n\n<li>Identifiser hvilke av systemene eller prosessene som utgj\u00f8r en betydelig andel av bygningens totale \u00e5rlige uregulerte energiforbruk (se Metode).<\/li>\n\n\n\n<li>Dokumenter en betydelig reduksjon av bygningens totale uregulerte energiforbruk (se Metode). Tabell Ene 08-01 lister noen alternativer til vesentlige bidragsytere til uregulert energiforbruk. Der finnes ogs\u00e5 tilknyttede kriterier. Dersom kartleggingen i kriterium 1 og 2 identifiserer andre betydelige uregulerte energilaster enn dem som er oppgitt i tabellen, skal prosjekteringsgruppen begrunne hvordan en meningsfull reduksjon i energibehovet skal oppn\u00e5s for disse energilastene.<\/li>\n<\/ol>\n\n\n\n<h5 class=\"wp-block-heading\">Tabell Ene 08-01 Betydelige bidragsytere til uregulert energiforbruk for en rekke ulike bygningstyper eller funksjoner, samt l\u00f8sninger som vil vise samsvar<\/h5>\n\n\n\n<table id=\"tablepress-Ene08-01\" class=\"tablepress tablepress-id-Ene08-01\">\n<thead>\n<tr class=\"row-1\">\n\t<th class=\"column-1\"><strong>Alternativ<\/strong><\/th><th class=\"column-2\"><strong>Spesifikasjon<\/strong><\/th>\n<\/tr>\n<\/thead>\n<tbody>\n<tr class=\"row-2\">\n\t<td class=\"column-1\">A<\/td><td class=\"column-2\"><strong>Husholdningsapparater (individuelle og felles installasjoner)<\/strong><br \/>\nAlle <dfn aria-describedby=\"desc-hgjh3685\" data-definition=\"Hvitevarer\">hvitevarer<\/dfn> som leveres eller kan kj\u00f8pes fra tiltakshaveren, skal ha klassifiseringen nedenfor (eller bedre) iht. den europeiske energimerkeordningen for hvitevarer. Kravet gjelder energiattester basert p\u00e5 energimerkeordningen for hvitevarer og forbrukervarer som tr\u00e5dte i kraft 1. mars 2021):<br \/>\n<br \/>\n\t<strong>1.<\/strong>\tKj\u00f8leskap, frysere og kombiskap: E<br \/>\n\t<strong>2.<\/strong>\tVaskemaskiner: B<br \/>\n\t<strong>3.<\/strong>\tOppvaskmaskiner: D<br \/>\n\t<strong>4.<\/strong>\tVaskemaskiner med integrert t\u00f8rketrommel: D<br \/>\n\t<strong>5.<\/strong>\tT\u00f8rketromler:<br \/>\n\t\t<strong>ENTEN:<\/strong><br \/>\n\t\t\t<strong>a.<\/strong>\tD <br \/>\n\t\t<strong>ELLER:<\/strong><br \/>\n\t\t\t<strong>b.<\/strong>\tKun for <dfn aria-describedby=\"desc-143gsh\" data-definition=\"Bygninger med flere boenheter\">bygninger med flere boenheter<\/dfn>: Egnet innvendig t\u00f8rkeomr\u00e5de med plass til t\u00f8rkesnorer (se Metode) m\u00e5 tilrettelegges.<\/td>\n<\/tr>\n<tr class=\"row-3\">\n\t<td class=\"column-1\">B<\/td><td class=\"column-2\"><strong><dfn aria-describedby=\"desc-754jgf\" data-definition=\"Helsebygg\">Helsebygg<\/dfn><\/strong><br \/>\nAnskaffelse av <dfn aria-describedby=\"desc-7sh765f\" data-definition=\"Storskala-utstyr for helseinstitusjoner\">storskala-utstyr<\/dfn> og sett med elektrisk utstyr (flere enn 50) er valgt ut fra livssykluskostnadsanalyse (LCC).<br \/>\nStorskala-utstyr inkluderer utstyr til storkj\u00f8kken og vaskerier og alt annet utstyr med tilkoblede elektriske belastninger over 10 kW nominell inngangseffekt.<\/td>\n<\/tr>\n<tr class=\"row-4\">\n\t<td class=\"column-1\">C<\/td><td class=\"column-2\">\t<strong>Sv\u00f8mmebasseng<\/strong><br \/>\n\t<strong>1.<\/strong>\tBeskrive automatiske eller halvautomatiske bassengovertrekk eller \u00abflytende\u00bb bassengovertrekk med et automatisk doseringssystem montert p\u00e5 ALLE bassenger, herunder spabassenger og jacuzzier.<br \/>\n\t<strong>2.<\/strong>\tOvertrekket omslutter hele bassengflaten n\u00e5r det er rullet helt ut.<br \/>\n\t<strong>3.<\/strong>\tLufttemperaturen i bassenghallen reguleres slik at den er 1 \u00b0C over vanntemperaturen.<\/td>\n<\/tr>\n<tr class=\"row-5\">\n\t<td class=\"column-1\">D<\/td><td class=\"column-2\"><strong>Felles vaskeri med industrielle hvitevarer<\/strong><br \/>\nDet kan dokumenteres minst ett av f\u00f8lgende for industrielle hvitevarer:<br \/>\n\t<strong>1.<\/strong>\tSpesifikasjon av varmegjenvinning fra spillvann.<br \/>\n\t<strong>2.<\/strong>\tBruk av gr\u00e5vann til en del av vaskeprosessen. Dette kan v\u00e6re gjenvunnet fra sluttskyllingen for s\u00e5 \u00e5 brukes til neste forvask.<\/td>\n<\/tr>\n<tr class=\"row-6\">\n\t<td class=\"column-1\">E<\/td><td class=\"column-2\"><strong><dfn aria-describedby=\"desc-7365jgf\" data-definition=\"Datarom og serverrom\">Datarom og serverrom<\/dfn><\/strong><br \/>\n<strong>1.<\/strong>\tEnergieffektivitet (PUE Power Usage Effectivenes) er beregnet iht. NS 50600-4-2:2016+ A1:2019 Information technology. Data centre facilities and infrastructures Power Usage Effectiveness. <br \/>\n<br \/>\n<img loading=\"lazy\" decoding=\"async\" src=\"http:\/\/breeam-nor.byggalliansen.no\/v6\/wp-content\/uploads\/sites\/3\/2025\/05\/Picture1.png\" alt=\"\" width=\"152\" height=\"105\" class=\"alignnone size-full wp-image-5275\" \/><br \/>\nPUE b\u00f8r ikke v\u00e6re h\u00f8yere enn 1,4.<br \/>\nEDC: Totalt dataenergiforbruk (\u00e5rlig) i kWh<br \/>\nEIT: IT-utstyrs energiforbruk (\u00e5rlig) i kWh som inkluderer energiforbruk for UPS (Uninterruptible Power Supply) og kj\u00f8lere. <br \/>\n<br \/>\n<strong>2.<\/strong>\tSettpunktene for temperatur er ikke lavere enn 24 \u00b0C, m\u00e5lt i inntaket til dataracket.<\/td>\n<\/tr>\n<tr class=\"row-7\">\n\t<td class=\"column-1\">F<\/td><td class=\"column-2\"><strong>Kj\u00f8kken- og cateringutstyr<\/strong><br \/>\nInkludere minst to tredjedeler av energieffektivitetstiltakene som er skissert i \u00abseksjonssammendrag\u00bb-boksene i hver av de f\u00f8lgende delene av CIBSE Guide TM50  (unntatt som spesifisert).<br \/>\n<br \/>\nPunkt 8 &#8211; Fettutskiller, vannavl\u00f8p og fjerning av kj\u00f8kkenavfall dersom disse bruker energi<br \/>\nPunkt 9 &#8211; Energistyring \u2013 spesifikt styring som er relevante for apparater<br \/>\nPunkt 11 &#8211; Utstyrsspesifikasjoner \u2013 unntatt produksjons- eller redskapsspesifikasjoner<br \/>\nPunkt 12 \u2013 Kj\u00f8ling<br \/>\nPunkt 13 &#8211; Oppvask: oppvaskmaskiner og glassvaskere<br \/>\nPunkt 14 &#8211; Utstyr brukt ved forberedelse av varm mat<br \/>\nPunkt 15 &#8211; Vanntemperaturer, kraner og vannbesparende utstyr<br \/>\n<br \/>\nKj\u00f8leutstyr til kj\u00f8kken og serveringsfasiliteter b\u00f8r vurderes her, ikke i Ene 05 Energieffektivt kj\u00f8lelager. <\/td>\n<\/tr>\n<tr class=\"row-8\">\n\t<td class=\"column-1\">G<\/td><td class=\"column-2\"><strong>Sn\u00f8smelteanlegg<\/strong><br \/>\n<strong>1.<\/strong>\tDette emnet gjelder sn\u00f8smelteanlegg som fjerner sn\u00f8 og sikrer god adkomst til bygningen. Materialer og utforming (se Metode):<br \/>\n<strong>a.<\/strong>\tSn\u00f8smelteanlegget er utformet p\u00e5 en m\u00e5te som sikrer effektiv sn\u00f8smelting ved behov ved bruk av minst mulig energi og effekt.<br \/>\n<strong>b.<\/strong>\tAnlegget er utrustet med lokale temperatur- og fuktf\u00f8lere. F\u00f8lerne er plassert p\u00e5 en slik m\u00e5te at m\u00e5lingen gir representative verdier og at feildeteksjon i st\u00f8rst mulig grad unng\u00e5s (se Metode M3 pkt. 2\u20134). Anlegget har egen energim\u00e5ler iht. Ene 02<br \/>\n<strong>c<\/strong>.\tFor st\u00f8rre anlegg hvor det er omr\u00e5der med ulikt varmebehov, skal anlegget soneinndeles og utformes slik at hver sone har mulighet for \u00e5 styres etter behov (se Metode M3 pkt. 4c-8). <br \/>\n<br \/>\n<strong>2.<\/strong>\tStyring (se Metode):<br \/>\n<strong>a.<\/strong>\tAnlegget er integrert med og overv\u00e5kes av bygningens SD-anlegg.<br \/>\n<strong>b.<\/strong>\tLokale f\u00f8lere styrer smeltefunksjon og beredskapsfunksjon. For st\u00f8rre anlegg benyttes v\u00e6rprognoser for \u00e5 sette anlegget i beredskap (se Metode M3 pkt. 6\u20137)<br \/>\n<strong>c.<\/strong>\tFrostsikring og sikring mot overtemperatur ut p\u00e5 r\u00f8rsl\u00f8yfene er ivaretatt (se Metode M3 pkt. 5)<br \/>\n<strong>d.<\/strong>\tFor anlegg med flere soner skal hver sone kunne styres etter behov (se Metode M3 pkt. 8)<br \/>\n<strong>e.<\/strong>\tSt\u00f8rre anlegg har mulighet for effektbegrensning (se Metode M3 pkt. 9).<br \/>\n<br \/>\n<strong>3.<\/strong>\tEnergiforsyning (se Metode):<br \/>\n<strong>a.<\/strong>\tAnlegget er tilknyttet byggets varmeanlegg.* <br \/>\n<strong>b.<\/strong>\tAnlegget forsynes med klimavennlig energi p\u00e5 lik linje med bygningen for \u00f8vrig, iht. kriteriene 5\u20137 under Ene 01.<br \/>\n<br \/>\n*For ikke \u00e5 oppta elektrisk kapasitet p\u00e5 nettet er bruk av vannb\u00e5ren varme og spillvarme foretrukket. Prosjektet m\u00e5 rettferdiggj\u00f8re eventuell bruk av elektrisk oppvarming.<\/td>\n<\/tr>\n<tr class=\"row-9\">\n\t<td class=\"column-1\">H<\/td><td class=\"column-2\"><strong><dfn aria-describedby=\"desc-2754dkhg\" data-definition=\"IT-intensive omr\u00e5der\">IT-intensive omr\u00e5der<\/dfn><\/strong><br \/>\n<strong>1.<\/strong>\tSpesifiser en naturlig strategi for ventilasjon og kj\u00f8ling som standard. Bruk \u00f8kt ventilasjon kun n\u00e5r den interne temperaturen overskrider 20 \u00b0C, og aktiv kj\u00f8ling n\u00e5r den interne temperaturen overstiger 22 \u00b0C.<br \/>\n<strong>2.<\/strong>\tSpesifiser en mekanisme for at utstyret automatisk sl\u00e5s av n\u00e5r det ikke er i bruk, ogs\u00e5 over natten.<\/td>\n<\/tr>\n<\/tbody>\n<\/table>\n<!-- #tablepress-Ene08-01 from cache -->\n\n\n<p>[1]CIBSE TM50: Energy Efficiency in Commercial Kitchens, CIBSE, 2009. <a href=\"http:\/\/www.cibse.org\/knowledge\/knowledge-items\/detail?id=a0q20000008I7f3AAC\">http:\/\/www.cibse.org\/knowledge\/knowledge-items\/detail?id=a0q20000008I7f3AAC<\/a><\/p>\n","protected":false},"excerpt":{"rendered":"<p>Tabell Ene 08-01 Betydelige bidragsytere til uregulert energiforbruk for en rekke ulike bygningstyper eller funksjoner, samt l\u00f8sninger som vil vise samsvar [1]CIBSE TM50: Energy Efficiency in Commercial Kitchens, CIBSE, 2009. http:\/\/www.cibse.org\/knowledge\/knowledge-items\/detail?id=a0q20000008I7f3AAC<\/p>\n","protected":false},"author":5,"featured_media":0,"parent":4318,"menu_order":0,"comment_status":"closed","ping_status":"closed","template":"","meta":{"_acf_changed":false,"footnotes":""},"categories":[1],"connection":[397],"class_list":["post-5228","page","type-page","status-publish","hentry","category-kriterier","connection-3-8-1"],"acf":[],"yoast_head":"<!-- This site is optimized with the Yoast SEO plugin v25.4 - https:\/\/yoast.com\/wordpress\/plugins\/seo\/ -->\n<title>Reduksjon av bygningens betydelige uregulerte energiforbruk - BREEAM-NOR<\/title>\n<meta name=\"robots\" content=\"index, follow, max-snippet:-1, max-image-preview:large, max-video-preview:-1\" \/>\n<link rel=\"canonical\" href=\"http:\/\/breeam-nor.byggalliansen.no\/v6\/kategorier-og-emner\/energi\/ene-08-energieffektivt-utstyr\/reduksjon-av-bygningens-betydelige-uregulerte-energiforbruk\/\" \/>\n<meta property=\"og:locale\" content=\"nb_NO\" \/>\n<meta property=\"og:type\" content=\"article\" \/>\n<meta property=\"og:title\" content=\"Reduksjon av bygningens betydelige uregulerte energiforbruk - BREEAM-NOR\" \/>\n<meta property=\"og:description\" content=\"Tabell Ene 08-01 Betydelige bidragsytere til uregulert energiforbruk for en rekke ulike bygningstyper eller funksjoner, samt l\u00f8sninger som vil vise samsvar [1]CIBSE TM50: Energy Efficiency in Commercial Kitchens, CIBSE, 2009. http:\/\/www.cibse.org\/knowledge\/knowledge-items\/detail?id=a0q20000008I7f3AAC\" \/>\n<meta property=\"og:url\" content=\"http:\/\/breeam-nor.byggalliansen.no\/v6\/kategorier-og-emner\/energi\/ene-08-energieffektivt-utstyr\/reduksjon-av-bygningens-betydelige-uregulerte-energiforbruk\/\" \/>\n<meta property=\"og:site_name\" content=\"BREEAM-NOR\" \/>\n<meta property=\"article:modified_time\" content=\"2025-06-06T08:01:37+00:00\" \/>\n<meta name=\"twitter:card\" content=\"summary_large_image\" \/>\n<meta name=\"twitter:label1\" content=\"Ansl. lesetid\" \/>\n\t<meta name=\"twitter:data1\" content=\"1 minutt\" \/>\n<script type=\"application\/ld+json\" class=\"yoast-schema-graph\">{\"@context\":\"https:\/\/schema.org\",\"@graph\":[{\"@type\":\"WebPage\",\"@id\":\"http:\/\/breeam-nor.byggalliansen.no\/v6\/kategorier-og-emner\/energi\/ene-08-energieffektivt-utstyr\/reduksjon-av-bygningens-betydelige-uregulerte-energiforbruk\/\",\"url\":\"http:\/\/breeam-nor.byggalliansen.no\/v6\/kategorier-og-emner\/energi\/ene-08-energieffektivt-utstyr\/reduksjon-av-bygningens-betydelige-uregulerte-energiforbruk\/\",\"name\":\"Reduksjon av bygningens betydelige uregulerte energiforbruk - BREEAM-NOR\",\"isPartOf\":{\"@id\":\"https:\/\/breeam-nor.byggalliansen.no\/v6\/#website\"},\"datePublished\":\"2025-05-06T13:43:36+00:00\",\"dateModified\":\"2025-06-06T08:01:37+00:00\",\"breadcrumb\":{\"@id\":\"http:\/\/breeam-nor.byggalliansen.no\/v6\/kategorier-og-emner\/energi\/ene-08-energieffektivt-utstyr\/reduksjon-av-bygningens-betydelige-uregulerte-energiforbruk\/#breadcrumb\"},\"inLanguage\":\"nb-NO\",\"potentialAction\":[{\"@type\":\"ReadAction\",\"target\":[\"http:\/\/breeam-nor.byggalliansen.no\/v6\/kategorier-og-emner\/energi\/ene-08-energieffektivt-utstyr\/reduksjon-av-bygningens-betydelige-uregulerte-energiforbruk\/\"]}]},{\"@type\":\"BreadcrumbList\",\"@id\":\"http:\/\/breeam-nor.byggalliansen.no\/v6\/kategorier-og-emner\/energi\/ene-08-energieffektivt-utstyr\/reduksjon-av-bygningens-betydelige-uregulerte-energiforbruk\/#breadcrumb\",\"itemListElement\":[{\"@type\":\"ListItem\",\"position\":1,\"name\":\"BREEAM-NOR\",\"item\":\"http:\/\/breeam-nor.byggalliansen.no\/v6\/\"},{\"@type\":\"ListItem\",\"position\":2,\"name\":\"Kategorier og emner\",\"item\":\"https:\/\/breeam-nor.byggalliansen.no\/v6\/kategorier-og-emner\/\"},{\"@type\":\"ListItem\",\"position\":3,\"name\":\"Energi\",\"item\":\"https:\/\/breeam-nor.byggalliansen.no\/v6\/kategorier-og-emner\/energi\/\"},{\"@type\":\"ListItem\",\"position\":4,\"name\":\"Ene 08 Energieffektivt utstyr\",\"item\":\"https:\/\/breeam-nor.byggalliansen.no\/v6\/kategorier-og-emner\/energi\/ene-08-energieffektivt-utstyr\/\"},{\"@type\":\"ListItem\",\"position\":5,\"name\":\"Reduksjon av bygningens betydelige uregulerte energiforbruk\"}]},{\"@type\":\"WebSite\",\"@id\":\"https:\/\/breeam-nor.byggalliansen.no\/v6\/#website\",\"url\":\"https:\/\/breeam-nor.byggalliansen.no\/v6\/\",\"name\":\"BREEAM-NOR\",\"description\":\"Versjon 6.1.1, 2024\",\"potentialAction\":[{\"@type\":\"SearchAction\",\"target\":{\"@type\":\"EntryPoint\",\"urlTemplate\":\"https:\/\/breeam-nor.byggalliansen.no\/v6\/?s={search_term_string}\"},\"query-input\":{\"@type\":\"PropertyValueSpecification\",\"valueRequired\":true,\"valueName\":\"search_term_string\"}}],\"inLanguage\":\"nb-NO\"}]}<\/script>\n<!-- \/ Yoast SEO plugin. -->","yoast_head_json":{"title":"Reduksjon av bygningens betydelige uregulerte energiforbruk - BREEAM-NOR","robots":{"index":"index","follow":"follow","max-snippet":"max-snippet:-1","max-image-preview":"max-image-preview:large","max-video-preview":"max-video-preview:-1"},"canonical":"http:\/\/breeam-nor.byggalliansen.no\/v6\/kategorier-og-emner\/energi\/ene-08-energieffektivt-utstyr\/reduksjon-av-bygningens-betydelige-uregulerte-energiforbruk\/","og_locale":"nb_NO","og_type":"article","og_title":"Reduksjon av bygningens betydelige uregulerte energiforbruk - BREEAM-NOR","og_description":"Tabell Ene 08-01 Betydelige bidragsytere til uregulert energiforbruk for en rekke ulike bygningstyper eller funksjoner, samt l\u00f8sninger som vil vise samsvar [1]CIBSE TM50: Energy Efficiency in Commercial Kitchens, CIBSE, 2009. http:\/\/www.cibse.org\/knowledge\/knowledge-items\/detail?id=a0q20000008I7f3AAC","og_url":"http:\/\/breeam-nor.byggalliansen.no\/v6\/kategorier-og-emner\/energi\/ene-08-energieffektivt-utstyr\/reduksjon-av-bygningens-betydelige-uregulerte-energiforbruk\/","og_site_name":"BREEAM-NOR","article_modified_time":"2025-06-06T08:01:37+00:00","twitter_card":"summary_large_image","twitter_misc":{"Ansl. lesetid":"1 minutt"},"schema":{"@context":"https:\/\/schema.org","@graph":[{"@type":"WebPage","@id":"http:\/\/breeam-nor.byggalliansen.no\/v6\/kategorier-og-emner\/energi\/ene-08-energieffektivt-utstyr\/reduksjon-av-bygningens-betydelige-uregulerte-energiforbruk\/","url":"http:\/\/breeam-nor.byggalliansen.no\/v6\/kategorier-og-emner\/energi\/ene-08-energieffektivt-utstyr\/reduksjon-av-bygningens-betydelige-uregulerte-energiforbruk\/","name":"Reduksjon av bygningens betydelige uregulerte energiforbruk - BREEAM-NOR","isPartOf":{"@id":"https:\/\/breeam-nor.byggalliansen.no\/v6\/#website"},"datePublished":"2025-05-06T13:43:36+00:00","dateModified":"2025-06-06T08:01:37+00:00","breadcrumb":{"@id":"http:\/\/breeam-nor.byggalliansen.no\/v6\/kategorier-og-emner\/energi\/ene-08-energieffektivt-utstyr\/reduksjon-av-bygningens-betydelige-uregulerte-energiforbruk\/#breadcrumb"},"inLanguage":"nb-NO","potentialAction":[{"@type":"ReadAction","target":["http:\/\/breeam-nor.byggalliansen.no\/v6\/kategorier-og-emner\/energi\/ene-08-energieffektivt-utstyr\/reduksjon-av-bygningens-betydelige-uregulerte-energiforbruk\/"]}]},{"@type":"BreadcrumbList","@id":"http:\/\/breeam-nor.byggalliansen.no\/v6\/kategorier-og-emner\/energi\/ene-08-energieffektivt-utstyr\/reduksjon-av-bygningens-betydelige-uregulerte-energiforbruk\/#breadcrumb","itemListElement":[{"@type":"ListItem","position":1,"name":"BREEAM-NOR","item":"http:\/\/breeam-nor.byggalliansen.no\/v6\/"},{"@type":"ListItem","position":2,"name":"Kategorier og emner","item":"https:\/\/breeam-nor.byggalliansen.no\/v6\/kategorier-og-emner\/"},{"@type":"ListItem","position":3,"name":"Energi","item":"https:\/\/breeam-nor.byggalliansen.no\/v6\/kategorier-og-emner\/energi\/"},{"@type":"ListItem","position":4,"name":"Ene 08 Energieffektivt utstyr","item":"https:\/\/breeam-nor.byggalliansen.no\/v6\/kategorier-og-emner\/energi\/ene-08-energieffektivt-utstyr\/"},{"@type":"ListItem","position":5,"name":"Reduksjon av bygningens betydelige uregulerte energiforbruk"}]},{"@type":"WebSite","@id":"https:\/\/breeam-nor.byggalliansen.no\/v6\/#website","url":"https:\/\/breeam-nor.byggalliansen.no\/v6\/","name":"BREEAM-NOR","description":"Versjon 6.1.1, 2024","potentialAction":[{"@type":"SearchAction","target":{"@type":"EntryPoint","urlTemplate":"https:\/\/breeam-nor.byggalliansen.no\/v6\/?s={search_term_string}"},"query-input":{"@type":"PropertyValueSpecification","valueRequired":true,"valueName":"search_term_string"}}],"inLanguage":"nb-NO"}]}},"_links":{"self":[{"href":"http:\/\/breeam-nor.byggalliansen.no\/v6\/wp-json\/wp\/v2\/pages\/5228","targetHints":{"allow":["GET"]}}],"collection":[{"href":"http:\/\/breeam-nor.byggalliansen.no\/v6\/wp-json\/wp\/v2\/pages"}],"about":[{"href":"http:\/\/breeam-nor.byggalliansen.no\/v6\/wp-json\/wp\/v2\/types\/page"}],"author":[{"embeddable":true,"href":"http:\/\/breeam-nor.byggalliansen.no\/v6\/wp-json\/wp\/v2\/users\/5"}],"replies":[{"embeddable":true,"href":"http:\/\/breeam-nor.byggalliansen.no\/v6\/wp-json\/wp\/v2\/comments?post=5228"}],"version-history":[{"count":4,"href":"http:\/\/breeam-nor.byggalliansen.no\/v6\/wp-json\/wp\/v2\/pages\/5228\/revisions"}],"predecessor-version":[{"id":6066,"href":"http:\/\/breeam-nor.byggalliansen.no\/v6\/wp-json\/wp\/v2\/pages\/5228\/revisions\/6066"}],"up":[{"embeddable":true,"href":"http:\/\/breeam-nor.byggalliansen.no\/v6\/wp-json\/wp\/v2\/pages\/4318"}],"wp:attachment":[{"href":"http:\/\/breeam-nor.byggalliansen.no\/v6\/wp-json\/wp\/v2\/media?parent=5228"}],"wp:term":[{"taxonomy":"category","embeddable":true,"href":"http:\/\/breeam-nor.byggalliansen.no\/v6\/wp-json\/wp\/v2\/categories?post=5228"},{"taxonomy":"connection","embeddable":true,"href":"http:\/\/breeam-nor.byggalliansen.no\/v6\/wp-json\/wp\/v2\/connection?post=5228"}],"curies":[{"name":"wp","href":"https:\/\/api.w.org\/{rel}","templated":true}]}}