{"id":5345,"date":"2025-05-09T12:45:23","date_gmt":"2025-05-09T12:45:46","guid":{"rendered":"https:\/\/breeam-nor.byggalliansen.no\/v6\/?page_id=5345"},"modified":"2025-06-06T08:12:01","modified_gmt":"2025-06-06T08:12:01","slug":"ekstern-lysforurensning","status":"publish","type":"page","link":"http:\/\/breeam-nor.byggalliansen.no\/v6\/kategorier-og-emner\/forurensning\/pol-5-stoydemping-alle-bygg-unntatt-boliger\/ekstern-lysforurensning\/","title":{"rendered":"St\u00f8ysensitive omr\u00e5der"},"content":{"rendered":"\n<h3 class=\"wp-block-heading\">Ingen st\u00f8ysensitive omr\u00e5der<\/h3>\n\n\n\n<ol class=\"wp-block-list\">\n<li>Det finnes ingen <dfn aria-describedby=\"desc-1746794728330-gdjo92hhn\" data-definition=\"St\u00f8ysensitivt omr\u00e5de\">st\u00f8ysensitive omr\u00e5der eller bygg<\/dfn> innenfor en 800 m radius fra det vurderte bygget.<\/li>\n<\/ol>\n\n\n\n<p>ELLER<\/p>\n\n\n\n<h3 class=\"wp-block-heading\">Minimert st\u00f8yforurensning for sensitive omr\u00e5der<\/h3>\n\n\n\n<ol start=\"2\" class=\"wp-block-list\">\n<li>Dersom det er, eller vil v\u00e6re, <dfn aria-describedby=\"desc-1746794593301-5dnbttz5q\" data-definition=\"St\u00f8ysensitivt omr\u00e5de\">st\u00f8ysensitive omr\u00e5der<\/dfn> innenfor den vurderte bygningen eller st\u00f8ysensitive omr\u00e5der innenfor en radius p\u00e5 800 m fra det vurderte utbyggingsomr\u00e5det, er en st\u00f8ykonsekvensutredning og m\u00e5lte eller estimerte st\u00f8yniv\u00e5er i overensstemmelse med ISO 1996-2:2017. St\u00f8yniv\u00e5er skal m\u00e5les eller fastsettes for f\u00f8lgende:\n<ol style=\"list-style-type:lower-alpha\" class=\"wp-block-list\">\n<li><span style=\"font-size: clamp(1rem, 0.9107rem + 0.2857vw, 1.125rem);, sans-serif\">eksisterende <dfn aria-describedby=\"desc-1746794610703-b6jhxc3q3\" data-definition=\"Bakgrunnsst\u00f8y\">bakgrunnsst\u00f8yniv\u00e5er<\/dfn>:<\/span>\n<ol style=\"list-style-type:lower-roman\" class=\"wp-block-list\">\n<li><span style=\"font-size: clamp(1rem, 0.9107rem + 0.2857vw, 1.125rem);, sans-serif\">ved det n\u00e6rmeste eller mest utsatte st\u00f8ysensitive omr\u00e5det til utbyggingsomr\u00e5det, eller et tilsvarende sted der bakgrunnsst\u00f8yniv\u00e5ene kan regnes for \u00e5 v\u00e6re tilsvarende<\/span><\/li>\n\n\n\n<li><span style=\"font-size: clamp(1rem, 0.9107rem + 0.2857vw, 1.125rem);, sans-serif\">inkluderer eksisterende anlegg i en bygning, hvor utbyggingsomr\u00e5det er en utvidelse av bygningen<\/span><\/li>\n<\/ol>\n<\/li>\n\n\n\n<li>st\u00f8yniv\u00e5 fra den vurderte bygningen<\/li>\n<\/ol>\n<\/li>\n\n\n\n<li>St\u00f8ykonsekvensutredningen skal utf\u00f8res av en <dfn aria-describedby=\"desc-1746794630320-q59dd6fem\" data-definition=\"Kvalifisert akustiker\">kvalifisert akustiker<\/dfn> med anerkjente kvalifikasjoner<\/li>\n\n\n\n<li>St\u00f8yniv\u00e5et fra den vurderte bygningen, m\u00e5les i omgivelsene til det n\u00e6rmeste eller mest eksponerte st\u00f8yf\u00f8lsomme omr\u00e5det, og skal v\u00e6re minst 5 dB lavere enn bakgrunnsst\u00f8yen over hele d\u00f8gnet.<\/li>\n\n\n\n<li>Hvis st\u00f8ykildene fra den vurderte bygningen er st\u00f8rre enn niv\u00e5ene beskrevet i kriterium 4, er det satt i verk tiltak for \u00e5 dempe st\u00f8yen ved kilden til et niv\u00e5 der bygningen vil oppfylle kriteriet.<\/li>\n<\/ol>\n","protected":false},"excerpt":{"rendered":"<p>Ingen st\u00f8ysensitive omr\u00e5der ELLER Minimert st\u00f8yforurensning for sensitive omr\u00e5der<\/p>\n","protected":false},"author":5,"featured_media":0,"parent":4765,"menu_order":0,"comment_status":"closed","ping_status":"closed","template":"","meta":{"_acf_changed":false,"footnotes":""},"categories":[1],"connection":[412],"class_list":["post-5345","page","type-page","status-publish","hentry","category-kriterier","connection-9-5-1"],"acf":[],"yoast_head":"<!-- This site is optimized with the Yoast SEO plugin v25.4 - https:\/\/yoast.com\/wordpress\/plugins\/seo\/ -->\n<title>St\u00f8ysensitive omr\u00e5der - BREEAM-NOR<\/title>\n<meta name=\"robots\" content=\"index, follow, max-snippet:-1, max-image-preview:large, max-video-preview:-1\" \/>\n<link rel=\"canonical\" href=\"http:\/\/breeam-nor.byggalliansen.no\/v6\/kategorier-og-emner\/forurensning\/pol-5-stoydemping-alle-bygg-unntatt-boliger\/ekstern-lysforurensning\/\" \/>\n<meta property=\"og:locale\" content=\"nb_NO\" \/>\n<meta property=\"og:type\" content=\"article\" \/>\n<meta property=\"og:title\" content=\"St\u00f8ysensitive omr\u00e5der - BREEAM-NOR\" \/>\n<meta property=\"og:description\" content=\"Ingen st\u00f8ysensitive omr\u00e5der ELLER Minimert st\u00f8yforurensning for sensitive omr\u00e5der\" \/>\n<meta property=\"og:url\" content=\"http:\/\/breeam-nor.byggalliansen.no\/v6\/kategorier-og-emner\/forurensning\/pol-5-stoydemping-alle-bygg-unntatt-boliger\/ekstern-lysforurensning\/\" \/>\n<meta property=\"og:site_name\" content=\"BREEAM-NOR\" \/>\n<meta property=\"article:modified_time\" content=\"2025-06-06T08:12:01+00:00\" \/>\n<meta name=\"twitter:card\" content=\"summary_large_image\" \/>\n<meta name=\"twitter:label1\" content=\"Ansl. lesetid\" \/>\n\t<meta name=\"twitter:data1\" content=\"2 minutter\" \/>\n<script type=\"application\/ld+json\" class=\"yoast-schema-graph\">{\"@context\":\"https:\/\/schema.org\",\"@graph\":[{\"@type\":\"WebPage\",\"@id\":\"http:\/\/breeam-nor.byggalliansen.no\/v6\/kategorier-og-emner\/forurensning\/pol-5-stoydemping-alle-bygg-unntatt-boliger\/ekstern-lysforurensning\/\",\"url\":\"http:\/\/breeam-nor.byggalliansen.no\/v6\/kategorier-og-emner\/forurensning\/pol-5-stoydemping-alle-bygg-unntatt-boliger\/ekstern-lysforurensning\/\",\"name\":\"St\u00f8ysensitive omr\u00e5der - BREEAM-NOR\",\"isPartOf\":{\"@id\":\"https:\/\/breeam-nor.byggalliansen.no\/v6\/#website\"},\"datePublished\":\"2025-05-09T12:45:46+00:00\",\"dateModified\":\"2025-06-06T08:12:01+00:00\",\"breadcrumb\":{\"@id\":\"http:\/\/breeam-nor.byggalliansen.no\/v6\/kategorier-og-emner\/forurensning\/pol-5-stoydemping-alle-bygg-unntatt-boliger\/ekstern-lysforurensning\/#breadcrumb\"},\"inLanguage\":\"nb-NO\",\"potentialAction\":[{\"@type\":\"ReadAction\",\"target\":[\"http:\/\/breeam-nor.byggalliansen.no\/v6\/kategorier-og-emner\/forurensning\/pol-5-stoydemping-alle-bygg-unntatt-boliger\/ekstern-lysforurensning\/\"]}]},{\"@type\":\"BreadcrumbList\",\"@id\":\"http:\/\/breeam-nor.byggalliansen.no\/v6\/kategorier-og-emner\/forurensning\/pol-5-stoydemping-alle-bygg-unntatt-boliger\/ekstern-lysforurensning\/#breadcrumb\",\"itemListElement\":[{\"@type\":\"ListItem\",\"position\":1,\"name\":\"BREEAM-NOR\",\"item\":\"http:\/\/breeam-nor.byggalliansen.no\/v6\/\"},{\"@type\":\"ListItem\",\"position\":2,\"name\":\"Kategorier og emner\",\"item\":\"https:\/\/breeam-nor.byggalliansen.no\/v6\/kategorier-og-emner\/\"},{\"@type\":\"ListItem\",\"position\":3,\"name\":\"Forurensning\",\"item\":\"http:\/\/breeam-nor.byggalliansen.no\/v6\/kategorier-og-emner\/forurensning\/\"},{\"@type\":\"ListItem\",\"position\":4,\"name\":\"Pol 5 St\u00f8ydemping (alle bygg, unntatt boliger)\",\"item\":\"http:\/\/breeam-nor.byggalliansen.no\/v6\/kategorier-og-emner\/forurensning\/pol-5-stoydemping-alle-bygg-unntatt-boliger\/\"},{\"@type\":\"ListItem\",\"position\":5,\"name\":\"St\u00f8ysensitive omr\u00e5der\"}]},{\"@type\":\"WebSite\",\"@id\":\"https:\/\/breeam-nor.byggalliansen.no\/v6\/#website\",\"url\":\"https:\/\/breeam-nor.byggalliansen.no\/v6\/\",\"name\":\"BREEAM-NOR\",\"description\":\"Versjon 6.1.1, 2024\",\"potentialAction\":[{\"@type\":\"SearchAction\",\"target\":{\"@type\":\"EntryPoint\",\"urlTemplate\":\"https:\/\/breeam-nor.byggalliansen.no\/v6\/?s={search_term_string}\"},\"query-input\":{\"@type\":\"PropertyValueSpecification\",\"valueRequired\":true,\"valueName\":\"search_term_string\"}}],\"inLanguage\":\"nb-NO\"}]}<\/script>\n<!-- \/ Yoast SEO plugin. -->","yoast_head_json":{"title":"St\u00f8ysensitive omr\u00e5der - BREEAM-NOR","robots":{"index":"index","follow":"follow","max-snippet":"max-snippet:-1","max-image-preview":"max-image-preview:large","max-video-preview":"max-video-preview:-1"},"canonical":"http:\/\/breeam-nor.byggalliansen.no\/v6\/kategorier-og-emner\/forurensning\/pol-5-stoydemping-alle-bygg-unntatt-boliger\/ekstern-lysforurensning\/","og_locale":"nb_NO","og_type":"article","og_title":"St\u00f8ysensitive omr\u00e5der - BREEAM-NOR","og_description":"Ingen st\u00f8ysensitive omr\u00e5der ELLER Minimert st\u00f8yforurensning for sensitive omr\u00e5der","og_url":"http:\/\/breeam-nor.byggalliansen.no\/v6\/kategorier-og-emner\/forurensning\/pol-5-stoydemping-alle-bygg-unntatt-boliger\/ekstern-lysforurensning\/","og_site_name":"BREEAM-NOR","article_modified_time":"2025-06-06T08:12:01+00:00","twitter_card":"summary_large_image","twitter_misc":{"Ansl. lesetid":"2 minutter"},"schema":{"@context":"https:\/\/schema.org","@graph":[{"@type":"WebPage","@id":"http:\/\/breeam-nor.byggalliansen.no\/v6\/kategorier-og-emner\/forurensning\/pol-5-stoydemping-alle-bygg-unntatt-boliger\/ekstern-lysforurensning\/","url":"http:\/\/breeam-nor.byggalliansen.no\/v6\/kategorier-og-emner\/forurensning\/pol-5-stoydemping-alle-bygg-unntatt-boliger\/ekstern-lysforurensning\/","name":"St\u00f8ysensitive omr\u00e5der - BREEAM-NOR","isPartOf":{"@id":"https:\/\/breeam-nor.byggalliansen.no\/v6\/#website"},"datePublished":"2025-05-09T12:45:46+00:00","dateModified":"2025-06-06T08:12:01+00:00","breadcrumb":{"@id":"http:\/\/breeam-nor.byggalliansen.no\/v6\/kategorier-og-emner\/forurensning\/pol-5-stoydemping-alle-bygg-unntatt-boliger\/ekstern-lysforurensning\/#breadcrumb"},"inLanguage":"nb-NO","potentialAction":[{"@type":"ReadAction","target":["http:\/\/breeam-nor.byggalliansen.no\/v6\/kategorier-og-emner\/forurensning\/pol-5-stoydemping-alle-bygg-unntatt-boliger\/ekstern-lysforurensning\/"]}]},{"@type":"BreadcrumbList","@id":"http:\/\/breeam-nor.byggalliansen.no\/v6\/kategorier-og-emner\/forurensning\/pol-5-stoydemping-alle-bygg-unntatt-boliger\/ekstern-lysforurensning\/#breadcrumb","itemListElement":[{"@type":"ListItem","position":1,"name":"BREEAM-NOR","item":"http:\/\/breeam-nor.byggalliansen.no\/v6\/"},{"@type":"ListItem","position":2,"name":"Kategorier og emner","item":"https:\/\/breeam-nor.byggalliansen.no\/v6\/kategorier-og-emner\/"},{"@type":"ListItem","position":3,"name":"Forurensning","item":"http:\/\/breeam-nor.byggalliansen.no\/v6\/kategorier-og-emner\/forurensning\/"},{"@type":"ListItem","position":4,"name":"Pol 5 St\u00f8ydemping (alle bygg, unntatt boliger)","item":"http:\/\/breeam-nor.byggalliansen.no\/v6\/kategorier-og-emner\/forurensning\/pol-5-stoydemping-alle-bygg-unntatt-boliger\/"},{"@type":"ListItem","position":5,"name":"St\u00f8ysensitive omr\u00e5der"}]},{"@type":"WebSite","@id":"https:\/\/breeam-nor.byggalliansen.no\/v6\/#website","url":"https:\/\/breeam-nor.byggalliansen.no\/v6\/","name":"BREEAM-NOR","description":"Versjon 6.1.1, 2024","potentialAction":[{"@type":"SearchAction","target":{"@type":"EntryPoint","urlTemplate":"https:\/\/breeam-nor.byggalliansen.no\/v6\/?s={search_term_string}"},"query-input":{"@type":"PropertyValueSpecification","valueRequired":true,"valueName":"search_term_string"}}],"inLanguage":"nb-NO"}]}},"_links":{"self":[{"href":"http:\/\/breeam-nor.byggalliansen.no\/v6\/wp-json\/wp\/v2\/pages\/5345","targetHints":{"allow":["GET"]}}],"collection":[{"href":"http:\/\/breeam-nor.byggalliansen.no\/v6\/wp-json\/wp\/v2\/pages"}],"about":[{"href":"http:\/\/breeam-nor.byggalliansen.no\/v6\/wp-json\/wp\/v2\/types\/page"}],"author":[{"embeddable":true,"href":"http:\/\/breeam-nor.byggalliansen.no\/v6\/wp-json\/wp\/v2\/users\/5"}],"replies":[{"embeddable":true,"href":"http:\/\/breeam-nor.byggalliansen.no\/v6\/wp-json\/wp\/v2\/comments?post=5345"}],"version-history":[{"count":3,"href":"http:\/\/breeam-nor.byggalliansen.no\/v6\/wp-json\/wp\/v2\/pages\/5345\/revisions"}],"predecessor-version":[{"id":5393,"href":"http:\/\/breeam-nor.byggalliansen.no\/v6\/wp-json\/wp\/v2\/pages\/5345\/revisions\/5393"}],"up":[{"embeddable":true,"href":"http:\/\/breeam-nor.byggalliansen.no\/v6\/wp-json\/wp\/v2\/pages\/4765"}],"wp:attachment":[{"href":"http:\/\/breeam-nor.byggalliansen.no\/v6\/wp-json\/wp\/v2\/media?parent=5345"}],"wp:term":[{"taxonomy":"category","embeddable":true,"href":"http:\/\/breeam-nor.byggalliansen.no\/v6\/wp-json\/wp\/v2\/categories?post=5345"},{"taxonomy":"connection","embeddable":true,"href":"http:\/\/breeam-nor.byggalliansen.no\/v6\/wp-json\/wp\/v2\/connection?post=5345"}],"curies":[{"name":"wp","href":"https:\/\/api.w.org\/{rel}","templated":true}]}}

Støysensitive områder

<h3 class="wp-block-heading">Ingen støysensitive områder</h3>



<ol class="wp-block-list">
<li>Det finnes ingen <dfn aria-describedby="desc-1746794728330-gdjo92hhn" data-definition="Støysensitivt område">støysensitive områder eller bygg</dfn> innenfor en 800 m radius fra det vurderte bygget.</li>
</ol>



<p>ELLER</p>



<h3 class="wp-block-heading">Minimert støyforurensning for sensitive områder</h3>



<ol start="2" class="wp-block-list">
<li>Dersom det er, eller vil være, <dfn aria-describedby="desc-1746794593301-5dnbttz5q" data-definition="Støysensitivt område">støysensitive områder</dfn> innenfor den vurderte bygningen eller støysensitive områder innenfor en radius på 800 m fra det vurderte utbyggingsområdet, er en støykonsekvensutredning og målte eller estimerte støynivåer i overensstemmelse med ISO 1996-2:2017. Støynivåer skal måles eller fastsettes for følgende:
<ol style="list-style-type:lower-alpha" class="wp-block-list">
<li><span style="font-size: clamp(1rem, 0.9107rem + 0.2857vw, 1.125rem);, sans-serif">eksisterende <dfn aria-describedby="desc-1746794610703-b6jhxc3q3" data-definition="Bakgrunnsstøy">bakgrunnsstøynivåer</dfn>:</span>
<ol style="list-style-type:lower-roman" class="wp-block-list">
<li><span style="font-size: clamp(1rem, 0.9107rem + 0.2857vw, 1.125rem);, sans-serif">ved det nærmeste eller mest utsatte støysensitive området til utbyggingsområdet, eller et tilsvarende sted der bakgrunnsstøynivåene kan regnes for å være tilsvarende</span></li>



<li><span style="font-size: clamp(1rem, 0.9107rem + 0.2857vw, 1.125rem);, sans-serif">inkluderer eksisterende anlegg i en bygning, hvor utbyggingsområdet er en utvidelse av bygningen</span></li>
</ol>
</li>



<li>støynivå fra den vurderte bygningen</li>
</ol>
</li>



<li>Støykonsekvensutredningen skal utføres av en <dfn aria-describedby="desc-1746794630320-q59dd6fem" data-definition="Kvalifisert akustiker">kvalifisert akustiker</dfn> med anerkjente kvalifikasjoner</li>



<li>Støynivået fra den vurderte bygningen, måles i omgivelsene til det nærmeste eller mest eksponerte støyfølsomme området, og skal være minst 5 dB lavere enn bakgrunnsstøyen over hele døgnet.</li>



<li>Hvis støykildene fra den vurderte bygningen er større enn nivåene beskrevet i kriterium 4, er det satt i verk tiltak for å dempe støyen ved kilden til et nivå der bygningen vil oppfylle kriteriet.</li>
</ol>

<p>Ingen støysensitive områder ELLER Minimert støyforurensning for sensitive områder</p>

<!-- This site is optimized with the Yoast SEO plugin v25.4 - https://yoast.com/wordpress/plugins/seo/ -->
<title>Støysensitive områder - BREEAM-NOR</title>
<meta name="robots" content="index, follow, max-snippet:-1, max-image-preview:large, max-video-preview:-1" />
<link rel="canonical" href="http://breeam-nor.byggalliansen.no/v6/kategorier-og-emner/forurensning/pol-5-stoydemping-alle-bygg-unntatt-boliger/ekstern-lysforurensning/" />
<meta property="og:locale" content="nb_NO" />
<meta property="og:type" content="article" />
<meta property="og:title" content="Støysensitive områder - BREEAM-NOR" />
<meta property="og:description" content="Ingen støysensitive områder ELLER Minimert støyforurensning for sensitive områder" />
<meta property="og:url" content="http://breeam-nor.byggalliansen.no/v6/kategorier-og-emner/forurensning/pol-5-stoydemping-alle-bygg-unntatt-boliger/ekstern-lysforurensning/" />
<meta property="og:site_name" content="BREEAM-NOR" />
<meta property="article:modified_time" content="2025-06-06T08:12:01+00:00" />
<meta name="twitter:card" content="summary_large_image" />
<meta name="twitter:label1" content="Ansl. lesetid" />
	<meta name="twitter:data1" content="2 minutter" />
<script type="application/ld+json" class="yoast-schema-graph">{"@context":"https://schema.org","@graph":[{"@type":"WebPage","@id":"http://breeam-nor.byggalliansen.no/v6/kategorier-og-emner/forurensning/pol-5-stoydemping-alle-bygg-unntatt-boliger/ekstern-lysforurensning/","url":"http://breeam-nor.byggalliansen.no/v6/kategorier-og-emner/forurensning/pol-5-stoydemping-alle-bygg-unntatt-boliger/ekstern-lysforurensning/","name":"Støysensitive områder - BREEAM-NOR","isPartOf":{"@id":"https://breeam-nor.byggalliansen.no/v6/#website"},"datePublished":"2025-05-09T12:45:46+00:00","dateModified":"2025-06-06T08:12:01+00:00","breadcrumb":{"@id":"http://breeam-nor.byggalliansen.no/v6/kategorier-og-emner/forurensning/pol-5-stoydemping-alle-bygg-unntatt-boliger/ekstern-lysforurensning/#breadcrumb"},"inLanguage":"nb-NO","potentialAction":[{"@type":"ReadAction","target":["http://breeam-nor.byggalliansen.no/v6/kategorier-og-emner/forurensning/pol-5-stoydemping-alle-bygg-unntatt-boliger/ekstern-lysforurensning/"]}]},{"@type":"BreadcrumbList","@id":"http://breeam-nor.byggalliansen.no/v6/kategorier-og-emner/forurensning/pol-5-stoydemping-alle-bygg-unntatt-boliger/ekstern-lysforurensning/#breadcrumb","itemListElement":[{"@type":"ListItem","position":1,"name":"BREEAM-NOR","item":"http://breeam-nor.byggalliansen.no/v6/"},{"@type":"ListItem","position":2,"name":"Kategorier og emner","item":"https://breeam-nor.byggalliansen.no/v6/kategorier-og-emner/"},{"@type":"ListItem","position":3,"name":"Forurensning","item":"http://breeam-nor.byggalliansen.no/v6/kategorier-og-emner/forurensning/"},{"@type":"ListItem","position":4,"name":"Pol 5 Støydemping (alle bygg, unntatt boliger)","item":"http://breeam-nor.byggalliansen.no/v6/kategorier-og-emner/forurensning/pol-5-stoydemping-alle-bygg-unntatt-boliger/"},{"@type":"ListItem","position":5,"name":"Støysensitive områder"}]},{"@type":"WebSite","@id":"https://breeam-nor.byggalliansen.no/v6/#website","url":"https://breeam-nor.byggalliansen.no/v6/","name":"BREEAM-NOR","description":"Versjon 6.1.1, 2024","potentialAction":[{"@type":"SearchAction","target":{"@type":"EntryPoint","urlTemplate":"https://breeam-nor.byggalliansen.no/v6/?s={search_term_string}"},"query-input":{"@type":"PropertyValueSpecification","valueRequired":true,"valueName":"search_term_string"}}],"inLanguage":"nb-NO"}]}</script>
<!-- / Yoast SEO plugin. -->

Støysensitive områder - BREEAM-NOR

Ingen støysensitive områder ELLER Minimert støyforurensning for sensitive områder

Pol 5 Støydemping (alle bygg, unntatt boliger)
