{"id":2,"date":"2024-11-06T10:12:23","date_gmt":"2024-11-06T10:12:31","guid":{"rendered":"http:\/\/byggmanualer.local\/?page_id=2"},"modified":"2026-02-16T09:27:55","modified_gmt":"2026-02-16T09:27:55","slug":"forside","status":"publish","type":"page","link":"https:\/\/breeam-nor.byggalliansen.no\/v6\/","title":{"rendered":"BREEAM-NOR"},"content":{"rendered":"\n<p>Teknisk manual &#8211; SD5076NOR<\/p>\n\n\n\n<h1 class=\"wp-block-heading\">BREEAM-NOR v6.1.1<br>For nybygg<\/h1>\n\n\n\n<figure data-align=\"none\" class=\"wp-block-image size-full is-resized is-style-default\"><img loading=\"lazy\" decoding=\"async\" width=\"600\" height=\"450\" src=\"https:\/\/breeam-nor.byggalliansen.no\/v6\/wp-content\/uploads\/sites\/3\/2025\/06\/Skjermbilde-2025-04-10-152825-edited-1.png\" alt=\"\" class=\"wp-image-5758\" style=\"width:896px;height:auto\" \/><figcaption class=\"wp-element-caption\">Foto: Einar Aslaksen for DARK Arkitekter<\/figcaption><\/figure>\n\n\n\n<blockquote class=\"wp-block-quote is-layout-flow wp-block-quote-is-layout-flow\">\n<p>Dette er en digital versjon av den tekniske manualen for BREEAM-NOR for nybygg. <br>Innholdet er likt som i PDF versjonen, men skulle det v\u00e6re uoverensstemmelser er det PDF-versjonen som er gjeldene, hvorav den engelske er f\u00f8rende.<\/p>\n\n\n\n<p>PDF-ene kan lastes ned her: <a href=\"https:\/\/www.byggalliansen.no\/sertifiseringer\/breeam-nor-nybygg-og-rehabilitering\/manualer-og-verktoy\">BREEAM-NOR-manual og verkt\u00f8y<\/a><\/p>\n<\/blockquote>\n\n\n\n<p><\/p>\n","protected":false},"excerpt":{"rendered":"<p>Teknisk manual &#8211; SD5076NOR BREEAM-NOR v6.1.1For nybygg Dette er en digital versjon av den tekniske manualen for BREEAM-NOR for nybygg. Innholdet er likt som i PDF versjonen, men skulle det v\u00e6re uoverensstemmelser er det PDF-versjonen som er gjeldene, hvorav den engelske er f\u00f8rende. PDF-ene kan lastes ned her: BREEAM-NOR-manual og verkt\u00f8y<\/p>\n","protected":false},"author":1,"featured_media":0,"parent":0,"menu_order":0,"comment_status":"closed","ping_status":"open","template":"","meta":{"_acf_changed":false,"footnotes":""},"categories":[],"connection":[],"class_list":["post-2","page","type-page","status-publish","hentry"],"acf":[],"yoast_head":"<!-- This site is optimized with the Yoast SEO plugin v25.4 - https:\/\/yoast.com\/wordpress\/plugins\/seo\/ -->\n<title>BREEAM-NOR - BREEAM-NOR<\/title>\n<meta name=\"robots\" content=\"index, follow, max-snippet:-1, max-image-preview:large, max-video-preview:-1\" \/>\n<link rel=\"canonical\" href=\"https:\/\/breeam-nor.byggalliansen.no\/v6\/\" \/>\n<meta property=\"og:locale\" content=\"nb_NO\" \/>\n<meta property=\"og:type\" content=\"article\" \/>\n<meta property=\"og:title\" content=\"BREEAM-NOR - BREEAM-NOR\" \/>\n<meta property=\"og:description\" content=\"Teknisk manual &#8211; SD5076NOR BREEAM-NOR v6.1.1For nybygg Dette er en digital versjon av den tekniske manualen for BREEAM-NOR for nybygg. Innholdet er likt som i PDF versjonen, men skulle det v\u00e6re uoverensstemmelser er det PDF-versjonen som er gjeldene, hvorav den engelske er f\u00f8rende. PDF-ene kan lastes ned her: BREEAM-NOR-manual og verkt\u00f8y\" \/>\n<meta property=\"og:url\" content=\"https:\/\/breeam-nor.byggalliansen.no\/v6\/\" \/>\n<meta property=\"og:site_name\" content=\"BREEAM-NOR\" \/>\n<meta property=\"article:modified_time\" content=\"2026-02-16T09:27:55+00:00\" \/>\n<meta property=\"og:image\" content=\"https:\/\/breeam-nor.byggalliansen.no\/v6\/wp-content\/uploads\/sites\/3\/2025\/06\/Skjermbilde-2025-04-10-152825-edited-1.png\" \/>\n<meta name=\"twitter:card\" content=\"summary_large_image\" \/>\n<meta name=\"twitter:label1\" content=\"Ansl. lesetid\" \/>\n\t<meta name=\"twitter:data1\" content=\"1 minutt\" \/>\n<script type=\"application\/ld+json\" class=\"yoast-schema-graph\">{\"@context\":\"https:\/\/schema.org\",\"@graph\":[{\"@type\":\"WebPage\",\"@id\":\"https:\/\/breeam-nor.byggalliansen.no\/v6\/\",\"url\":\"https:\/\/breeam-nor.byggalliansen.no\/v6\/\",\"name\":\"BREEAM-NOR - BREEAM-NOR\",\"isPartOf\":{\"@id\":\"http:\/\/breeam-nor.byggalliansen.no\/v6\/#website\"},\"primaryImageOfPage\":{\"@id\":\"https:\/\/breeam-nor.byggalliansen.no\/v6\/#primaryimage\"},\"image\":{\"@id\":\"https:\/\/breeam-nor.byggalliansen.no\/v6\/#primaryimage\"},\"thumbnailUrl\":\"https:\/\/breeam-nor.byggalliansen.no\/v6\/wp-content\/uploads\/sites\/3\/2025\/06\/Skjermbilde-2025-04-10-152825-edited-1.png\",\"datePublished\":\"2024-11-06T10:12:31+00:00\",\"dateModified\":\"2026-02-16T09:27:55+00:00\",\"inLanguage\":\"nb-NO\",\"potentialAction\":[{\"@type\":\"ReadAction\",\"target\":[\"https:\/\/breeam-nor.byggalliansen.no\/v6\/\"]}]},{\"@type\":\"ImageObject\",\"inLanguage\":\"nb-NO\",\"@id\":\"https:\/\/breeam-nor.byggalliansen.no\/v6\/#primaryimage\",\"url\":\"https:\/\/breeam-nor.byggalliansen.no\/v6\/wp-content\/uploads\/sites\/3\/2025\/06\/Skjermbilde-2025-04-10-152825-edited-1.png\",\"contentUrl\":\"https:\/\/breeam-nor.byggalliansen.no\/v6\/wp-content\/uploads\/sites\/3\/2025\/06\/Skjermbilde-2025-04-10-152825-edited-1.png\",\"width\":600,\"height\":450},{\"@type\":\"WebSite\",\"@id\":\"http:\/\/breeam-nor.byggalliansen.no\/v6\/#website\",\"url\":\"http:\/\/breeam-nor.byggalliansen.no\/v6\/\",\"name\":\"BREEAM-NOR\",\"description\":\"Versjon 6.1.1, 2024\",\"potentialAction\":[{\"@type\":\"SearchAction\",\"target\":{\"@type\":\"EntryPoint\",\"urlTemplate\":\"http:\/\/breeam-nor.byggalliansen.no\/v6\/?s={search_term_string}\"},\"query-input\":{\"@type\":\"PropertyValueSpecification\",\"valueRequired\":true,\"valueName\":\"search_term_string\"}}],\"inLanguage\":\"nb-NO\"}]}<\/script>\n<!-- \/ Yoast SEO plugin. -->","yoast_head_json":{"title":"BREEAM-NOR - BREEAM-NOR","robots":{"index":"index","follow":"follow","max-snippet":"max-snippet:-1","max-image-preview":"max-image-preview:large","max-video-preview":"max-video-preview:-1"},"canonical":"https:\/\/breeam-nor.byggalliansen.no\/v6\/","og_locale":"nb_NO","og_type":"article","og_title":"BREEAM-NOR - BREEAM-NOR","og_description":"Teknisk manual &#8211; SD5076NOR BREEAM-NOR v6.1.1For nybygg Dette er en digital versjon av den tekniske manualen for BREEAM-NOR for nybygg. Innholdet er likt som i PDF versjonen, men skulle det v\u00e6re uoverensstemmelser er det PDF-versjonen som er gjeldene, hvorav den engelske er f\u00f8rende. PDF-ene kan lastes ned her: BREEAM-NOR-manual og verkt\u00f8y","og_url":"https:\/\/breeam-nor.byggalliansen.no\/v6\/","og_site_name":"BREEAM-NOR","article_modified_time":"2026-02-16T09:27:55+00:00","og_image":[{"url":"https:\/\/breeam-nor.byggalliansen.no\/v6\/wp-content\/uploads\/sites\/3\/2025\/06\/Skjermbilde-2025-04-10-152825-edited-1.png","type":"","width":"","height":""}],"twitter_card":"summary_large_image","twitter_misc":{"Ansl. lesetid":"1 minutt"},"schema":{"@context":"https:\/\/schema.org","@graph":[{"@type":"WebPage","@id":"https:\/\/breeam-nor.byggalliansen.no\/v6\/","url":"https:\/\/breeam-nor.byggalliansen.no\/v6\/","name":"BREEAM-NOR - BREEAM-NOR","isPartOf":{"@id":"http:\/\/breeam-nor.byggalliansen.no\/v6\/#website"},"primaryImageOfPage":{"@id":"https:\/\/breeam-nor.byggalliansen.no\/v6\/#primaryimage"},"image":{"@id":"https:\/\/breeam-nor.byggalliansen.no\/v6\/#primaryimage"},"thumbnailUrl":"https:\/\/breeam-nor.byggalliansen.no\/v6\/wp-content\/uploads\/sites\/3\/2025\/06\/Skjermbilde-2025-04-10-152825-edited-1.png","datePublished":"2024-11-06T10:12:31+00:00","dateModified":"2026-02-16T09:27:55+00:00","inLanguage":"nb-NO","potentialAction":[{"@type":"ReadAction","target":["https:\/\/breeam-nor.byggalliansen.no\/v6\/"]}]},{"@type":"ImageObject","inLanguage":"nb-NO","@id":"https:\/\/breeam-nor.byggalliansen.no\/v6\/#primaryimage","url":"https:\/\/breeam-nor.byggalliansen.no\/v6\/wp-content\/uploads\/sites\/3\/2025\/06\/Skjermbilde-2025-04-10-152825-edited-1.png","contentUrl":"https:\/\/breeam-nor.byggalliansen.no\/v6\/wp-content\/uploads\/sites\/3\/2025\/06\/Skjermbilde-2025-04-10-152825-edited-1.png","width":600,"height":450},{"@type":"WebSite","@id":"http:\/\/breeam-nor.byggalliansen.no\/v6\/#website","url":"http:\/\/breeam-nor.byggalliansen.no\/v6\/","name":"BREEAM-NOR","description":"Versjon 6.1.1, 2024","potentialAction":[{"@type":"SearchAction","target":{"@type":"EntryPoint","urlTemplate":"http:\/\/breeam-nor.byggalliansen.no\/v6\/?s={search_term_string}"},"query-input":{"@type":"PropertyValueSpecification","valueRequired":true,"valueName":"search_term_string"}}],"inLanguage":"nb-NO"}]}},"_links":{"self":[{"href":"https:\/\/breeam-nor.byggalliansen.no\/v6\/wp-json\/wp\/v2\/pages\/2","targetHints":{"allow":["GET"]}}],"collection":[{"href":"https:\/\/breeam-nor.byggalliansen.no\/v6\/wp-json\/wp\/v2\/pages"}],"about":[{"href":"https:\/\/breeam-nor.byggalliansen.no\/v6\/wp-json\/wp\/v2\/types\/page"}],"author":[{"embeddable":true,"href":"https:\/\/breeam-nor.byggalliansen.no\/v6\/wp-json\/wp\/v2\/users\/1"}],"replies":[{"embeddable":true,"href":"https:\/\/breeam-nor.byggalliansen.no\/v6\/wp-json\/wp\/v2\/comments?post=2"}],"version-history":[{"count":3,"href":"https:\/\/breeam-nor.byggalliansen.no\/v6\/wp-json\/wp\/v2\/pages\/2\/revisions"}],"predecessor-version":[{"id":6111,"href":"https:\/\/breeam-nor.byggalliansen.no\/v6\/wp-json\/wp\/v2\/pages\/2\/revisions\/6111"}],"wp:attachment":[{"href":"https:\/\/breeam-nor.byggalliansen.no\/v6\/wp-json\/wp\/v2\/media?parent=2"}],"wp:term":[{"taxonomy":"category","embeddable":true,"href":"https:\/\/breeam-nor.byggalliansen.no\/v6\/wp-json\/wp\/v2\/categories?post=2"},{"taxonomy":"connection","embeddable":true,"href":"https:\/\/breeam-nor.byggalliansen.no\/v6\/wp-json\/wp\/v2\/connection?post=2"}],"curies":[{"name":"wp","href":"https:\/\/api.w.org\/{rel}","templated":true}]}}