{"id":2220,"date":"2025-01-08T08:15:58","date_gmt":"2025-01-08T08:15:58","guid":{"rendered":"https:\/\/manualer.byggalliansen.no\/v6\/?page_id=2220"},"modified":"2025-06-10T12:47:59","modified_gmt":"2025-06-10T12:47:59","slug":"hvem-star-bak-breeam-og-breeam-nor","status":"publish","type":"page","link":"https:\/\/breeam-nor.byggalliansen.no\/v6\/innledning-2\/hvem-star-bak-breeam-og-breeam-nor\/","title":{"rendered":"Hvem st\u00e5r bak BREEAM og BREEAM-NOR?"},"content":{"rendered":"\n<h3 class=\"wp-block-heading\">2.7 Hvem st\u00e5r bak BREEAM og BREEAM-NOR?<\/h3>\n\n\n\n<p>BREEAM forvaltes og utvikles l\u00f8pende av BRE Global og st\u00f8ttes i visse land av nasjonale operat\u00f8rer. Nasjonale operat\u00f8rer (som Gr\u00f8nn Byggallianse) er uavhengige organisasjoner som utvikler og eier landsspesifikke metoder som er tilknyttet BREEAM.<\/p>\n\n\n\n<p>Grunnleggeren og eieren av merkevaren BREEAM, BRE Global, er nasjonal operat\u00f8r for Storbritannia. BRE Global utvikler og forvalter ogs\u00e5 BREEAM International. BRE Global er en uavhengig, tredjeparts godkjennings- og sertifiseringsorganisasjon som h\u00f8rer til BRE Global. BRE Global eies av BRE Trust, en britiskregistrert veldedig forsknings- og utdanningsorganisasjon som arbeider for \u00e5 fremme kunnskap, innovasjon og kommunikasjon i det bygde milj\u00f8et. BRE Trust bruker alt overskudd fra BRE Global til \u00e5 finansiere nye forsknings- og utdanningsprogrammer.<\/p>\n\n\n\n<p>Driften av BREEAM kontrolleres av et uavhengig styringsorgan og et panel for fag- og markedsvurdering. Styringsorganet p\u00e5ser at BRE Global opptrer korrekt og upartisk og behandler kunder rettferdig. Panelet s\u00f8rger for kontakt med en rekke sakkyndige som sikrer vitenskapelig, teknisk og markedsmessig robusthet, og at BREEAMs utvikling er \u00e5pen for ekstern og uavhengig granskning.<\/p>\n\n\n\n<p>United Kingdom Accreditation Service (UKAS) har akkreditert BRE Global i henhold til ISO\/IEC 17065 \u00abConformity assessment \u2013 Requirements for bodies certifying products, processes and services\u00bb. Dette kan kontrolleres p\u00e5 UKAS\u2019 nettsted og omfatter BREEAM-metoden SD123 \u00abEnvironmental assessments of the built environment \u2013 certification of the process\u00bb.<\/p>\n\n\n\n<p>BRE Global er ogs\u00e5 sertifisert i henhold til ISO 9001 \u00abQuality management systems \u2013 Requirements\u00bb for alle aktiviteter tilknyttet BREEAM. BREEAM-NOR utarbeides av Gr\u00f8nn Byggallianse som ogs\u00e5 er nasjonal operat\u00f8r for BREEAM-NOR p\u00e5 lisens fra BRE Global. Gr\u00f8nn Byggallianse har utviklet sitt eget ledelsessystem i tr\u00e5d med BREs krav og i samsvar med rammeavtalen med BRE.<\/p>\n","protected":false},"excerpt":{"rendered":"<p>2.7 Hvem st\u00e5r bak BREEAM og BREEAM-NOR? BREEAM forvaltes og utvikles l\u00f8pende av BRE Global og st\u00f8ttes i visse land av nasjonale operat\u00f8rer. Nasjonale operat\u00f8rer (som Gr\u00f8nn Byggallianse) er uavhengige organisasjoner som utvikler og eier landsspesifikke metoder som er tilknyttet BREEAM. Grunnleggeren og eieren av merkevaren BREEAM, BRE Global, er nasjonal operat\u00f8r for Storbritannia. BRE [&hellip;]<\/p>\n","protected":false},"author":5,"featured_media":0,"parent":5739,"menu_order":0,"comment_status":"closed","ping_status":"closed","template":"page-portal-nopoints-simple.php","meta":{"_acf_changed":false,"footnotes":""},"categories":[],"connection":[],"class_list":["post-2220","page","type-page","status-publish","hentry"],"acf":[],"yoast_head":"<!-- This site is optimized with the Yoast SEO plugin v25.4 - https:\/\/yoast.com\/wordpress\/plugins\/seo\/ -->\n<title>Hvem st\u00e5r bak BREEAM og BREEAM-NOR? - BREEAM-NOR<\/title>\n<meta name=\"robots\" content=\"index, follow, max-snippet:-1, max-image-preview:large, max-video-preview:-1\" \/>\n<link rel=\"canonical\" href=\"http:\/\/breeam-nor.byggalliansen.no\/v6\/innledning-2\/hvem-star-bak-breeam-og-breeam-nor\/\" \/>\n<meta property=\"og:locale\" content=\"nb_NO\" \/>\n<meta property=\"og:type\" content=\"article\" \/>\n<meta property=\"og:title\" content=\"Hvem st\u00e5r bak BREEAM og BREEAM-NOR? - BREEAM-NOR\" \/>\n<meta property=\"og:description\" content=\"2.7 Hvem st\u00e5r bak BREEAM og BREEAM-NOR? BREEAM forvaltes og utvikles l\u00f8pende av BRE Global og st\u00f8ttes i visse land av nasjonale operat\u00f8rer. Nasjonale operat\u00f8rer (som Gr\u00f8nn Byggallianse) er uavhengige organisasjoner som utvikler og eier landsspesifikke metoder som er tilknyttet BREEAM. Grunnleggeren og eieren av merkevaren BREEAM, BRE Global, er nasjonal operat\u00f8r for Storbritannia. BRE [&hellip;]\" \/>\n<meta property=\"og:url\" content=\"http:\/\/breeam-nor.byggalliansen.no\/v6\/innledning-2\/hvem-star-bak-breeam-og-breeam-nor\/\" \/>\n<meta property=\"og:site_name\" content=\"BREEAM-NOR\" \/>\n<meta property=\"article:modified_time\" content=\"2025-06-10T12:47:59+00:00\" \/>\n<meta name=\"twitter:card\" content=\"summary_large_image\" \/>\n<meta name=\"twitter:label1\" content=\"Ansl. lesetid\" \/>\n\t<meta name=\"twitter:data1\" content=\"2 minutter\" \/>\n<script type=\"application\/ld+json\" class=\"yoast-schema-graph\">{\"@context\":\"https:\/\/schema.org\",\"@graph\":[{\"@type\":\"WebPage\",\"@id\":\"http:\/\/breeam-nor.byggalliansen.no\/v6\/innledning-2\/hvem-star-bak-breeam-og-breeam-nor\/\",\"url\":\"http:\/\/breeam-nor.byggalliansen.no\/v6\/innledning-2\/hvem-star-bak-breeam-og-breeam-nor\/\",\"name\":\"Hvem st\u00e5r bak BREEAM og BREEAM-NOR? - BREEAM-NOR\",\"isPartOf\":{\"@id\":\"https:\/\/breeam-nor.byggalliansen.no\/v6\/#website\"},\"datePublished\":\"2025-01-08T08:15:58+00:00\",\"dateModified\":\"2025-06-10T12:47:59+00:00\",\"breadcrumb\":{\"@id\":\"http:\/\/breeam-nor.byggalliansen.no\/v6\/innledning-2\/hvem-star-bak-breeam-og-breeam-nor\/#breadcrumb\"},\"inLanguage\":\"nb-NO\",\"potentialAction\":[{\"@type\":\"ReadAction\",\"target\":[\"http:\/\/breeam-nor.byggalliansen.no\/v6\/innledning-2\/hvem-star-bak-breeam-og-breeam-nor\/\"]}]},{\"@type\":\"BreadcrumbList\",\"@id\":\"http:\/\/breeam-nor.byggalliansen.no\/v6\/innledning-2\/hvem-star-bak-breeam-og-breeam-nor\/#breadcrumb\",\"itemListElement\":[{\"@type\":\"ListItem\",\"position\":1,\"name\":\"BREEAM-NOR\",\"item\":\"https:\/\/breeam-nor.byggalliansen.no\/v6\/\"},{\"@type\":\"ListItem\",\"position\":2,\"name\":\"Innledning\",\"item\":\"http:\/\/breeam-nor.byggalliansen.no\/v6\/innledning-2\/\"},{\"@type\":\"ListItem\",\"position\":3,\"name\":\"Hvem st\u00e5r bak BREEAM og BREEAM-NOR?\"}]},{\"@type\":\"WebSite\",\"@id\":\"https:\/\/breeam-nor.byggalliansen.no\/v6\/#website\",\"url\":\"https:\/\/breeam-nor.byggalliansen.no\/v6\/\",\"name\":\"BREEAM-NOR\",\"description\":\"Versjon 6.1.1, 2024\",\"potentialAction\":[{\"@type\":\"SearchAction\",\"target\":{\"@type\":\"EntryPoint\",\"urlTemplate\":\"https:\/\/breeam-nor.byggalliansen.no\/v6\/?s={search_term_string}\"},\"query-input\":{\"@type\":\"PropertyValueSpecification\",\"valueRequired\":true,\"valueName\":\"search_term_string\"}}],\"inLanguage\":\"nb-NO\"}]}<\/script>\n<!-- \/ Yoast SEO plugin. -->","yoast_head_json":{"title":"Hvem st\u00e5r bak BREEAM og BREEAM-NOR? - BREEAM-NOR","robots":{"index":"index","follow":"follow","max-snippet":"max-snippet:-1","max-image-preview":"max-image-preview:large","max-video-preview":"max-video-preview:-1"},"canonical":"http:\/\/breeam-nor.byggalliansen.no\/v6\/innledning-2\/hvem-star-bak-breeam-og-breeam-nor\/","og_locale":"nb_NO","og_type":"article","og_title":"Hvem st\u00e5r bak BREEAM og BREEAM-NOR? - BREEAM-NOR","og_description":"2.7 Hvem st\u00e5r bak BREEAM og BREEAM-NOR? BREEAM forvaltes og utvikles l\u00f8pende av BRE Global og st\u00f8ttes i visse land av nasjonale operat\u00f8rer. Nasjonale operat\u00f8rer (som Gr\u00f8nn Byggallianse) er uavhengige organisasjoner som utvikler og eier landsspesifikke metoder som er tilknyttet BREEAM. Grunnleggeren og eieren av merkevaren BREEAM, BRE Global, er nasjonal operat\u00f8r for Storbritannia. BRE [&hellip;]","og_url":"http:\/\/breeam-nor.byggalliansen.no\/v6\/innledning-2\/hvem-star-bak-breeam-og-breeam-nor\/","og_site_name":"BREEAM-NOR","article_modified_time":"2025-06-10T12:47:59+00:00","twitter_card":"summary_large_image","twitter_misc":{"Ansl. lesetid":"2 minutter"},"schema":{"@context":"https:\/\/schema.org","@graph":[{"@type":"WebPage","@id":"http:\/\/breeam-nor.byggalliansen.no\/v6\/innledning-2\/hvem-star-bak-breeam-og-breeam-nor\/","url":"http:\/\/breeam-nor.byggalliansen.no\/v6\/innledning-2\/hvem-star-bak-breeam-og-breeam-nor\/","name":"Hvem st\u00e5r bak BREEAM og BREEAM-NOR? - BREEAM-NOR","isPartOf":{"@id":"https:\/\/breeam-nor.byggalliansen.no\/v6\/#website"},"datePublished":"2025-01-08T08:15:58+00:00","dateModified":"2025-06-10T12:47:59+00:00","breadcrumb":{"@id":"http:\/\/breeam-nor.byggalliansen.no\/v6\/innledning-2\/hvem-star-bak-breeam-og-breeam-nor\/#breadcrumb"},"inLanguage":"nb-NO","potentialAction":[{"@type":"ReadAction","target":["http:\/\/breeam-nor.byggalliansen.no\/v6\/innledning-2\/hvem-star-bak-breeam-og-breeam-nor\/"]}]},{"@type":"BreadcrumbList","@id":"http:\/\/breeam-nor.byggalliansen.no\/v6\/innledning-2\/hvem-star-bak-breeam-og-breeam-nor\/#breadcrumb","itemListElement":[{"@type":"ListItem","position":1,"name":"BREEAM-NOR","item":"https:\/\/breeam-nor.byggalliansen.no\/v6\/"},{"@type":"ListItem","position":2,"name":"Innledning","item":"http:\/\/breeam-nor.byggalliansen.no\/v6\/innledning-2\/"},{"@type":"ListItem","position":3,"name":"Hvem st\u00e5r bak BREEAM og BREEAM-NOR?"}]},{"@type":"WebSite","@id":"https:\/\/breeam-nor.byggalliansen.no\/v6\/#website","url":"https:\/\/breeam-nor.byggalliansen.no\/v6\/","name":"BREEAM-NOR","description":"Versjon 6.1.1, 2024","potentialAction":[{"@type":"SearchAction","target":{"@type":"EntryPoint","urlTemplate":"https:\/\/breeam-nor.byggalliansen.no\/v6\/?s={search_term_string}"},"query-input":{"@type":"PropertyValueSpecification","valueRequired":true,"valueName":"search_term_string"}}],"inLanguage":"nb-NO"}]}},"_links":{"self":[{"href":"https:\/\/breeam-nor.byggalliansen.no\/v6\/wp-json\/wp\/v2\/pages\/2220","targetHints":{"allow":["GET"]}}],"collection":[{"href":"https:\/\/breeam-nor.byggalliansen.no\/v6\/wp-json\/wp\/v2\/pages"}],"about":[{"href":"https:\/\/breeam-nor.byggalliansen.no\/v6\/wp-json\/wp\/v2\/types\/page"}],"author":[{"embeddable":true,"href":"https:\/\/breeam-nor.byggalliansen.no\/v6\/wp-json\/wp\/v2\/users\/5"}],"replies":[{"embeddable":true,"href":"https:\/\/breeam-nor.byggalliansen.no\/v6\/wp-json\/wp\/v2\/comments?post=2220"}],"version-history":[{"count":3,"href":"https:\/\/breeam-nor.byggalliansen.no\/v6\/wp-json\/wp\/v2\/pages\/2220\/revisions"}],"predecessor-version":[{"id":5744,"href":"https:\/\/breeam-nor.byggalliansen.no\/v6\/wp-json\/wp\/v2\/pages\/2220\/revisions\/5744"}],"up":[{"embeddable":true,"href":"https:\/\/breeam-nor.byggalliansen.no\/v6\/wp-json\/wp\/v2\/pages\/5739"}],"wp:attachment":[{"href":"https:\/\/breeam-nor.byggalliansen.no\/v6\/wp-json\/wp\/v2\/media?parent=2220"}],"wp:term":[{"taxonomy":"category","embeddable":true,"href":"https:\/\/breeam-nor.byggalliansen.no\/v6\/wp-json\/wp\/v2\/categories?post=2220"},{"taxonomy":"connection","embeddable":true,"href":"https:\/\/breeam-nor.byggalliansen.no\/v6\/wp-json\/wp\/v2\/connection?post=2220"}],"curies":[{"name":"wp","href":"https:\/\/api.w.org\/{rel}","templated":true}]}}