{"id":4474,"date":"2025-04-24T07:57:24","date_gmt":"2025-04-24T07:57:24","guid":{"rendered":"https:\/\/breeam-nor.byggalliansen.no\/v6\/?page_id=4474"},"modified":"2025-04-24T11:12:17","modified_gmt":"2025-04-24T11:12:17","slug":"tabell-int-04-breeam-nors-minstekrav-etter-klassifiseringsniva","status":"publish","type":"page","link":"https:\/\/breeam-nor.byggalliansen.no\/v6\/bedomming-og-klassifisering\/tabell-int-04-breeam-nors-minstekrav-etter-klassifiseringsniva\/","title":{"rendered":"Tabell Int-04: BREEAM-NORs minstekrav etter klassifiseringsniv\u00e5"},"content":{"rendered":"\n<table id=\"tablepress-Int04\" class=\"tablepress tablepress-id-Int04\">\n<thead>\n<tr class=\"row-1\">\n\t<th class=\"column-1\"><strong>Emne<\/strong><\/th><th class=\"column-2\"><strong>Kommentar<\/strong><\/th><th class=\"column-3\"><strong>Pass<\/strong><\/th><th class=\"column-4\"><strong>Good<\/strong><\/th><th class=\"column-5\"><strong>Very Good<\/strong><\/th><th class=\"column-6\"><strong>Excellent<\/strong><\/th><th class=\"column-7\"><strong>Outstanding<\/strong><\/th>\n<\/tr>\n<\/thead>\n<tbody class=\"row-hover\">\n<tr class=\"row-2\">\n\t<td class=\"column-1\">Man 01 Konsept-<br \/>\nutvikling og <br \/>\nprosjekt-<br \/>\noptimalisering<\/td><td class=\"column-2\"><\/td><td class=\"column-3\"><\/td><td class=\"column-4\"><\/td><td class=\"column-5\"><\/td><td class=\"column-6\">Kriterium 1\u20133<\/td><td class=\"column-7\">Kriterium 1\u20133<\/td>\n<\/tr>\n<tr class=\"row-3\">\n\t<td class=\"column-1\">Man 03 Ansvarlig <br \/>\nbyggepraksis<\/td><td class=\"column-2\"><\/td><td class=\"column-3\">Kriterium 5\u20136<\/td><td class=\"column-4\">Kriterium 5\u20136<\/td><td class=\"column-5\">Kriterium 5\u20136<br \/>\nKriterium 7\u20139<\/td><td class=\"column-6\">Kriterium 5\u20136<br \/>\nKriterium 7\u20139<br \/>\nKriterium 10\u201313<\/td><td class=\"column-7\">Kriterium 5\u20136<br \/>\nKriterium 7\u20139<br \/>\nKriterium 10\u201313<\/td>\n<\/tr>\n<tr class=\"row-4\">\n\t<td class=\"column-1\">Man 04 Idriftsetting og <br \/>\noverlevering<\/td><td class=\"column-2\"><\/td><td class=\"column-3\">Kriterium 1\u20134<\/td><td class=\"column-4\">Kriterium 1\u20134<\/td><td class=\"column-5\">Kriterium 1\u20134<br \/>\nKriterium 8\u20139<\/td><td class=\"column-6\">Kriterium 1\u20134<br \/>\nKriterium 8\u20139<\/td><td class=\"column-7\">Kriterium 1\u20134<br \/>\nKriterium 8\u20139<\/td>\n<\/tr>\n<tr class=\"row-5\">\n\t<td class=\"column-1\">Man 05 Pr\u00f8vedrift<br \/>\nog oppf\u00f8lging<\/td><td class=\"column-2\">Avhengig av <br \/>\nbygningstype<\/td><td class=\"column-3\"><\/td><td class=\"column-4\"><\/td><td class=\"column-5\"><\/td><td class=\"column-6\">Kriterium 3\/4<\/td><td class=\"column-7\">Kriterium 3\/4<\/td>\n<\/tr>\n<tr class=\"row-6\">\n\t<td class=\"column-1\">Hea 01 Visuell <br \/>\nkomfort<\/td><td class=\"column-2\">Forkrav \u2013 <br \/>\nbegrensning av <br \/>\nflimmer og <br \/>\ndagslysvurdering<\/td><td class=\"column-3\">Kriterium 1\u20133<\/td><td class=\"column-4\">Kriterium 1\u20133<\/td><td class=\"column-5\">Kriterium 1\u20133<\/td><td class=\"column-6\">Kriterium 1\u20133<\/td><td class=\"column-7\">Kriterium 1\u20133<\/td>\n<\/tr>\n<tr class=\"row-7\">\n\t<td class=\"column-1\">Hea 02 Innelufts-<br \/>\nkvalitet<\/td><td class=\"column-2\">Forkrav \u2013 plan for <br \/>\ninneluftkvalitet<\/td><td class=\"column-3\">Kriterium 1\u20132<\/td><td class=\"column-4\">Kriterium 1\u20132<\/td><td class=\"column-5\">Kriterium 1\u20132<br \/>\nKriterium 4<\/td><td class=\"column-6\">Kriterium 1\u20132<br \/>\nKriterium 5<\/td><td class=\"column-7\">Kriterium 1\u20132<br \/>\nKriterium 5<\/td>\n<\/tr>\n<tr class=\"row-8\">\n\t<td class=\"column-1\">Ene 01 Bygningens <br \/>\nenergiytelse<\/td><td class=\"column-2\"><\/td><td class=\"column-3\"><\/td><td class=\"column-4\"><\/td><td class=\"column-5\"><\/td><td class=\"column-6\">Kriterium 9\u201310 <br \/>\n(1 poeng)<br \/>\nKriterium 11\u201312<\/td><td class=\"column-7\">Kriterium 9\u201310 <br \/>\n(1 poeng)<br \/>\nKriterium 11\u201312<\/td>\n<\/tr>\n<tr class=\"row-9\">\n\t<td class=\"column-1\">Ene 07 <br \/>\nEnergieffektive <br \/>\nlaboratorie-<br \/>\nsystemer<\/td><td class=\"column-2\">Der hvor det <br \/>\nfinnes i bygget<\/td><td class=\"column-3\">Kriterium 1\u20134<\/td><td class=\"column-4\">Kriterium 1\u20134<\/td><td class=\"column-5\">Kriterium 1\u20134<\/td><td class=\"column-6\">Kriterium 1\u20134<\/td><td class=\"column-7\">Kriterium 1\u20134<\/td>\n<\/tr>\n<tr class=\"row-10\">\n\t<td class=\"column-1\">Tra 01 Transport-<br \/>\nkartlegging og <br \/>\nmobilitetsplan<\/td><td class=\"column-2\"><\/td><td class=\"column-3\"><\/td><td class=\"column-4\"><\/td><td class=\"column-5\"><\/td><td class=\"column-6\">Kriterium 1\u20135<br \/>\nKriterium 6<\/td><td class=\"column-7\">Kriterium 1\u20135<br \/>\nKriterium 6<\/td>\n<\/tr>\n<tr class=\"row-11\">\n\t<td class=\"column-1\">Wat 01 <br \/>\nVannforbruk<\/td><td class=\"column-2\"><\/td><td class=\"column-3\"><\/td><td class=\"column-4\"><\/td><td class=\"column-5\"><\/td><td class=\"column-6\">Kriterium 1\u20133<br \/>\n(2 poeng)<\/td><td class=\"column-7\">Kriterium 1\u20133<br \/>\n(2 poeng)<\/td>\n<\/tr>\n<tr class=\"row-12\">\n\t<td class=\"column-1\">Mat 01 <br \/>\nB\u00e6rekraftige <br \/>\nmaterialvalg \u2013 LCA <br \/>\nog klimagass-<br \/>\nberegninger<\/td><td class=\"column-2\">Forkrav \u2013 tidligfase <br \/>\nklimagassberegning<\/td><td class=\"column-3\">Kriterium 1\u20132<\/td><td class=\"column-4\">Kriterium 1\u20132<\/td><td class=\"column-5\">Kriterium 1\u20132<br \/>\nKriterium 3 <br \/>\n(1 poeng)<\/td><td class=\"column-6\">Kriterium 1\u20132<br \/>\nKriterium 3 <br \/>\n(1 poeng)<\/td><td class=\"column-7\">Kriterium 1\u20132<br \/>\nKriterium 3 <br \/>\n(2 poeng)<\/td>\n<\/tr>\n<tr class=\"row-13\">\n\t<td class=\"column-1\">Mat 02 B\u00e6rekraftige <br \/>\nmaterialvalg \u2013 <br \/>\nproduktkrav<\/td><td class=\"column-2\">Forkrav \u2013 frav\u00e6r av milj\u00f8gifter<\/td><td class=\"column-3\">Kriterium 1<\/td><td class=\"column-4\">Kriterium 1<\/td><td class=\"column-5\">Kriterium 1<\/td><td class=\"column-6\">Kriterium 1<\/td><td class=\"column-7\">Kriterium 1<\/td>\n<\/tr>\n<tr class=\"row-14\">\n\t<td class=\"column-1\">Mat 03 Ansvarlig <br \/>\ninnkj\u00f8p av materialer<\/td><td class=\"column-2\">Forkrav: Lovlig hogget og b\u00e6rekraftig tre<\/td><td class=\"column-3\">Kriterium 1<\/td><td class=\"column-4\">Kriterium 1<\/td><td class=\"column-5\">Kriterium 1<\/td><td class=\"column-6\">Kriterium 1<\/td><td class=\"column-7\">Kriterium 1<\/td>\n<\/tr>\n<tr class=\"row-15\">\n\t<td class=\"column-1\">Mat 05 Robust og<br \/>\nklimatilpasset <br \/>\nkonstruksjon<\/td><td class=\"column-2\">Forkrav \u2013 risikoanalyse<\/td><td class=\"column-3\">Kriterium 6\u20138*<\/td><td class=\"column-4\">Kriterium 6\u20138*<\/td><td class=\"column-5\">Kriterium 6\u20138*<\/td><td class=\"column-6\">Kriterium 1<br \/>\nKriterium 6\u20138<\/td><td class=\"column-7\">Kriterium 1<br \/>\nKriterium 6\u20138<\/td>\n<\/tr>\n<tr class=\"row-16\">\n\t<td class=\"column-1\">Mat 06 Material-<br \/>\neffektivitet og <br \/>\nombruk<\/td><td class=\"column-2\"><\/td><td class=\"column-3\">Kriterium 1<\/td><td class=\"column-4\">Kriterium 1<\/td><td class=\"column-5\">Kriterium 1<\/td><td class=\"column-6\">Kriterium 1\u20133<\/td><td class=\"column-7\">Kriterium 1\u20133<\/td>\n<\/tr>\n<tr class=\"row-17\">\n\t<td class=\"column-1\">Mat 07 Endringsdyktighet <br \/>\nog ombrukbarhet<\/td><td class=\"column-2\"><\/td><td class=\"column-3\"><\/td><td class=\"column-4\"><\/td><td class=\"column-5\"><\/td><td class=\"column-6\">Kriterium 2\u20136<\/td><td class=\"column-7\">Kriterium 2\u20136<\/td>\n<\/tr>\n<tr class=\"row-18\">\n\t<td class=\"column-1\">Wst 01 Ressursh\u00e5ndtering p\u00e5<br \/>\nbyggeplass<\/td><td class=\"column-2\"><\/td><td class=\"column-3\">Kriterium 4<br \/>\n(minstekrav)<\/td><td class=\"column-4\">Kriterium 4<br \/>\n(minstekrav)<\/td><td class=\"column-5\">Kriterium 1\u20132<br \/>\nKriterium 4<br \/>\n(minstekrav)<br \/>\n<\/td><td class=\"column-6\">Kriterium 1\u20132<br \/>\nKriterium 4<br \/>\n(2 poeng)<\/td><td class=\"column-7\">Kriterium 1\u20132<br \/>\nKriterium 3<br \/>\n(1 poeng)<br \/>\nKriterium 4<br \/>\n(2 poeng)<\/td>\n<\/tr>\n<tr class=\"row-19\">\n\t<td class=\"column-1\">Wst 03a\/b Avfall i <br \/>\ndriftsfase<\/td><td class=\"column-2\"><\/td><td class=\"column-3\"><\/td><td class=\"column-4\"><\/td><td class=\"column-5\"><\/td><td class=\"column-6\">1 poeng<\/td><td class=\"column-7\">1 poeng<\/td>\n<\/tr>\n<tr class=\"row-20\">\n\t<td class=\"column-1\">LE 01 Valg av tomt<\/td><td class=\"column-2\"><\/td><td class=\"column-3\"><\/td><td class=\"column-4\"><\/td><td class=\"column-5\"><\/td><td class=\"column-6\">Kriterium 2<\/td><td class=\"column-7\">Kriterium 2<\/td>\n<\/tr>\n<tr class=\"row-21\">\n\t<td class=\"column-1\">LE 02 \u00d8kologisk risiko <br \/>\nog muligheter<\/td><td class=\"column-2\">Forkrav \u2013 lovfestede plikter<\/td><td class=\"column-3\"><\/td><td class=\"column-4\"><\/td><td class=\"column-5\">Kriterium 1<br \/>\nKriterium 2\u20134<\/td><td class=\"column-6\">Kriterium 1<br \/>\nKriterium 2\u20134<\/td><td class=\"column-7\">Kriterium 1<br \/>\nKriterium 2\u20134<\/td>\n<\/tr>\n<tr class=\"row-22\">\n\t<td class=\"column-1\">LE 04 \u00d8kologisk <br \/>\nendring og forbedring<\/td><td class=\"column-2\">Forkrav \u2013 h\u00e5ndtering av negativ p\u00e5virkning p\u00e5 \u00f8kologi<\/td><td class=\"column-3\"><\/td><td class=\"column-4\"><\/td><td class=\"column-5\"><\/td><td class=\"column-6\"><\/td><td class=\"column-7\">Kriterium 1-2<br \/>\nKriterium 3\u20134<\/td>\n<\/tr>\n<tr class=\"row-23\">\n\t<td class=\"column-1\">LE 06 Klimatilpasning<\/td><td class=\"column-2\"><\/td><td class=\"column-3\"><\/td><td class=\"column-4\"><\/td><td class=\"column-5\"><\/td><td class=\"column-6\">Kriterium 1\u20136<\/td><td class=\"column-7\">Kriterium 1\u20136<\/td>\n<\/tr>\n<\/tbody>\n<\/table>\n<!-- #tablepress-Int04 from cache -->\n\n\n<p>*Her skal det kun vises samsvar med kriterium 6\u20138. Prosjektet kan se bort fra forkravet i Mat 05.<\/p>\n","protected":false},"excerpt":{"rendered":"<p>*Her skal det kun vises samsvar med kriterium 6\u20138. Prosjektet kan se bort fra forkravet i Mat 05.<\/p>\n","protected":false},"author":5,"featured_media":0,"parent":2257,"menu_order":0,"comment_status":"closed","ping_status":"closed","template":"page-page.php","meta":{"_acf_changed":false,"footnotes":""},"categories":[],"connection":[],"class_list":["post-4474","page","type-page","status-publish","hentry"],"acf":[],"yoast_head":"<!-- This site is optimized with the Yoast SEO plugin v25.4 - https:\/\/yoast.com\/wordpress\/plugins\/seo\/ -->\n<title>Tabell Int-04: BREEAM-NORs minstekrav etter klassifiseringsniv\u00e5 - BREEAM-NOR<\/title>\n<meta name=\"robots\" content=\"index, follow, max-snippet:-1, max-image-preview:large, max-video-preview:-1\" \/>\n<link rel=\"canonical\" href=\"http:\/\/breeam-nor.byggalliansen.no\/v6\/bedomming-og-klassifisering\/tabell-int-04-breeam-nors-minstekrav-etter-klassifiseringsniva\/\" \/>\n<meta property=\"og:locale\" content=\"nb_NO\" \/>\n<meta property=\"og:type\" content=\"article\" \/>\n<meta property=\"og:title\" content=\"Tabell Int-04: BREEAM-NORs minstekrav etter klassifiseringsniv\u00e5 - BREEAM-NOR\" \/>\n<meta property=\"og:description\" content=\"*Her skal det kun vises samsvar med kriterium 6\u20138. Prosjektet kan se bort fra forkravet i Mat 05.\" \/>\n<meta property=\"og:url\" content=\"http:\/\/breeam-nor.byggalliansen.no\/v6\/bedomming-og-klassifisering\/tabell-int-04-breeam-nors-minstekrav-etter-klassifiseringsniva\/\" \/>\n<meta property=\"og:site_name\" content=\"BREEAM-NOR\" \/>\n<meta property=\"article:modified_time\" content=\"2025-04-24T11:12:17+00:00\" \/>\n<meta name=\"twitter:card\" content=\"summary_large_image\" \/>\n<meta name=\"twitter:label1\" content=\"Ansl. lesetid\" \/>\n\t<meta name=\"twitter:data1\" content=\"1 minutt\" \/>\n<script type=\"application\/ld+json\" class=\"yoast-schema-graph\">{\"@context\":\"https:\/\/schema.org\",\"@graph\":[{\"@type\":\"WebPage\",\"@id\":\"http:\/\/breeam-nor.byggalliansen.no\/v6\/bedomming-og-klassifisering\/tabell-int-04-breeam-nors-minstekrav-etter-klassifiseringsniva\/\",\"url\":\"http:\/\/breeam-nor.byggalliansen.no\/v6\/bedomming-og-klassifisering\/tabell-int-04-breeam-nors-minstekrav-etter-klassifiseringsniva\/\",\"name\":\"Tabell Int-04: BREEAM-NORs minstekrav etter klassifiseringsniv\u00e5 - BREEAM-NOR\",\"isPartOf\":{\"@id\":\"https:\/\/breeam-nor.byggalliansen.no\/v6\/#website\"},\"datePublished\":\"2025-04-24T07:57:24+00:00\",\"dateModified\":\"2025-04-24T11:12:17+00:00\",\"breadcrumb\":{\"@id\":\"http:\/\/breeam-nor.byggalliansen.no\/v6\/bedomming-og-klassifisering\/tabell-int-04-breeam-nors-minstekrav-etter-klassifiseringsniva\/#breadcrumb\"},\"inLanguage\":\"nb-NO\",\"potentialAction\":[{\"@type\":\"ReadAction\",\"target\":[\"http:\/\/breeam-nor.byggalliansen.no\/v6\/bedomming-og-klassifisering\/tabell-int-04-breeam-nors-minstekrav-etter-klassifiseringsniva\/\"]}]},{\"@type\":\"BreadcrumbList\",\"@id\":\"http:\/\/breeam-nor.byggalliansen.no\/v6\/bedomming-og-klassifisering\/tabell-int-04-breeam-nors-minstekrav-etter-klassifiseringsniva\/#breadcrumb\",\"itemListElement\":[{\"@type\":\"ListItem\",\"position\":1,\"name\":\"BREEAM-NOR\",\"item\":\"https:\/\/breeam-nor.byggalliansen.no\/v6\/\"},{\"@type\":\"ListItem\",\"position\":2,\"name\":\"Poeng og klassifisering for BREEAM-NOR-bygninger\",\"item\":\"https:\/\/breeam-nor.byggalliansen.no\/v6\/bedomming-og-klassifisering\/\"},{\"@type\":\"ListItem\",\"position\":3,\"name\":\"Tabell Int-04: BREEAM-NORs minstekrav etter klassifiseringsniv\u00e5\"}]},{\"@type\":\"WebSite\",\"@id\":\"https:\/\/breeam-nor.byggalliansen.no\/v6\/#website\",\"url\":\"https:\/\/breeam-nor.byggalliansen.no\/v6\/\",\"name\":\"BREEAM-NOR\",\"description\":\"Versjon 6.1.1, 2024\",\"potentialAction\":[{\"@type\":\"SearchAction\",\"target\":{\"@type\":\"EntryPoint\",\"urlTemplate\":\"https:\/\/breeam-nor.byggalliansen.no\/v6\/?s={search_term_string}\"},\"query-input\":{\"@type\":\"PropertyValueSpecification\",\"valueRequired\":true,\"valueName\":\"search_term_string\"}}],\"inLanguage\":\"nb-NO\"}]}<\/script>\n<!-- \/ Yoast SEO plugin. -->","yoast_head_json":{"title":"Tabell Int-04: BREEAM-NORs minstekrav etter klassifiseringsniv\u00e5 - BREEAM-NOR","robots":{"index":"index","follow":"follow","max-snippet":"max-snippet:-1","max-image-preview":"max-image-preview:large","max-video-preview":"max-video-preview:-1"},"canonical":"http:\/\/breeam-nor.byggalliansen.no\/v6\/bedomming-og-klassifisering\/tabell-int-04-breeam-nors-minstekrav-etter-klassifiseringsniva\/","og_locale":"nb_NO","og_type":"article","og_title":"Tabell Int-04: BREEAM-NORs minstekrav etter klassifiseringsniv\u00e5 - BREEAM-NOR","og_description":"*Her skal det kun vises samsvar med kriterium 6\u20138. Prosjektet kan se bort fra forkravet i Mat 05.","og_url":"http:\/\/breeam-nor.byggalliansen.no\/v6\/bedomming-og-klassifisering\/tabell-int-04-breeam-nors-minstekrav-etter-klassifiseringsniva\/","og_site_name":"BREEAM-NOR","article_modified_time":"2025-04-24T11:12:17+00:00","twitter_card":"summary_large_image","twitter_misc":{"Ansl. lesetid":"1 minutt"},"schema":{"@context":"https:\/\/schema.org","@graph":[{"@type":"WebPage","@id":"http:\/\/breeam-nor.byggalliansen.no\/v6\/bedomming-og-klassifisering\/tabell-int-04-breeam-nors-minstekrav-etter-klassifiseringsniva\/","url":"http:\/\/breeam-nor.byggalliansen.no\/v6\/bedomming-og-klassifisering\/tabell-int-04-breeam-nors-minstekrav-etter-klassifiseringsniva\/","name":"Tabell Int-04: BREEAM-NORs minstekrav etter klassifiseringsniv\u00e5 - BREEAM-NOR","isPartOf":{"@id":"https:\/\/breeam-nor.byggalliansen.no\/v6\/#website"},"datePublished":"2025-04-24T07:57:24+00:00","dateModified":"2025-04-24T11:12:17+00:00","breadcrumb":{"@id":"http:\/\/breeam-nor.byggalliansen.no\/v6\/bedomming-og-klassifisering\/tabell-int-04-breeam-nors-minstekrav-etter-klassifiseringsniva\/#breadcrumb"},"inLanguage":"nb-NO","potentialAction":[{"@type":"ReadAction","target":["http:\/\/breeam-nor.byggalliansen.no\/v6\/bedomming-og-klassifisering\/tabell-int-04-breeam-nors-minstekrav-etter-klassifiseringsniva\/"]}]},{"@type":"BreadcrumbList","@id":"http:\/\/breeam-nor.byggalliansen.no\/v6\/bedomming-og-klassifisering\/tabell-int-04-breeam-nors-minstekrav-etter-klassifiseringsniva\/#breadcrumb","itemListElement":[{"@type":"ListItem","position":1,"name":"BREEAM-NOR","item":"https:\/\/breeam-nor.byggalliansen.no\/v6\/"},{"@type":"ListItem","position":2,"name":"Poeng og klassifisering for BREEAM-NOR-bygninger","item":"https:\/\/breeam-nor.byggalliansen.no\/v6\/bedomming-og-klassifisering\/"},{"@type":"ListItem","position":3,"name":"Tabell Int-04: BREEAM-NORs minstekrav etter klassifiseringsniv\u00e5"}]},{"@type":"WebSite","@id":"https:\/\/breeam-nor.byggalliansen.no\/v6\/#website","url":"https:\/\/breeam-nor.byggalliansen.no\/v6\/","name":"BREEAM-NOR","description":"Versjon 6.1.1, 2024","potentialAction":[{"@type":"SearchAction","target":{"@type":"EntryPoint","urlTemplate":"https:\/\/breeam-nor.byggalliansen.no\/v6\/?s={search_term_string}"},"query-input":{"@type":"PropertyValueSpecification","valueRequired":true,"valueName":"search_term_string"}}],"inLanguage":"nb-NO"}]}},"_links":{"self":[{"href":"https:\/\/breeam-nor.byggalliansen.no\/v6\/wp-json\/wp\/v2\/pages\/4474","targetHints":{"allow":["GET"]}}],"collection":[{"href":"https:\/\/breeam-nor.byggalliansen.no\/v6\/wp-json\/wp\/v2\/pages"}],"about":[{"href":"https:\/\/breeam-nor.byggalliansen.no\/v6\/wp-json\/wp\/v2\/types\/page"}],"author":[{"embeddable":true,"href":"https:\/\/breeam-nor.byggalliansen.no\/v6\/wp-json\/wp\/v2\/users\/5"}],"replies":[{"embeddable":true,"href":"https:\/\/breeam-nor.byggalliansen.no\/v6\/wp-json\/wp\/v2\/comments?post=4474"}],"version-history":[{"count":3,"href":"https:\/\/breeam-nor.byggalliansen.no\/v6\/wp-json\/wp\/v2\/pages\/4474\/revisions"}],"predecessor-version":[{"id":4492,"href":"https:\/\/breeam-nor.byggalliansen.no\/v6\/wp-json\/wp\/v2\/pages\/4474\/revisions\/4492"}],"up":[{"embeddable":true,"href":"https:\/\/breeam-nor.byggalliansen.no\/v6\/wp-json\/wp\/v2\/pages\/2257"}],"wp:attachment":[{"href":"https:\/\/breeam-nor.byggalliansen.no\/v6\/wp-json\/wp\/v2\/media?parent=4474"}],"wp:term":[{"taxonomy":"category","embeddable":true,"href":"https:\/\/breeam-nor.byggalliansen.no\/v6\/wp-json\/wp\/v2\/categories?post=4474"},{"taxonomy":"connection","embeddable":true,"href":"https:\/\/breeam-nor.byggalliansen.no\/v6\/wp-json\/wp\/v2\/connection?post=4474"}],"curies":[{"name":"wp","href":"https:\/\/api.w.org\/{rel}","templated":true}]}}