{"id":4503,"date":"2025-04-24T12:46:24","date_gmt":"2025-04-24T12:46:24","guid":{"rendered":"https:\/\/breeam-nor.byggalliansen.no\/v6\/?page_id=4503"},"modified":"2025-04-24T12:46:25","modified_gmt":"2025-04-24T12:46:25","slug":"reduksjon-av-klimagassutslipp-fra-aktiviteter-tilknyttet-utbyggingsomradet","status":"publish","type":"page","link":"https:\/\/breeam-nor.byggalliansen.no\/v6\/kategorier-og-emner\/1-ledelse\/man-03-ansvarlig-byggepraksis\/reduksjon-av-klimagassutslipp-fra-aktiviteter-tilknyttet-utbyggingsomradet\/","title":{"rendered":"Reduksjon av klimagassutslipp fra aktiviteter tilknyttet utbyggingsomr\u00e5det"},"content":{"rendered":"\n<h4 class=\"wp-block-heading\">Energiforbruk fra aktiviteter p\u00e5 utbyggingsomr\u00e5det \u2013 1 poeng<\/h4>\n\n\n\n<ol start=\"10\" class=\"wp-block-list\">\n<li>Senest i l\u00f8pet av steg 4 skal det beregnes klimagassutslipp og settes opp en plan med m\u00e5lsetninger for reduksjon av energiforbruk fra aktivitetene p\u00e5 utbyggingsomr\u00e5det (se Metode).<\/li>\n\n\n\n<li>Prosjektet skal dokumentere m\u00e5lt energiforbruk (inkl. liter brensel) og beregnet klimagassutslipp for steg 5 (se Metode). M\u00e5lte verdier skal sammenlignes med planen satt opp under kriterium 10. Samlet energiforbruk (samlet kWh) og CO<sub>2<\/sub>-utslipp (samlet kgCO<sub>2<\/sub>ekv) fra byggeprosessen rapporteres i revisorverkt\u00f8yet.<\/li>\n<\/ol>\n\n\n\n<h4 class=\"wp-block-heading\">Energiforbruk fra transport av masser og avfall \u2013 2 poeng<\/h4>\n\n\n\n<ol start=\"12\" class=\"wp-block-list\">\n<li>Senest i l\u00f8pet av steg 4 skal det beregnes klimagassutslipp og settes opp en plan med m\u00e5lsetninger for reduksjon av klimagassutslipp fra transport av masser og avfall (se Metode).<\/li>\n\n\n\n<li>Prosjektet skal rapportere klimagassutslipp fra transport av masser og avfall for steg 5 (se Metode). M\u00e5lte verdier skal sammenlignes med planen satt opp under kriterium 12. Samlet CO<sub>2<\/sub>-utslipp (samlet kgCO<sub>2<\/sub>ekv) fra transport av masser og avfall rapporteres til revisor.<\/li>\n<\/ol>\n","protected":false},"excerpt":{"rendered":"<p>Energiforbruk fra aktiviteter p\u00e5 utbyggingsomr\u00e5det \u2013 1 poeng Energiforbruk fra transport av masser og avfall \u2013 2 poeng<\/p>\n","protected":false},"author":5,"featured_media":0,"parent":4320,"menu_order":3,"comment_status":"closed","ping_status":"closed","template":"","meta":{"_acf_changed":false,"footnotes":""},"categories":[],"connection":[338],"class_list":["post-4503","page","type-page","status-publish","hentry","connection-1-3-4"],"acf":[],"yoast_head":"<!-- This site is optimized with the Yoast SEO plugin v25.4 - https:\/\/yoast.com\/wordpress\/plugins\/seo\/ -->\n<title>Reduksjon av klimagassutslipp fra aktiviteter tilknyttet utbyggingsomr\u00e5det - BREEAM-NOR<\/title>\n<meta name=\"robots\" content=\"index, follow, max-snippet:-1, max-image-preview:large, max-video-preview:-1\" \/>\n<link rel=\"canonical\" href=\"http:\/\/breeam-nor.byggalliansen.no\/v6\/kategorier-og-emner\/1-ledelse\/man-03-ansvarlig-byggepraksis\/reduksjon-av-klimagassutslipp-fra-aktiviteter-tilknyttet-utbyggingsomradet\/\" \/>\n<meta property=\"og:locale\" content=\"nb_NO\" \/>\n<meta property=\"og:type\" content=\"article\" \/>\n<meta property=\"og:title\" content=\"Reduksjon av klimagassutslipp fra aktiviteter tilknyttet utbyggingsomr\u00e5det - BREEAM-NOR\" \/>\n<meta property=\"og:description\" content=\"Energiforbruk fra aktiviteter p\u00e5 utbyggingsomr\u00e5det \u2013 1 poeng Energiforbruk fra transport av masser og avfall \u2013 2 poeng\" \/>\n<meta property=\"og:url\" content=\"http:\/\/breeam-nor.byggalliansen.no\/v6\/kategorier-og-emner\/1-ledelse\/man-03-ansvarlig-byggepraksis\/reduksjon-av-klimagassutslipp-fra-aktiviteter-tilknyttet-utbyggingsomradet\/\" \/>\n<meta property=\"og:site_name\" content=\"BREEAM-NOR\" \/>\n<meta property=\"article:modified_time\" content=\"2025-04-24T12:46:25+00:00\" \/>\n<meta name=\"twitter:card\" content=\"summary_large_image\" \/>\n<meta name=\"twitter:label1\" content=\"Ansl. lesetid\" \/>\n\t<meta name=\"twitter:data1\" content=\"1 minutt\" \/>\n<script type=\"application\/ld+json\" class=\"yoast-schema-graph\">{\"@context\":\"https:\/\/schema.org\",\"@graph\":[{\"@type\":\"WebPage\",\"@id\":\"http:\/\/breeam-nor.byggalliansen.no\/v6\/kategorier-og-emner\/1-ledelse\/man-03-ansvarlig-byggepraksis\/reduksjon-av-klimagassutslipp-fra-aktiviteter-tilknyttet-utbyggingsomradet\/\",\"url\":\"http:\/\/breeam-nor.byggalliansen.no\/v6\/kategorier-og-emner\/1-ledelse\/man-03-ansvarlig-byggepraksis\/reduksjon-av-klimagassutslipp-fra-aktiviteter-tilknyttet-utbyggingsomradet\/\",\"name\":\"Reduksjon av klimagassutslipp fra aktiviteter tilknyttet utbyggingsomr\u00e5det - BREEAM-NOR\",\"isPartOf\":{\"@id\":\"https:\/\/breeam-nor.byggalliansen.no\/v6\/#website\"},\"datePublished\":\"2025-04-24T12:46:24+00:00\",\"dateModified\":\"2025-04-24T12:46:25+00:00\",\"breadcrumb\":{\"@id\":\"http:\/\/breeam-nor.byggalliansen.no\/v6\/kategorier-og-emner\/1-ledelse\/man-03-ansvarlig-byggepraksis\/reduksjon-av-klimagassutslipp-fra-aktiviteter-tilknyttet-utbyggingsomradet\/#breadcrumb\"},\"inLanguage\":\"nb-NO\",\"potentialAction\":[{\"@type\":\"ReadAction\",\"target\":[\"http:\/\/breeam-nor.byggalliansen.no\/v6\/kategorier-og-emner\/1-ledelse\/man-03-ansvarlig-byggepraksis\/reduksjon-av-klimagassutslipp-fra-aktiviteter-tilknyttet-utbyggingsomradet\/\"]}]},{\"@type\":\"BreadcrumbList\",\"@id\":\"http:\/\/breeam-nor.byggalliansen.no\/v6\/kategorier-og-emner\/1-ledelse\/man-03-ansvarlig-byggepraksis\/reduksjon-av-klimagassutslipp-fra-aktiviteter-tilknyttet-utbyggingsomradet\/#breadcrumb\",\"itemListElement\":[{\"@type\":\"ListItem\",\"position\":1,\"name\":\"BREEAM-NOR\",\"item\":\"https:\/\/breeam-nor.byggalliansen.no\/v6\/\"},{\"@type\":\"ListItem\",\"position\":2,\"name\":\"Kategorier og emner\",\"item\":\"https:\/\/breeam-nor.byggalliansen.no\/v6\/kategorier-og-emner\/\"},{\"@type\":\"ListItem\",\"position\":3,\"name\":\"Ledelse\",\"item\":\"http:\/\/breeam-nor.byggalliansen.no\/v6\/kategorier-og-emner\/1-ledelse\/\"},{\"@type\":\"ListItem\",\"position\":4,\"name\":\"Man 03 Ansvarlig byggepraksis\",\"item\":\"http:\/\/breeam-nor.byggalliansen.no\/v6\/kategorier-og-emner\/1-ledelse\/man-03-ansvarlig-byggepraksis\/\"},{\"@type\":\"ListItem\",\"position\":5,\"name\":\"Reduksjon av klimagassutslipp fra aktiviteter tilknyttet utbyggingsomr\u00e5det\"}]},{\"@type\":\"WebSite\",\"@id\":\"https:\/\/breeam-nor.byggalliansen.no\/v6\/#website\",\"url\":\"https:\/\/breeam-nor.byggalliansen.no\/v6\/\",\"name\":\"BREEAM-NOR\",\"description\":\"Versjon 6.1.1, 2024\",\"potentialAction\":[{\"@type\":\"SearchAction\",\"target\":{\"@type\":\"EntryPoint\",\"urlTemplate\":\"https:\/\/breeam-nor.byggalliansen.no\/v6\/?s={search_term_string}\"},\"query-input\":{\"@type\":\"PropertyValueSpecification\",\"valueRequired\":true,\"valueName\":\"search_term_string\"}}],\"inLanguage\":\"nb-NO\"}]}<\/script>\n<!-- \/ Yoast SEO plugin. -->","yoast_head_json":{"title":"Reduksjon av klimagassutslipp fra aktiviteter tilknyttet utbyggingsomr\u00e5det - BREEAM-NOR","robots":{"index":"index","follow":"follow","max-snippet":"max-snippet:-1","max-image-preview":"max-image-preview:large","max-video-preview":"max-video-preview:-1"},"canonical":"http:\/\/breeam-nor.byggalliansen.no\/v6\/kategorier-og-emner\/1-ledelse\/man-03-ansvarlig-byggepraksis\/reduksjon-av-klimagassutslipp-fra-aktiviteter-tilknyttet-utbyggingsomradet\/","og_locale":"nb_NO","og_type":"article","og_title":"Reduksjon av klimagassutslipp fra aktiviteter tilknyttet utbyggingsomr\u00e5det - BREEAM-NOR","og_description":"Energiforbruk fra aktiviteter p\u00e5 utbyggingsomr\u00e5det \u2013 1 poeng Energiforbruk fra transport av masser og avfall \u2013 2 poeng","og_url":"http:\/\/breeam-nor.byggalliansen.no\/v6\/kategorier-og-emner\/1-ledelse\/man-03-ansvarlig-byggepraksis\/reduksjon-av-klimagassutslipp-fra-aktiviteter-tilknyttet-utbyggingsomradet\/","og_site_name":"BREEAM-NOR","article_modified_time":"2025-04-24T12:46:25+00:00","twitter_card":"summary_large_image","twitter_misc":{"Ansl. lesetid":"1 minutt"},"schema":{"@context":"https:\/\/schema.org","@graph":[{"@type":"WebPage","@id":"http:\/\/breeam-nor.byggalliansen.no\/v6\/kategorier-og-emner\/1-ledelse\/man-03-ansvarlig-byggepraksis\/reduksjon-av-klimagassutslipp-fra-aktiviteter-tilknyttet-utbyggingsomradet\/","url":"http:\/\/breeam-nor.byggalliansen.no\/v6\/kategorier-og-emner\/1-ledelse\/man-03-ansvarlig-byggepraksis\/reduksjon-av-klimagassutslipp-fra-aktiviteter-tilknyttet-utbyggingsomradet\/","name":"Reduksjon av klimagassutslipp fra aktiviteter tilknyttet utbyggingsomr\u00e5det - BREEAM-NOR","isPartOf":{"@id":"https:\/\/breeam-nor.byggalliansen.no\/v6\/#website"},"datePublished":"2025-04-24T12:46:24+00:00","dateModified":"2025-04-24T12:46:25+00:00","breadcrumb":{"@id":"http:\/\/breeam-nor.byggalliansen.no\/v6\/kategorier-og-emner\/1-ledelse\/man-03-ansvarlig-byggepraksis\/reduksjon-av-klimagassutslipp-fra-aktiviteter-tilknyttet-utbyggingsomradet\/#breadcrumb"},"inLanguage":"nb-NO","potentialAction":[{"@type":"ReadAction","target":["http:\/\/breeam-nor.byggalliansen.no\/v6\/kategorier-og-emner\/1-ledelse\/man-03-ansvarlig-byggepraksis\/reduksjon-av-klimagassutslipp-fra-aktiviteter-tilknyttet-utbyggingsomradet\/"]}]},{"@type":"BreadcrumbList","@id":"http:\/\/breeam-nor.byggalliansen.no\/v6\/kategorier-og-emner\/1-ledelse\/man-03-ansvarlig-byggepraksis\/reduksjon-av-klimagassutslipp-fra-aktiviteter-tilknyttet-utbyggingsomradet\/#breadcrumb","itemListElement":[{"@type":"ListItem","position":1,"name":"BREEAM-NOR","item":"https:\/\/breeam-nor.byggalliansen.no\/v6\/"},{"@type":"ListItem","position":2,"name":"Kategorier og emner","item":"https:\/\/breeam-nor.byggalliansen.no\/v6\/kategorier-og-emner\/"},{"@type":"ListItem","position":3,"name":"Ledelse","item":"http:\/\/breeam-nor.byggalliansen.no\/v6\/kategorier-og-emner\/1-ledelse\/"},{"@type":"ListItem","position":4,"name":"Man 03 Ansvarlig byggepraksis","item":"http:\/\/breeam-nor.byggalliansen.no\/v6\/kategorier-og-emner\/1-ledelse\/man-03-ansvarlig-byggepraksis\/"},{"@type":"ListItem","position":5,"name":"Reduksjon av klimagassutslipp fra aktiviteter tilknyttet utbyggingsomr\u00e5det"}]},{"@type":"WebSite","@id":"https:\/\/breeam-nor.byggalliansen.no\/v6\/#website","url":"https:\/\/breeam-nor.byggalliansen.no\/v6\/","name":"BREEAM-NOR","description":"Versjon 6.1.1, 2024","potentialAction":[{"@type":"SearchAction","target":{"@type":"EntryPoint","urlTemplate":"https:\/\/breeam-nor.byggalliansen.no\/v6\/?s={search_term_string}"},"query-input":{"@type":"PropertyValueSpecification","valueRequired":true,"valueName":"search_term_string"}}],"inLanguage":"nb-NO"}]}},"_links":{"self":[{"href":"https:\/\/breeam-nor.byggalliansen.no\/v6\/wp-json\/wp\/v2\/pages\/4503","targetHints":{"allow":["GET"]}}],"collection":[{"href":"https:\/\/breeam-nor.byggalliansen.no\/v6\/wp-json\/wp\/v2\/pages"}],"about":[{"href":"https:\/\/breeam-nor.byggalliansen.no\/v6\/wp-json\/wp\/v2\/types\/page"}],"author":[{"embeddable":true,"href":"https:\/\/breeam-nor.byggalliansen.no\/v6\/wp-json\/wp\/v2\/users\/5"}],"replies":[{"embeddable":true,"href":"https:\/\/breeam-nor.byggalliansen.no\/v6\/wp-json\/wp\/v2\/comments?post=4503"}],"version-history":[{"count":2,"href":"https:\/\/breeam-nor.byggalliansen.no\/v6\/wp-json\/wp\/v2\/pages\/4503\/revisions"}],"predecessor-version":[{"id":4523,"href":"https:\/\/breeam-nor.byggalliansen.no\/v6\/wp-json\/wp\/v2\/pages\/4503\/revisions\/4523"}],"up":[{"embeddable":true,"href":"https:\/\/breeam-nor.byggalliansen.no\/v6\/wp-json\/wp\/v2\/pages\/4320"}],"wp:attachment":[{"href":"https:\/\/breeam-nor.byggalliansen.no\/v6\/wp-json\/wp\/v2\/media?parent=4503"}],"wp:term":[{"taxonomy":"category","embeddable":true,"href":"https:\/\/breeam-nor.byggalliansen.no\/v6\/wp-json\/wp\/v2\/categories?post=4503"},{"taxonomy":"connection","embeddable":true,"href":"https:\/\/breeam-nor.byggalliansen.no\/v6\/wp-json\/wp\/v2\/connection?post=4503"}],"curies":[{"name":"wp","href":"https:\/\/api.w.org\/{rel}","templated":true}]}}