{"id":4553,"date":"2025-04-24T14:53:20","date_gmt":"2025-04-24T14:53:20","guid":{"rendered":"https:\/\/breeam-nor.byggalliansen.no\/v6\/?page_id=4553"},"modified":"2025-06-11T07:29:34","modified_gmt":"2025-06-11T07:29:34","slug":"oppfolging-etter-innflytting","status":"publish","type":"page","link":"https:\/\/breeam-nor.byggalliansen.no\/v6\/kategorier-og-emner\/1-ledelse\/man-05-provedrift-og-oppfolging\/oppfolging-etter-innflytting\/","title":{"rendered":"Oppf\u00f8lging etter innflytting"},"content":{"rendered":"\n<ol class=\"wp-block-list\">\n<li>Prosjektgruppen skal planlegge med tilstrekkelige ressurser slik at bygningsbrukerne f\u00e5r oppf\u00f8lgning etter innflytting. Som et minimum skal f\u00f8lgende v\u00e6re ivaretatt:\n<ol style=\"list-style-type:lower-alpha\" class=\"wp-block-list\">\n<li>Det skal gjennomf\u00f8res m\u00f8ter mellom de\/den som er ansvarlig for gjennomf\u00f8ringen av pr\u00f8vedriftsperioden og brukere eller <dfn aria-describedby=\"desc-1749626969148-byl1fv6oh\" data-definition=\"Driftspersonell\">driftspersonell <\/dfn>f\u00f8r innflytting (eller s\u00e5 snart som mulig etter innflytting) for\n<ol style=\"list-style-type:lower-roman\" class=\"wp-block-list\">\n<li><span style=\"font-size: clamp(1rem, 0.9107rem + 0.2857vw, 1.125rem);, sans-serif\">\u00e5 introdusere brukere for tilgjengelig bistand etter innflytting, samt presentere bygningsveiledere og oppl\u00e6ringsplaner dersom disse finnes (se Man 04)<\/span><\/li>\n\n\n\n<li>\u00e5 presentere n\u00f8kkelinformasjon om bygningen, herunder intensjoner med design, og informasjon om hvordan bygget skal driftes s\u00e5 effektivt som mulig.<\/li>\n<\/ol>\n<\/li>\n\n\n\n<li>Det skal utf\u00f8res oppl\u00e6ring p\u00e5 stedet for \u00e5 bli kjent med bygningens tekniske systemer, hvordan de betjenes og hvordan de b\u00f8r brukes<\/li>\n\n\n\n<li><span style=\"font-size: clamp(1rem, 0.9107rem + 0.2857vw, 1.125rem);, sans-serif\">I minimum den f\u00f8rste m\u00e5neden etter innflytting skal det v\u00e6re ukentlig tilstedev\u00e6relse i bygningen for \u00e5 bist\u00e5 bygningsbrukere og\/eller driftspersonell (frekvens p\u00e5 tilstedev\u00e6relse kan \u00f8kes eller reduseres avhengig av byggets kompleksitet).<\/span><\/li>\n\n\n\n<li>Oppf\u00f8lgning skal v\u00e6re tilgjengelig for brukerne i minst de 12 f\u00f8rste m\u00e5nedene etter innflytting, eksempelvis i form av telefonst\u00f8tte, utpekte kontaktpersoner eller andre relevante systemer.<\/li>\n<\/ol>\n<\/li>\n\n\n\n<li>Det finnes n\u00f8dvendig utstyr og driftsressurser til at energi- og vannforbruk kan m\u00e5les i minst 12 m\u00e5neder etter innflytting. Form\u00e5let er \u00e5 analysere avvik mellom reell og beregnet ytelse (se Metode). Systemer eller brukeratferd justeres i henhold til funnene som gj\u00f8res.<\/li>\n<\/ol>\n","protected":false},"excerpt":{"rendered":"","protected":false},"author":5,"featured_media":0,"parent":4322,"menu_order":0,"comment_status":"closed","ping_status":"closed","template":"","meta":{"_acf_changed":false,"footnotes":""},"categories":[1],"connection":[67],"class_list":["post-4553","page","type-page","status-publish","hentry","category-kriterier","connection-1-5-1"],"acf":[],"yoast_head":"<!-- This site is optimized with the Yoast SEO plugin v25.4 - https:\/\/yoast.com\/wordpress\/plugins\/seo\/ -->\n<title>Oppf\u00f8lging etter innflytting - BREEAM-NOR<\/title>\n<meta name=\"robots\" content=\"index, follow, max-snippet:-1, max-image-preview:large, max-video-preview:-1\" \/>\n<link rel=\"canonical\" href=\"https:\/\/breeam-nor.byggalliansen.no\/v6\/kategorier-og-emner\/1-ledelse\/man-05-provedrift-og-oppfolging\/oppfolging-etter-innflytting\/\" \/>\n<meta property=\"og:locale\" content=\"nb_NO\" \/>\n<meta property=\"og:type\" content=\"article\" \/>\n<meta property=\"og:title\" content=\"Oppf\u00f8lging etter innflytting - BREEAM-NOR\" \/>\n<meta property=\"og:url\" content=\"https:\/\/breeam-nor.byggalliansen.no\/v6\/kategorier-og-emner\/1-ledelse\/man-05-provedrift-og-oppfolging\/oppfolging-etter-innflytting\/\" \/>\n<meta property=\"og:site_name\" content=\"BREEAM-NOR\" \/>\n<meta property=\"article:modified_time\" content=\"2025-06-11T07:29:34+00:00\" \/>\n<meta name=\"twitter:card\" content=\"summary_large_image\" \/>\n<meta name=\"twitter:label1\" content=\"Ansl. lesetid\" \/>\n\t<meta name=\"twitter:data1\" content=\"2 minutter\" \/>\n<script type=\"application\/ld+json\" class=\"yoast-schema-graph\">{\"@context\":\"https:\/\/schema.org\",\"@graph\":[{\"@type\":\"WebPage\",\"@id\":\"https:\/\/breeam-nor.byggalliansen.no\/v6\/kategorier-og-emner\/1-ledelse\/man-05-provedrift-og-oppfolging\/oppfolging-etter-innflytting\/\",\"url\":\"https:\/\/breeam-nor.byggalliansen.no\/v6\/kategorier-og-emner\/1-ledelse\/man-05-provedrift-og-oppfolging\/oppfolging-etter-innflytting\/\",\"name\":\"Oppf\u00f8lging etter innflytting - BREEAM-NOR\",\"isPartOf\":{\"@id\":\"https:\/\/breeam-nor.byggalliansen.no\/v6\/#website\"},\"datePublished\":\"2025-04-24T14:53:20+00:00\",\"dateModified\":\"2025-06-11T07:29:34+00:00\",\"breadcrumb\":{\"@id\":\"https:\/\/breeam-nor.byggalliansen.no\/v6\/kategorier-og-emner\/1-ledelse\/man-05-provedrift-og-oppfolging\/oppfolging-etter-innflytting\/#breadcrumb\"},\"inLanguage\":\"nb-NO\",\"potentialAction\":[{\"@type\":\"ReadAction\",\"target\":[\"https:\/\/breeam-nor.byggalliansen.no\/v6\/kategorier-og-emner\/1-ledelse\/man-05-provedrift-og-oppfolging\/oppfolging-etter-innflytting\/\"]}]},{\"@type\":\"BreadcrumbList\",\"@id\":\"https:\/\/breeam-nor.byggalliansen.no\/v6\/kategorier-og-emner\/1-ledelse\/man-05-provedrift-og-oppfolging\/oppfolging-etter-innflytting\/#breadcrumb\",\"itemListElement\":[{\"@type\":\"ListItem\",\"position\":1,\"name\":\"BREEAM-NOR\",\"item\":\"https:\/\/breeam-nor.byggalliansen.no\/v6\/\"},{\"@type\":\"ListItem\",\"position\":2,\"name\":\"Kategorier og emner\",\"item\":\"https:\/\/breeam-nor.byggalliansen.no\/v6\/kategorier-og-emner\/\"},{\"@type\":\"ListItem\",\"position\":3,\"name\":\"Ledelse\",\"item\":\"http:\/\/breeam-nor.byggalliansen.no\/v6\/kategorier-og-emner\/1-ledelse\/\"},{\"@type\":\"ListItem\",\"position\":4,\"name\":\"Man 05 Pr\u00f8vedrift og oppf\u00f8lging\",\"item\":\"https:\/\/breeam-nor.byggalliansen.no\/v6\/kategorier-og-emner\/1-ledelse\/man-05-provedrift-og-oppfolging\/\"},{\"@type\":\"ListItem\",\"position\":5,\"name\":\"Oppf\u00f8lging etter innflytting\"}]},{\"@type\":\"WebSite\",\"@id\":\"https:\/\/breeam-nor.byggalliansen.no\/v6\/#website\",\"url\":\"https:\/\/breeam-nor.byggalliansen.no\/v6\/\",\"name\":\"BREEAM-NOR\",\"description\":\"Versjon 6.1.1, 2024\",\"potentialAction\":[{\"@type\":\"SearchAction\",\"target\":{\"@type\":\"EntryPoint\",\"urlTemplate\":\"https:\/\/breeam-nor.byggalliansen.no\/v6\/?s={search_term_string}\"},\"query-input\":{\"@type\":\"PropertyValueSpecification\",\"valueRequired\":true,\"valueName\":\"search_term_string\"}}],\"inLanguage\":\"nb-NO\"}]}<\/script>\n<!-- \/ Yoast SEO plugin. -->","yoast_head_json":{"title":"Oppf\u00f8lging etter innflytting - BREEAM-NOR","robots":{"index":"index","follow":"follow","max-snippet":"max-snippet:-1","max-image-preview":"max-image-preview:large","max-video-preview":"max-video-preview:-1"},"canonical":"https:\/\/breeam-nor.byggalliansen.no\/v6\/kategorier-og-emner\/1-ledelse\/man-05-provedrift-og-oppfolging\/oppfolging-etter-innflytting\/","og_locale":"nb_NO","og_type":"article","og_title":"Oppf\u00f8lging etter innflytting - BREEAM-NOR","og_url":"https:\/\/breeam-nor.byggalliansen.no\/v6\/kategorier-og-emner\/1-ledelse\/man-05-provedrift-og-oppfolging\/oppfolging-etter-innflytting\/","og_site_name":"BREEAM-NOR","article_modified_time":"2025-06-11T07:29:34+00:00","twitter_card":"summary_large_image","twitter_misc":{"Ansl. lesetid":"2 minutter"},"schema":{"@context":"https:\/\/schema.org","@graph":[{"@type":"WebPage","@id":"https:\/\/breeam-nor.byggalliansen.no\/v6\/kategorier-og-emner\/1-ledelse\/man-05-provedrift-og-oppfolging\/oppfolging-etter-innflytting\/","url":"https:\/\/breeam-nor.byggalliansen.no\/v6\/kategorier-og-emner\/1-ledelse\/man-05-provedrift-og-oppfolging\/oppfolging-etter-innflytting\/","name":"Oppf\u00f8lging etter innflytting - BREEAM-NOR","isPartOf":{"@id":"https:\/\/breeam-nor.byggalliansen.no\/v6\/#website"},"datePublished":"2025-04-24T14:53:20+00:00","dateModified":"2025-06-11T07:29:34+00:00","breadcrumb":{"@id":"https:\/\/breeam-nor.byggalliansen.no\/v6\/kategorier-og-emner\/1-ledelse\/man-05-provedrift-og-oppfolging\/oppfolging-etter-innflytting\/#breadcrumb"},"inLanguage":"nb-NO","potentialAction":[{"@type":"ReadAction","target":["https:\/\/breeam-nor.byggalliansen.no\/v6\/kategorier-og-emner\/1-ledelse\/man-05-provedrift-og-oppfolging\/oppfolging-etter-innflytting\/"]}]},{"@type":"BreadcrumbList","@id":"https:\/\/breeam-nor.byggalliansen.no\/v6\/kategorier-og-emner\/1-ledelse\/man-05-provedrift-og-oppfolging\/oppfolging-etter-innflytting\/#breadcrumb","itemListElement":[{"@type":"ListItem","position":1,"name":"BREEAM-NOR","item":"https:\/\/breeam-nor.byggalliansen.no\/v6\/"},{"@type":"ListItem","position":2,"name":"Kategorier og emner","item":"https:\/\/breeam-nor.byggalliansen.no\/v6\/kategorier-og-emner\/"},{"@type":"ListItem","position":3,"name":"Ledelse","item":"http:\/\/breeam-nor.byggalliansen.no\/v6\/kategorier-og-emner\/1-ledelse\/"},{"@type":"ListItem","position":4,"name":"Man 05 Pr\u00f8vedrift og oppf\u00f8lging","item":"https:\/\/breeam-nor.byggalliansen.no\/v6\/kategorier-og-emner\/1-ledelse\/man-05-provedrift-og-oppfolging\/"},{"@type":"ListItem","position":5,"name":"Oppf\u00f8lging etter innflytting"}]},{"@type":"WebSite","@id":"https:\/\/breeam-nor.byggalliansen.no\/v6\/#website","url":"https:\/\/breeam-nor.byggalliansen.no\/v6\/","name":"BREEAM-NOR","description":"Versjon 6.1.1, 2024","potentialAction":[{"@type":"SearchAction","target":{"@type":"EntryPoint","urlTemplate":"https:\/\/breeam-nor.byggalliansen.no\/v6\/?s={search_term_string}"},"query-input":{"@type":"PropertyValueSpecification","valueRequired":true,"valueName":"search_term_string"}}],"inLanguage":"nb-NO"}]}},"_links":{"self":[{"href":"https:\/\/breeam-nor.byggalliansen.no\/v6\/wp-json\/wp\/v2\/pages\/4553","targetHints":{"allow":["GET"]}}],"collection":[{"href":"https:\/\/breeam-nor.byggalliansen.no\/v6\/wp-json\/wp\/v2\/pages"}],"about":[{"href":"https:\/\/breeam-nor.byggalliansen.no\/v6\/wp-json\/wp\/v2\/types\/page"}],"author":[{"embeddable":true,"href":"https:\/\/breeam-nor.byggalliansen.no\/v6\/wp-json\/wp\/v2\/users\/5"}],"replies":[{"embeddable":true,"href":"https:\/\/breeam-nor.byggalliansen.no\/v6\/wp-json\/wp\/v2\/comments?post=4553"}],"version-history":[{"count":3,"href":"https:\/\/breeam-nor.byggalliansen.no\/v6\/wp-json\/wp\/v2\/pages\/4553\/revisions"}],"predecessor-version":[{"id":5761,"href":"https:\/\/breeam-nor.byggalliansen.no\/v6\/wp-json\/wp\/v2\/pages\/4553\/revisions\/5761"}],"up":[{"embeddable":true,"href":"https:\/\/breeam-nor.byggalliansen.no\/v6\/wp-json\/wp\/v2\/pages\/4322"}],"wp:attachment":[{"href":"https:\/\/breeam-nor.byggalliansen.no\/v6\/wp-json\/wp\/v2\/media?parent=4553"}],"wp:term":[{"taxonomy":"category","embeddable":true,"href":"https:\/\/breeam-nor.byggalliansen.no\/v6\/wp-json\/wp\/v2\/categories?post=4553"},{"taxonomy":"connection","embeddable":true,"href":"https:\/\/breeam-nor.byggalliansen.no\/v6\/wp-json\/wp\/v2\/connection?post=4553"}],"curies":[{"name":"wp","href":"https:\/\/api.w.org\/{rel}","templated":true}]}}