{"id":4715,"date":"2025-04-28T14:29:10","date_gmt":"2025-04-28T14:29:10","guid":{"rendered":"https:\/\/breeam-nor.byggalliansen.no\/v6\/?page_id=4715"},"modified":"2025-06-06T07:58:57","modified_gmt":"2025-06-06T07:58:57","slug":"biofilisk-design","status":"publish","type":"page","link":"https:\/\/breeam-nor.byggalliansen.no\/v6\/kategorier-og-emner\/helse-og-innemiljo\/hea-06-trygge-og-sunne-omgivelser\/biofilisk-design\/","title":{"rendered":"Biofilisk design"},"content":{"rendered":"\n<ol start=\"6\" class=\"wp-block-list\">\n<li>Prosjektet har, senest i l\u00f8pet av steg 3, gjennomf\u00f8rt en forstudie (se metode) om <dfn aria-describedby=\"desc-1745850487033-tflu2u2yt\" data-definition=\"Biofilisk design\">biofilisk design<\/dfn>. Minimum fem ulike elementer av biofiliske designelementer er inkludert i den endelige utformingen av bygget (se Metode).<\/li>\n\n\n\n<li>Biofiliske designelementer er implementert gjennomg\u00e5ende i bygningen og bidrar til \u00e5 p\u00e5virke <dfn aria-describedby=\"desc-1745850517438-p0ntdjxw6\" data-definition=\"Brukernes helse og velv\u00e6re\">brukernes helse og velv\u00e6re<\/dfn> positivt. Kriteriene i Tabell Hea 06-01 er oppfylt (se Metode).<\/li>\n<\/ol>\n\n\n\n<h5 class=\"wp-block-heading\">Tabell Hea 06-01 Kriterier for antall og type biofiliske elementer<\/h5>\n\n\n\n<figure class=\"wp-block-table\"><table class=\"has-fixed-layout\"><thead><tr><th><strong>Krav til biofiliske elementer<\/strong><\/th><th><strong>1 poeng<\/strong><\/th><th><strong>M\u00f8nstergyldig niv\u00e5<\/strong><\/th><\/tr><\/thead><tbody><tr><td>Antall elementer integrert i bygningen<\/td><td>5<\/td><td>10<\/td><\/tr><tr><td>Antall elementer per kategori integrert i bygningen<\/td><td>Minst 1<\/td><td>Minst 2<\/td><\/tr><tr><td>Antall elementer som kan oppleves direkte i 80% av oppholdsarealet<\/td><td>Minst 2<\/td><td>Minst 4<\/td><\/tr><tr><td>Antall elementer som kan oppleves i hver etasje<\/td><td>Minst 3<\/td><td>Minst 6<\/td><\/tr><tr><td>Antall elementer som ikke vanligvis finnes i tilsvarende bygninger av samme type.<\/td><td>1<\/td><td>5<\/td><\/tr><\/tbody><\/table><\/figure>\n","protected":false},"excerpt":{"rendered":"<p>Tabell Hea 06-01 Kriterier for antall og type biofiliske elementer Krav til biofiliske elementer 1 poeng M\u00f8nstergyldig niv\u00e5 Antall elementer integrert i bygningen 5 10 Antall elementer per kategori integrert i bygningen Minst 1 Minst 2 Antall elementer som kan oppleves direkte i 80% av oppholdsarealet Minst 2 Minst 4 Antall elementer som kan oppleves [&hellip;]<\/p>\n","protected":false},"author":5,"featured_media":0,"parent":4345,"menu_order":1,"comment_status":"closed","ping_status":"closed","template":"","meta":{"_acf_changed":false,"footnotes":""},"categories":[1],"connection":[361],"class_list":["post-4715","page","type-page","status-publish","hentry","category-kriterier","connection-2-6-2"],"acf":[],"yoast_head":"<!-- This site is optimized with the Yoast SEO plugin v25.4 - https:\/\/yoast.com\/wordpress\/plugins\/seo\/ -->\n<title>Biofilisk design - BREEAM-NOR<\/title>\n<meta name=\"robots\" content=\"index, follow, max-snippet:-1, max-image-preview:large, max-video-preview:-1\" \/>\n<link rel=\"canonical\" href=\"http:\/\/breeam-nor.byggalliansen.no\/v6\/kategorier-og-emner\/helse-og-innemiljo\/hea-06-trygge-og-sunne-omgivelser\/biofilisk-design\/\" \/>\n<meta property=\"og:locale\" content=\"nb_NO\" \/>\n<meta property=\"og:type\" content=\"article\" \/>\n<meta property=\"og:title\" content=\"Biofilisk design - BREEAM-NOR\" \/>\n<meta property=\"og:description\" content=\"Tabell Hea 06-01 Kriterier for antall og type biofiliske elementer Krav til biofiliske elementer 1 poeng M\u00f8nstergyldig niv\u00e5 Antall elementer integrert i bygningen 5 10 Antall elementer per kategori integrert i bygningen Minst 1 Minst 2 Antall elementer som kan oppleves direkte i 80% av oppholdsarealet Minst 2 Minst 4 Antall elementer som kan oppleves [&hellip;]\" \/>\n<meta property=\"og:url\" content=\"http:\/\/breeam-nor.byggalliansen.no\/v6\/kategorier-og-emner\/helse-og-innemiljo\/hea-06-trygge-og-sunne-omgivelser\/biofilisk-design\/\" \/>\n<meta property=\"og:site_name\" content=\"BREEAM-NOR\" \/>\n<meta property=\"article:modified_time\" content=\"2025-06-06T07:58:57+00:00\" \/>\n<meta name=\"twitter:card\" content=\"summary_large_image\" \/>\n<meta name=\"twitter:label1\" content=\"Ansl. lesetid\" \/>\n\t<meta name=\"twitter:data1\" content=\"1 minutt\" \/>\n<script type=\"application\/ld+json\" class=\"yoast-schema-graph\">{\"@context\":\"https:\/\/schema.org\",\"@graph\":[{\"@type\":\"WebPage\",\"@id\":\"http:\/\/breeam-nor.byggalliansen.no\/v6\/kategorier-og-emner\/helse-og-innemiljo\/hea-06-trygge-og-sunne-omgivelser\/biofilisk-design\/\",\"url\":\"http:\/\/breeam-nor.byggalliansen.no\/v6\/kategorier-og-emner\/helse-og-innemiljo\/hea-06-trygge-og-sunne-omgivelser\/biofilisk-design\/\",\"name\":\"Biofilisk design - BREEAM-NOR\",\"isPartOf\":{\"@id\":\"https:\/\/breeam-nor.byggalliansen.no\/v6\/#website\"},\"datePublished\":\"2025-04-28T14:29:10+00:00\",\"dateModified\":\"2025-06-06T07:58:57+00:00\",\"breadcrumb\":{\"@id\":\"http:\/\/breeam-nor.byggalliansen.no\/v6\/kategorier-og-emner\/helse-og-innemiljo\/hea-06-trygge-og-sunne-omgivelser\/biofilisk-design\/#breadcrumb\"},\"inLanguage\":\"nb-NO\",\"potentialAction\":[{\"@type\":\"ReadAction\",\"target\":[\"http:\/\/breeam-nor.byggalliansen.no\/v6\/kategorier-og-emner\/helse-og-innemiljo\/hea-06-trygge-og-sunne-omgivelser\/biofilisk-design\/\"]}]},{\"@type\":\"BreadcrumbList\",\"@id\":\"http:\/\/breeam-nor.byggalliansen.no\/v6\/kategorier-og-emner\/helse-og-innemiljo\/hea-06-trygge-og-sunne-omgivelser\/biofilisk-design\/#breadcrumb\",\"itemListElement\":[{\"@type\":\"ListItem\",\"position\":1,\"name\":\"BREEAM-NOR\",\"item\":\"https:\/\/breeam-nor.byggalliansen.no\/v6\/\"},{\"@type\":\"ListItem\",\"position\":2,\"name\":\"Kategorier og emner\",\"item\":\"https:\/\/breeam-nor.byggalliansen.no\/v6\/kategorier-og-emner\/\"},{\"@type\":\"ListItem\",\"position\":3,\"name\":\"Helse og innemilj\u00f8\",\"item\":\"https:\/\/breeam-nor.byggalliansen.no\/v6\/kategorier-og-emner\/helse-og-innemiljo\/\"},{\"@type\":\"ListItem\",\"position\":4,\"name\":\"Hea 06 Trygge og sunne omgivelser\u00a0\",\"item\":\"http:\/\/breeam-nor.byggalliansen.no\/v6\/kategorier-og-emner\/helse-og-innemiljo\/hea-06-trygge-og-sunne-omgivelser\/\"},{\"@type\":\"ListItem\",\"position\":5,\"name\":\"Biofilisk design\"}]},{\"@type\":\"WebSite\",\"@id\":\"https:\/\/breeam-nor.byggalliansen.no\/v6\/#website\",\"url\":\"https:\/\/breeam-nor.byggalliansen.no\/v6\/\",\"name\":\"BREEAM-NOR\",\"description\":\"Versjon 6.1.1, 2024\",\"potentialAction\":[{\"@type\":\"SearchAction\",\"target\":{\"@type\":\"EntryPoint\",\"urlTemplate\":\"https:\/\/breeam-nor.byggalliansen.no\/v6\/?s={search_term_string}\"},\"query-input\":{\"@type\":\"PropertyValueSpecification\",\"valueRequired\":true,\"valueName\":\"search_term_string\"}}],\"inLanguage\":\"nb-NO\"}]}<\/script>\n<!-- \/ Yoast SEO plugin. -->","yoast_head_json":{"title":"Biofilisk design - BREEAM-NOR","robots":{"index":"index","follow":"follow","max-snippet":"max-snippet:-1","max-image-preview":"max-image-preview:large","max-video-preview":"max-video-preview:-1"},"canonical":"http:\/\/breeam-nor.byggalliansen.no\/v6\/kategorier-og-emner\/helse-og-innemiljo\/hea-06-trygge-og-sunne-omgivelser\/biofilisk-design\/","og_locale":"nb_NO","og_type":"article","og_title":"Biofilisk design - BREEAM-NOR","og_description":"Tabell Hea 06-01 Kriterier for antall og type biofiliske elementer Krav til biofiliske elementer 1 poeng M\u00f8nstergyldig niv\u00e5 Antall elementer integrert i bygningen 5 10 Antall elementer per kategori integrert i bygningen Minst 1 Minst 2 Antall elementer som kan oppleves direkte i 80% av oppholdsarealet Minst 2 Minst 4 Antall elementer som kan oppleves [&hellip;]","og_url":"http:\/\/breeam-nor.byggalliansen.no\/v6\/kategorier-og-emner\/helse-og-innemiljo\/hea-06-trygge-og-sunne-omgivelser\/biofilisk-design\/","og_site_name":"BREEAM-NOR","article_modified_time":"2025-06-06T07:58:57+00:00","twitter_card":"summary_large_image","twitter_misc":{"Ansl. lesetid":"1 minutt"},"schema":{"@context":"https:\/\/schema.org","@graph":[{"@type":"WebPage","@id":"http:\/\/breeam-nor.byggalliansen.no\/v6\/kategorier-og-emner\/helse-og-innemiljo\/hea-06-trygge-og-sunne-omgivelser\/biofilisk-design\/","url":"http:\/\/breeam-nor.byggalliansen.no\/v6\/kategorier-og-emner\/helse-og-innemiljo\/hea-06-trygge-og-sunne-omgivelser\/biofilisk-design\/","name":"Biofilisk design - BREEAM-NOR","isPartOf":{"@id":"https:\/\/breeam-nor.byggalliansen.no\/v6\/#website"},"datePublished":"2025-04-28T14:29:10+00:00","dateModified":"2025-06-06T07:58:57+00:00","breadcrumb":{"@id":"http:\/\/breeam-nor.byggalliansen.no\/v6\/kategorier-og-emner\/helse-og-innemiljo\/hea-06-trygge-og-sunne-omgivelser\/biofilisk-design\/#breadcrumb"},"inLanguage":"nb-NO","potentialAction":[{"@type":"ReadAction","target":["http:\/\/breeam-nor.byggalliansen.no\/v6\/kategorier-og-emner\/helse-og-innemiljo\/hea-06-trygge-og-sunne-omgivelser\/biofilisk-design\/"]}]},{"@type":"BreadcrumbList","@id":"http:\/\/breeam-nor.byggalliansen.no\/v6\/kategorier-og-emner\/helse-og-innemiljo\/hea-06-trygge-og-sunne-omgivelser\/biofilisk-design\/#breadcrumb","itemListElement":[{"@type":"ListItem","position":1,"name":"BREEAM-NOR","item":"https:\/\/breeam-nor.byggalliansen.no\/v6\/"},{"@type":"ListItem","position":2,"name":"Kategorier og emner","item":"https:\/\/breeam-nor.byggalliansen.no\/v6\/kategorier-og-emner\/"},{"@type":"ListItem","position":3,"name":"Helse og innemilj\u00f8","item":"https:\/\/breeam-nor.byggalliansen.no\/v6\/kategorier-og-emner\/helse-og-innemiljo\/"},{"@type":"ListItem","position":4,"name":"Hea 06 Trygge og sunne omgivelser\u00a0","item":"http:\/\/breeam-nor.byggalliansen.no\/v6\/kategorier-og-emner\/helse-og-innemiljo\/hea-06-trygge-og-sunne-omgivelser\/"},{"@type":"ListItem","position":5,"name":"Biofilisk design"}]},{"@type":"WebSite","@id":"https:\/\/breeam-nor.byggalliansen.no\/v6\/#website","url":"https:\/\/breeam-nor.byggalliansen.no\/v6\/","name":"BREEAM-NOR","description":"Versjon 6.1.1, 2024","potentialAction":[{"@type":"SearchAction","target":{"@type":"EntryPoint","urlTemplate":"https:\/\/breeam-nor.byggalliansen.no\/v6\/?s={search_term_string}"},"query-input":{"@type":"PropertyValueSpecification","valueRequired":true,"valueName":"search_term_string"}}],"inLanguage":"nb-NO"}]}},"_links":{"self":[{"href":"https:\/\/breeam-nor.byggalliansen.no\/v6\/wp-json\/wp\/v2\/pages\/4715","targetHints":{"allow":["GET"]}}],"collection":[{"href":"https:\/\/breeam-nor.byggalliansen.no\/v6\/wp-json\/wp\/v2\/pages"}],"about":[{"href":"https:\/\/breeam-nor.byggalliansen.no\/v6\/wp-json\/wp\/v2\/types\/page"}],"author":[{"embeddable":true,"href":"https:\/\/breeam-nor.byggalliansen.no\/v6\/wp-json\/wp\/v2\/users\/5"}],"replies":[{"embeddable":true,"href":"https:\/\/breeam-nor.byggalliansen.no\/v6\/wp-json\/wp\/v2\/comments?post=4715"}],"version-history":[{"count":2,"href":"https:\/\/breeam-nor.byggalliansen.no\/v6\/wp-json\/wp\/v2\/pages\/4715\/revisions"}],"predecessor-version":[{"id":4728,"href":"https:\/\/breeam-nor.byggalliansen.no\/v6\/wp-json\/wp\/v2\/pages\/4715\/revisions\/4728"}],"up":[{"embeddable":true,"href":"https:\/\/breeam-nor.byggalliansen.no\/v6\/wp-json\/wp\/v2\/pages\/4345"}],"wp:attachment":[{"href":"https:\/\/breeam-nor.byggalliansen.no\/v6\/wp-json\/wp\/v2\/media?parent=4715"}],"wp:term":[{"taxonomy":"category","embeddable":true,"href":"https:\/\/breeam-nor.byggalliansen.no\/v6\/wp-json\/wp\/v2\/categories?post=4715"},{"taxonomy":"connection","embeddable":true,"href":"https:\/\/breeam-nor.byggalliansen.no\/v6\/wp-json\/wp\/v2\/connection?post=4715"}],"curies":[{"name":"wp","href":"https:\/\/api.w.org\/{rel}","templated":true}]}}