{"id":5125,"date":"2025-05-02T13:40:47","date_gmt":"2025-05-02T13:40:47","guid":{"rendered":"https:\/\/breeam-nor.byggalliansen.no\/v6\/?page_id=5125"},"modified":"2025-08-21T07:47:51","modified_gmt":"2025-08-21T07:47:51","slug":"ombrukskartlegging-og-ombruk-av-eksisterende-konstruksjoner","status":"publish","type":"page","link":"https:\/\/breeam-nor.byggalliansen.no\/v6\/kategorier-og-emner\/materialer\/mat-06-materialeffektivitet-og-ombruk\/ombrukskartlegging-og-ombruk-av-eksisterende-konstruksjoner\/","title":{"rendered":"Ombrukskartlegging og ombruk av eksisterende konstruksjoner"},"content":{"rendered":"\n<ol start=\"1\" class=\"wp-block-list\">\n<li>Dersom dette finnes p\u00e5 utbyggingsomr\u00e5det, skal det gjennomf\u00f8res en ombrukskartlegging av eksisterende bygninger, konstruksjoner eller <dfn aria-describedby=\"desc-1747309500735-3amos5o2t\" data-definition=\"Harde flater\">harde flater<\/dfn> som vurderes \u00e5 rives. Ombrukskartleggingen skal gjennomf\u00f8res av en <dfn aria-describedby=\"desc-1747217542500-klv07ilvb\" data-definition=\"Kvalifisert person\">kvalifisert person<\/dfn> i god tid f\u00f8r demontering eller rivning. Se Metode for minimumskrav til innhold og omfang av ombrukskartleggingen.&nbsp;<\/li>\n\n\n\n<li>Minimum 10 av punktene med anbefalinger for ombruk i ombrukskartleggingen gjennomf\u00f8res. Dette kan v\u00e6re b\u00e5de interne og eksterne anbefalinger.&nbsp;<\/li>\n\n\n\n<li>Innenfor minst 5 av produktgruppene, kartlagt i den eksisterende bygningen, p\u00e5 niv\u00e5 3 eller 4 i NS 3451:2022 \u2013 Bygningsdelstabell, del 2\u20137, benyttes brukte bygningskomponenter (se Metode) i den nye bygningen.&nbsp;&nbsp;<\/li>\n<\/ol>\n","protected":false},"excerpt":{"rendered":"","protected":false},"author":6,"featured_media":0,"parent":5029,"menu_order":0,"comment_status":"closed","ping_status":"closed","template":"","meta":{"_acf_changed":false,"footnotes":""},"categories":[],"connection":[402],"class_list":["post-5125","page","type-page","status-publish","hentry","connection-6-6-1"],"acf":[],"yoast_head":"<!-- This site is optimized with the Yoast SEO plugin v25.4 - https:\/\/yoast.com\/wordpress\/plugins\/seo\/ -->\n<title>Ombrukskartlegging og ombruk av eksisterende konstruksjoner - BREEAM-NOR<\/title>\n<meta name=\"robots\" content=\"index, follow, max-snippet:-1, max-image-preview:large, max-video-preview:-1\" \/>\n<link rel=\"canonical\" href=\"https:\/\/breeam-nor.byggalliansen.no\/v6\/kategorier-og-emner\/materialer\/mat-06-materialeffektivitet-og-ombruk\/ombrukskartlegging-og-ombruk-av-eksisterende-konstruksjoner\/\" \/>\n<meta property=\"og:locale\" content=\"nb_NO\" \/>\n<meta property=\"og:type\" content=\"article\" \/>\n<meta property=\"og:title\" content=\"Ombrukskartlegging og ombruk av eksisterende konstruksjoner - BREEAM-NOR\" \/>\n<meta property=\"og:url\" content=\"https:\/\/breeam-nor.byggalliansen.no\/v6\/kategorier-og-emner\/materialer\/mat-06-materialeffektivitet-og-ombruk\/ombrukskartlegging-og-ombruk-av-eksisterende-konstruksjoner\/\" \/>\n<meta property=\"og:site_name\" content=\"BREEAM-NOR\" \/>\n<meta property=\"article:modified_time\" content=\"2025-08-21T07:47:51+00:00\" \/>\n<meta name=\"twitter:card\" content=\"summary_large_image\" \/>\n<meta name=\"twitter:label1\" content=\"Ansl. lesetid\" \/>\n\t<meta name=\"twitter:data1\" content=\"1 minutt\" \/>\n<script type=\"application\/ld+json\" class=\"yoast-schema-graph\">{\"@context\":\"https:\/\/schema.org\",\"@graph\":[{\"@type\":\"WebPage\",\"@id\":\"https:\/\/breeam-nor.byggalliansen.no\/v6\/kategorier-og-emner\/materialer\/mat-06-materialeffektivitet-og-ombruk\/ombrukskartlegging-og-ombruk-av-eksisterende-konstruksjoner\/\",\"url\":\"https:\/\/breeam-nor.byggalliansen.no\/v6\/kategorier-og-emner\/materialer\/mat-06-materialeffektivitet-og-ombruk\/ombrukskartlegging-og-ombruk-av-eksisterende-konstruksjoner\/\",\"name\":\"Ombrukskartlegging og ombruk av eksisterende konstruksjoner - BREEAM-NOR\",\"isPartOf\":{\"@id\":\"https:\/\/breeam-nor.byggalliansen.no\/v6\/#website\"},\"datePublished\":\"2025-05-02T13:40:47+00:00\",\"dateModified\":\"2025-08-21T07:47:51+00:00\",\"breadcrumb\":{\"@id\":\"https:\/\/breeam-nor.byggalliansen.no\/v6\/kategorier-og-emner\/materialer\/mat-06-materialeffektivitet-og-ombruk\/ombrukskartlegging-og-ombruk-av-eksisterende-konstruksjoner\/#breadcrumb\"},\"inLanguage\":\"nb-NO\",\"potentialAction\":[{\"@type\":\"ReadAction\",\"target\":[\"https:\/\/breeam-nor.byggalliansen.no\/v6\/kategorier-og-emner\/materialer\/mat-06-materialeffektivitet-og-ombruk\/ombrukskartlegging-og-ombruk-av-eksisterende-konstruksjoner\/\"]}]},{\"@type\":\"BreadcrumbList\",\"@id\":\"https:\/\/breeam-nor.byggalliansen.no\/v6\/kategorier-og-emner\/materialer\/mat-06-materialeffektivitet-og-ombruk\/ombrukskartlegging-og-ombruk-av-eksisterende-konstruksjoner\/#breadcrumb\",\"itemListElement\":[{\"@type\":\"ListItem\",\"position\":1,\"name\":\"BREEAM-NOR\",\"item\":\"https:\/\/breeam-nor.byggalliansen.no\/v6\/\"},{\"@type\":\"ListItem\",\"position\":2,\"name\":\"Kategorier og emner\",\"item\":\"https:\/\/breeam-nor.byggalliansen.no\/v6\/kategorier-og-emner\/\"},{\"@type\":\"ListItem\",\"position\":3,\"name\":\"Materialer\",\"item\":\"https:\/\/breeam-nor.byggalliansen.no\/v6\/kategorier-og-emner\/materialer\/\"},{\"@type\":\"ListItem\",\"position\":4,\"name\":\"Mat 06 Materialeffektivitet og ombruk\u00a0\",\"item\":\"https:\/\/breeam-nor.byggalliansen.no\/v6\/kategorier-og-emner\/materialer\/mat-06-materialeffektivitet-og-ombruk\/\"},{\"@type\":\"ListItem\",\"position\":5,\"name\":\"Ombrukskartlegging og ombruk av eksisterende konstruksjoner\"}]},{\"@type\":\"WebSite\",\"@id\":\"https:\/\/breeam-nor.byggalliansen.no\/v6\/#website\",\"url\":\"https:\/\/breeam-nor.byggalliansen.no\/v6\/\",\"name\":\"BREEAM-NOR\",\"description\":\"Versjon 6.1.1, 2024\",\"potentialAction\":[{\"@type\":\"SearchAction\",\"target\":{\"@type\":\"EntryPoint\",\"urlTemplate\":\"https:\/\/breeam-nor.byggalliansen.no\/v6\/?s={search_term_string}\"},\"query-input\":{\"@type\":\"PropertyValueSpecification\",\"valueRequired\":true,\"valueName\":\"search_term_string\"}}],\"inLanguage\":\"nb-NO\"}]}<\/script>\n<!-- \/ Yoast SEO plugin. -->","yoast_head_json":{"title":"Ombrukskartlegging og ombruk av eksisterende konstruksjoner - BREEAM-NOR","robots":{"index":"index","follow":"follow","max-snippet":"max-snippet:-1","max-image-preview":"max-image-preview:large","max-video-preview":"max-video-preview:-1"},"canonical":"https:\/\/breeam-nor.byggalliansen.no\/v6\/kategorier-og-emner\/materialer\/mat-06-materialeffektivitet-og-ombruk\/ombrukskartlegging-og-ombruk-av-eksisterende-konstruksjoner\/","og_locale":"nb_NO","og_type":"article","og_title":"Ombrukskartlegging og ombruk av eksisterende konstruksjoner - BREEAM-NOR","og_url":"https:\/\/breeam-nor.byggalliansen.no\/v6\/kategorier-og-emner\/materialer\/mat-06-materialeffektivitet-og-ombruk\/ombrukskartlegging-og-ombruk-av-eksisterende-konstruksjoner\/","og_site_name":"BREEAM-NOR","article_modified_time":"2025-08-21T07:47:51+00:00","twitter_card":"summary_large_image","twitter_misc":{"Ansl. lesetid":"1 minutt"},"schema":{"@context":"https:\/\/schema.org","@graph":[{"@type":"WebPage","@id":"https:\/\/breeam-nor.byggalliansen.no\/v6\/kategorier-og-emner\/materialer\/mat-06-materialeffektivitet-og-ombruk\/ombrukskartlegging-og-ombruk-av-eksisterende-konstruksjoner\/","url":"https:\/\/breeam-nor.byggalliansen.no\/v6\/kategorier-og-emner\/materialer\/mat-06-materialeffektivitet-og-ombruk\/ombrukskartlegging-og-ombruk-av-eksisterende-konstruksjoner\/","name":"Ombrukskartlegging og ombruk av eksisterende konstruksjoner - BREEAM-NOR","isPartOf":{"@id":"https:\/\/breeam-nor.byggalliansen.no\/v6\/#website"},"datePublished":"2025-05-02T13:40:47+00:00","dateModified":"2025-08-21T07:47:51+00:00","breadcrumb":{"@id":"https:\/\/breeam-nor.byggalliansen.no\/v6\/kategorier-og-emner\/materialer\/mat-06-materialeffektivitet-og-ombruk\/ombrukskartlegging-og-ombruk-av-eksisterende-konstruksjoner\/#breadcrumb"},"inLanguage":"nb-NO","potentialAction":[{"@type":"ReadAction","target":["https:\/\/breeam-nor.byggalliansen.no\/v6\/kategorier-og-emner\/materialer\/mat-06-materialeffektivitet-og-ombruk\/ombrukskartlegging-og-ombruk-av-eksisterende-konstruksjoner\/"]}]},{"@type":"BreadcrumbList","@id":"https:\/\/breeam-nor.byggalliansen.no\/v6\/kategorier-og-emner\/materialer\/mat-06-materialeffektivitet-og-ombruk\/ombrukskartlegging-og-ombruk-av-eksisterende-konstruksjoner\/#breadcrumb","itemListElement":[{"@type":"ListItem","position":1,"name":"BREEAM-NOR","item":"https:\/\/breeam-nor.byggalliansen.no\/v6\/"},{"@type":"ListItem","position":2,"name":"Kategorier og emner","item":"https:\/\/breeam-nor.byggalliansen.no\/v6\/kategorier-og-emner\/"},{"@type":"ListItem","position":3,"name":"Materialer","item":"https:\/\/breeam-nor.byggalliansen.no\/v6\/kategorier-og-emner\/materialer\/"},{"@type":"ListItem","position":4,"name":"Mat 06 Materialeffektivitet og ombruk\u00a0","item":"https:\/\/breeam-nor.byggalliansen.no\/v6\/kategorier-og-emner\/materialer\/mat-06-materialeffektivitet-og-ombruk\/"},{"@type":"ListItem","position":5,"name":"Ombrukskartlegging og ombruk av eksisterende konstruksjoner"}]},{"@type":"WebSite","@id":"https:\/\/breeam-nor.byggalliansen.no\/v6\/#website","url":"https:\/\/breeam-nor.byggalliansen.no\/v6\/","name":"BREEAM-NOR","description":"Versjon 6.1.1, 2024","potentialAction":[{"@type":"SearchAction","target":{"@type":"EntryPoint","urlTemplate":"https:\/\/breeam-nor.byggalliansen.no\/v6\/?s={search_term_string}"},"query-input":{"@type":"PropertyValueSpecification","valueRequired":true,"valueName":"search_term_string"}}],"inLanguage":"nb-NO"}]}},"_links":{"self":[{"href":"https:\/\/breeam-nor.byggalliansen.no\/v6\/wp-json\/wp\/v2\/pages\/5125","targetHints":{"allow":["GET"]}}],"collection":[{"href":"https:\/\/breeam-nor.byggalliansen.no\/v6\/wp-json\/wp\/v2\/pages"}],"about":[{"href":"https:\/\/breeam-nor.byggalliansen.no\/v6\/wp-json\/wp\/v2\/types\/page"}],"author":[{"embeddable":true,"href":"https:\/\/breeam-nor.byggalliansen.no\/v6\/wp-json\/wp\/v2\/users\/6"}],"replies":[{"embeddable":true,"href":"https:\/\/breeam-nor.byggalliansen.no\/v6\/wp-json\/wp\/v2\/comments?post=5125"}],"version-history":[{"count":3,"href":"https:\/\/breeam-nor.byggalliansen.no\/v6\/wp-json\/wp\/v2\/pages\/5125\/revisions"}],"predecessor-version":[{"id":6061,"href":"https:\/\/breeam-nor.byggalliansen.no\/v6\/wp-json\/wp\/v2\/pages\/5125\/revisions\/6061"}],"up":[{"embeddable":true,"href":"https:\/\/breeam-nor.byggalliansen.no\/v6\/wp-json\/wp\/v2\/pages\/5029"}],"wp:attachment":[{"href":"https:\/\/breeam-nor.byggalliansen.no\/v6\/wp-json\/wp\/v2\/media?parent=5125"}],"wp:term":[{"taxonomy":"category","embeddable":true,"href":"https:\/\/breeam-nor.byggalliansen.no\/v6\/wp-json\/wp\/v2\/categories?post=5125"},{"taxonomy":"connection","embeddable":true,"href":"https:\/\/breeam-nor.byggalliansen.no\/v6\/wp-json\/wp\/v2\/connection?post=5125"}],"curies":[{"name":"wp","href":"https:\/\/api.w.org\/{rel}","templated":true}]}}